000
CXUS54 KSJT 011304
CLMABI
CLIMATE REPORT
NATIONAL WEATHER SERVICE SAN ANGELO TX
804 AM CDT MON APR 01 2024
...................................
...THE ABILENE CLIMATE SUMMARY FOR THE MONTH OF MARCH 2024...
CLIMATE NORMAL PERIOD: 1991 TO 2020
CLIMATE RECORD PERIOD: 1886 TO 2024
WEATHER OBSERVED NORMAL DEPART LAST YEAR`S
VALUE DATE(S) VALUE FROM VALUE DATE(S)
NORMAL
................................................................
TEMPERATURE (F)
RECORD
HIGH 98 03/21/1916
LOW 9 03/11/1948
HIGHEST 86 03/13 MM MM 90 03/11
03/22
LOWEST 33 03/10 MM MM 32 03/19
03/26
03/28
AVG. MAXIMUM 72.0 70.9 1.1 70.5
AVG. MINIMUM 47.7 45.3 2.4 47.0
MEAN 59.9 58.1 1.8 58.7
DAYS MAX >= 90 0 0.8 -0.8 2
DAYS MAX <= 32 0 0.1 -0.1 0
DAYS MIN <= 32 0 3.8 -3.8 1
DAYS MIN <= 0 0 0.0 0.0 0
PRECIPITATION (INCHES)
RECORD
MAXIMUM 5.16 1979
MINIMUM 0.00 1904
TOTALS 1.94 1.73 0.21 1.05
DAILY AVG. 0.06 0.06 0.00 0.03
DAYS >= .01 7 5.8 1.2 5
DAYS >= .10 3 3.1 -0.1 3
DAYS >= .50 1 1.2 -0.2 0
DAYS >= 1.00 1 0.4 0.6 0
GREATEST
24 HR. TOTAL 1.42 03/06 TO 03/07
SNOWFALL (INCHES)
RECORDS
TOTAL MM 5
TOTALS 0.0 0.1 -0.1 0.0
SINCE 7/1 T 3.4 -3.4 MM
SNOWDEPTH AVG. 0 0
DAYS >= 1.0 0 0.0 0.0 0
GREATEST
SNOW DEPTH 0 0 MM
24 HR TOTAL MM
DEGREE DAYS
HEATING TOTAL 201 255 -54 230
SINCE 7/1 1935 2212 -277 MM
COOLING TOTAL 50 41 9 46
SINCE 1/1 85 51 34 MM
................................................................
WIND (MPH)
AVERAGE WIND SPEED 10.5
HIGHEST WIND SPEED/DIRECTION 33/170 DATE 03/24
HIGHEST GUST SPEED/DIRECTION 52/170 DATE 03/24
SKY COVER
AVERAGE SKY COVER 0.23
AVERAGE RH (PERCENT) 62
WEATHER CONDITIONS. NUMBER OF DAYS WITH
THUNDERSTORM 7 MIXED PRECIP 0
HEAVY RAIN 1 RAIN 2
LIGHT RAIN 9 FREEZING RAIN 0
LT FREEZING RAIN 0 HAIL 0
HEAVY SNOW 0 SNOW 0
LIGHT SNOW 0 SLEET 0
FOG 7 FOG W/VIS <= 1/4 MILE 2
HAZE 2
- INDICATES NEGATIVE NUMBERS.
R INDICATES RECORD WAS SET OR TIED.
MM INDICATES DATA IS MISSING.
T INDICATES TRACE AMOUNT.
$$