000
CXUS53 KAPX 010656
CLMANJ


CLIMATE REPORT
NATIONAL WEATHER SERVICE GAYLORD MI
256 AM EDT TUE MAY 1 2018

...................................

...THE SAULT STE MARIE MI CLIMATE SUMMARY FOR THE MONTH OF APRIL 2018...

CLIMATE NORMAL PERIOD 1981 TO 2010
CLIMATE RECORD PERIOD 1888 TO 2018

WEATHER         OBSERVED          NORMAL  DEPART  LAST YEAR`S
                 VALUE   DATE(S)  VALUE   FROM    VALUE  DATE(S)
                                          NORMAL
................................................................
TEMPERATURE (F)
RECORD
 HIGH              85   04/25/1990
 LOW              -13   04/01/1923
HIGHEST            68   04/30        MM      MM       67  04/27
LOWEST              9   04/05        MM      MM       27  04/08
                        04/02
AVG. MAXIMUM     42.8              49.4    -6.6     51.2
AVG. MINIMUM     24.4              31.1    -6.7     34.8
MEAN             33.6              40.2    -6.6     43.0
DAYS MAX >= 90      0               0.0     0.0        0
DAYS MAX <= 32      7               1.4     5.6        0
DAYS MIN <= 32     27              16.0    11.0       11
DAYS MIN <= 0       0               0.0     0.0        0

PRECIPITATION (INCHES)
RECORD
 MAXIMUM           MM   MM
 MINIMUM           MM   MM
TOTALS           2.39              2.39    0.00     2.67
DAILY AVG.       0.08              0.08    0.00     0.09
DAYS >= .01        12              10.9     1.1       14
DAYS >= .10         8               6.1     1.9        8
DAYS >= .50         1               1.4    -0.4        1
DAYS >= 1.00        0               0.4    -0.4        0
GREATEST
 24 HR. TOTAL    0.62   04/16 TO 04/16
 STORM TOTAL       MM
 (MM/DD(HH))            MM

SNOWFALL (INCHES)
RECORDS
 TOTAL             MM   MM
TOTALS           27.4               6.7    20.7      0.6
SINCE 7/1       127.8             120.3     7.5    137.5
SNOWDEPTH AVG.     12                MM      MM        1
DAYS >= TRACE      13               4.6     8.4        5
DAYS >= 1.0         9               2.0     7.0        0
GREATEST
 SNOW DEPTH        22   04/17                          7  04/02
                                                          04/01
 24 HR TOTAL      6.7   04/16 TO 04/16               0.5

DEGREE_DAYS
HEATING TOTAL     935               743     192
 SINCE 7/1       7943              8069    -126
COOLING TOTAL       0                 0       0
 SINCE 1/1          0                 0       0

FREEZE DATES
RECORD
 EARLIEST     MM
 LATEST       MM
EARLIEST                        MM
LATEST                          MM
.................................................................

WIND (MPH)
AVERAGE WIND SPEED              7.5
HIGHEST WIND SPEED/DIRECTION    30/300    DATE  04/06
HIGHEST GUST SPEED/DIRECTION    40/090    DATE  04/15

SKY COVER
POSSIBLE SUNSHINE (PERCENT)   MM
AVERAGE SKY COVER           0.40
NUMBER OF DAYS FAIR           14
NUMBER OF DAYS PC              8
NUMBER OF DAYS CLOUDY          6

AVERAGE RH (PERCENT)     62

WEATHER CONDITIONS. NUMBER OF DAYS WITH
  0
  0
  0
  0
  6
  0
  2
HAZE                      9

-  INDICATES NEGATIVE NUMBERS.
R  INDICATES RECORD WAS SET OR TIED.
MM INDICATES DATA IS MISSING.
T  INDICATES TRACE AMOUNT.

$$
