972
CXUS51 KBGM 010937
CLMBGM


CLIMATE REPORT
NATIONAL WEATHER SERVICE BINGHAMTON NY
512 AM EDT TUE MAY 1 2018

...................................

...THE BINGHAMTON NY CLIMATE SUMMARY FOR THE MONTH OF APRIL 2018...

CLIMATE NORMAL PERIOD 1981 TO 2010
CLIMATE RECORD PERIOD 1951 TO 2018

WEATHER         OBSERVED          NORMAL  DEPART  LAST YEAR`S
                 VALUE   DATE(S)  VALUE   FROM    VALUE  DATE(S)
                                          NORMAL
................................................................
TEMPERATURE (F)
RECORD
 HIGH              89   04/27/2009
 LOW                9   04/07/1982
HIGHEST            71   04/13        53      18       79  04/16
LOWEST             18   04/09        35     -17       28  04/08
                                                          04/02
AVG. MAXIMUM     47.3              54.2    -6.9     59.9
AVG. MINIMUM     30.1              35.9    -5.8     40.8
MEAN             38.7              45.1    -6.4     50.3
DAYS MAX >= 90      0               0.0     0.0        0
DAYS MAX <= 32      2               0.5     1.5        0
DAYS MIN <= 32     20               9.9    10.1        6
DAYS MIN <= 0       0               0.0     0.0        0

PRECIPITATION (INCHES)
RECORD
 MAXIMUM         8.57   1983
 MINIMUM         0.73   2001
TOTALS           2.37              3.43   -1.06     5.61
DAILY AVG.       0.08              0.11   -0.03     0.19
DAYS >= .01        18              13.4     4.6       17
DAYS >= .10        10               7.5     2.5       10
DAYS >= .50         1               2.1    -1.1        4
DAYS >= 1.00        0               0.4    -0.4        2
GREATEST
 24 HR. TOTAL    0.57   04/16 TO 04/16

SNOWFALL (INCHES)
RECORDS
 TOTAL           22.9   1983
 24 HR TOTAL     12.7   10/07/5881 TO 10/07/5881
                        04/15/2007 TO 04/16/2007
                        10/07/5881 TO 10/07/5881
 SNOW DEPTH         9   10/07/5881
                        04/17/2007
                        04/16/2007
TOTALS            6.2               4.3     1.9      2.1
SINCE 7/1        90.6              83.3     7.3    135.2
SNOWDEPTH AVG.      0                MM      MM        0
DAYS >= TRACE      18               3.4    14.6        2
DAYS >= 1.0         3               1.0     2.0        1
GREATEST
 SNOW DEPTH         1   04/19                          1  04/07
                        04/18                             04/01
                        04/17
 24 HR TOTAL      1.7   04/06 TO 04/06

DEGREE_DAYS
HEATING TOTAL     753               603     150      435
 SINCE 7/1       6840              6799      41     6160
COOLING TOTAL       0                 4      -4        4
 SINCE 1/1          0                 4      -4        4
.................................................................

WIND (MPH)
AVERAGE WIND SPEED              9.5
RESULTANT WIND SPEED/DIRECTION   3/291
HIGHEST WIND SPEED/DIRECTION    40/270    DATE  04/04
HIGHEST GUST SPEED/DIRECTION    52/280    DATE  04/04

SKY COVER
POSSIBLE SUNSHINE (PERCENT)   MM
AVERAGE SKY COVER           0.60
NUMBER OF DAYS FAIR            4
NUMBER OF DAYS PC             14
NUMBER OF DAYS CLOUDY         12

AVERAGE RH (PERCENT)     69

WEATHER CONDITIONS. NUMBER OF DAYS WITH
THUNDERSTORM         0     MIXED PRECIP           0
HEAVY RAIN           0     RAIN                   4
LIGHT RAIN          12     FREEZING RAIN          0
LT FREEZING RAIN     0     HAIL                   0
HEAVY SNOW           1     SNOW                   5
LIGHT SNOW          17     SLEET                  0
FOG                 20     FOG W/VIS <= 1/4 MILE  4
HAZE                 3

-  INDICATES NEGATIVE NUMBERS.
R  INDICATES RECORD WAS SET OR TIED.
MM INDICATES DATA IS MISSING.
T  INDICATES TRACE AMOUNT.

&&
2ND COLDEST APRIL    RECORD 37.0 IN 1975
TIED MOST DAYS WITH MEASURABLE SNOW 11  ALSO IN 1961
GREATEST SNOW DEPTH ALSO ON DAYS 2 AND 6
TEMPERATURE SENSOR NOT WORKING ON THE 15TH
$$

TAC
