000
CXUS51 KLWX 011718
CLMBWI

CLIMATE REPORT
NATIONAL WEATHER SERVICE BALTIMORE MD/WASHINGTON DC
118 PM EDT TUE MAY 1 2018

...................................

...THE BALTIMORE MD CLIMATE SUMMARY FOR THE MONTH OF APRIL 2018...

CLIMATE NORMAL PERIOD 1981 TO 2010
CLIMATE RECORD PERIOD 1871 TO 2018

WEATHER         OBSERVED          NORMAL  DEPART  LAST YEAR`S
                 VALUE   DATE(S)  VALUE   FROM    VALUE
                                          NORMAL
.............................................................
TEMPERATURE (F)
RECORD
 HIGH              94   04/25/1960
                        04/23/1960
                        04/20/1941
 LOW               15   04/01/1923
HIGHEST            87   04/13        85       2
LOWEST             31   04/11        29       2
AVG. MAXIMUM     62.8              64.6    -1.8     70.5
AVG. MINIMUM     41.3              42.7    -1.4     50.1
MEAN             52.1              53.7    -1.6
DAYS MAX >= 90      0               0.2    -0.2
DAYS MAX <= 32      0               0.0     0.0
DAYS MIN <= 32      5               2.8     2.2
DAYS MIN <= 0       0               0.0     0.0

PRECIPITATION (INCHES)
RECORD
 MAXIMUM         8.70   1889
 MINIMUM         0.39   1985
TOTALS           3.20              3.19    0.01     3.52
DAILY AVG.       0.11              0.11    0.00
DAYS >= .01        10              10.8    -0.8
DAYS >= .10         5               6.3    -1.3
DAYS >= .50         3               2.4     0.6
DAYS >= 1.00        1               0.6     0.4
GREATEST
 24 HR. TOTAL    1.32   04/16 TO 04/16

SNOWFALL (INCHES)
RECORDS
 TOTAL            9.4   1924
TOTALS            0.0                 T     0.0
SINCE 7/1        15.4              20.1    -4.7
SNOWDEPTH AVG.      0
DAYS >= TRACE       0               0.1    -0.1
DAYS >= 1.0         0               0.0     0.0
GREATEST
 SNOW DEPTH         0   MM
 24 HR TOTAL      0.0

DEGREE_DAYS
HEATING TOTAL     403               354      49      182
 SINCE 7/1       4475              4615    -140     3720
COOLING TOTAL      21                13       8       49
 SINCE 1/1         22                14       8       49
..............................................................

WIND (MPH)
AVERAGE WIND SPEED              9.1
HIGHEST WIND SPEED/DIRECTION    39/290    DATE  04/04
HIGHEST GUST SPEED/DIRECTION    54/300    DATE  04/04

SKY COVER
POSSIBLE SUNSHINE (PERCENT)   MM
AVERAGE SKY COVER           0.70
NUMBER OF DAYS FAIR            3
NUMBER OF DAYS PC             14
NUMBER OF DAYS CLOUDY         13

AVERAGE RH (PERCENT)     59

WEATHER CONDITIONS. NUMBER OF DAYS WITH
THUNDERSTORM              4     MIXED PRECIP               0
HEAVY RAIN                3     RAIN                       5
LIGHT RAIN               14     FREEZING RAIN              0
LT FREEZING RAIN          0     HAIL                       0
HEAVY SNOW                0     SNOW                       0
LIGHT SNOW                0     SLEET                      0
FOG                      11     FOG W/VIS <= 1/4 MILE      2
HAZE                      1

-  INDICATES NEGATIVE NUMBERS.
R  INDICATES RECORD WAS SET OR TIED.
MM INDICATES DATA IS MISSING.
T  INDICATES TRACE AMOUNT.

&&

BALTIMORE MD...BALTIMORE-WASHINGTON INTERNATIONAL THURGOOD
MARSHALL AIRPORT...

THE MONTHLY AVERAGE TEMPERATURE WAS BELOW NORMAL. IT WAS THE COLDEST
APRIL SINCE 2007, WHEN THE AVERAGE TEMPERATURE WAS 51.4 DEGREES.

MONTHLY PRECIPITATION WAS WITHIN 1 PERCENT OF NORMAL.

MONTHLY SNOWFALL WAS NEAR NORMAL.

A DAILY RECORD HIGH MINIMUM TEMPERATURE OF 63 DEGREES WAS SET ON
APRIL 13TH. THIS BROKE THE OLD RECORD OF 58 SET IN 1945.

A DAILY RECORD HIGH MINIMUM TEMPERATURE OF 65 DEGREES WAS SET ON
APRIL 14TH. THIS BROKE THE OLD RECORD 62 SET IN 2014.

CLIMATE RECORDS FOR THE BALTIMORE MD AREA HAVE BEEN KEPT AT
BALTIMORE-WASHINGTON INTERNATIONAL THURGOOD MARSHALL AIRPORT SINCE
1950. ADDITIONAL TEMPERATURE RECORDS OBSERVED DOWNTOWN EXTEND BACK
TO JULY OF 1872. PRECIPITATION RECORDS EXTEND BACK TO JANUARY OF
1871. SNOWFALL RECORDS BEGAN IN MARCH OF 1892.

ALL CLIMATE DATA ARE CONSIDERED PRELIMINARY UNTIL REVIEWED BY THE
NATIONAL CENTERS FOR ENVIRONMENTAL INFORMATION (NCEI).

$$

RCM
