000
CXUS53 KUNR 011612
CLMD07


CLIMATE REPORT
NATIONAL WEATHER SERVICE RAPID CITY SD
1010 AM MDT TUE MAY 1 2018

...................................

...THE FAITH SD CLIMATE SUMMARY FOR THE MONTH OF APRIL 2018...

CLIMATE NORMAL PERIOD 1981 TO 2010
CLIMATE RECORD PERIOD 9999 TO 9999

WEATHER         OBSERVED          NORMAL  DEPART  LAST YEAR`S
                 VALUE   DATE(S)  VALUE   FROM    VALUE  DATE(S)
                                          NORMAL
................................................................
TEMPERATURE (F)
HIGHEST            80   04/29                         77  04/07
LOWEST              0R  04/04                         22  04/17
AVG. MAXIMUM     48.2              56.7    -8.5     58.2
AVG. MINIMUM     25.9              32.8    -6.9     32.4
MEAN             37.0              44.8    -7.8     45.3
DAYS MAX >= 90      0                                  0
DAYS MAX <= 32      6                                  0
DAYS MIN <= 32     21                                 16
DAYS MIN <= 0       1                                  0

PRECIPITATION (INCHES)
TOTALS           1.65              1.63    0.02     1.55
DAILY AVG.       0.05              0.05    0.00     0.05
DAYS >= .01        11                                  4
DAYS >= .10         7                                  2
DAYS >= .50         0                                  2
DAYS >= 1.00        0                                  0
GREATEST
 24 HR. TOTAL    0.36   04/13 TO 04/13              0.82

DEGREE_DAYS
HEATING TOTAL     832               608     224      563
 SINCE 7/1       7960              7299     661     6824
COOLING TOTAL       0                 1      -1        0
 SINCE 1/1          0                 1      -1        0
.................................................................

WIND (MPH)
AVERAGE WIND SPEED              14.5
HIGHEST WIND SPEED/DIRECTION    38/150    DATE  04/17
HIGHEST GUST SPEED/DIRECTION    47/140    DATE  04/17

AVERAGE RH (PERCENT)     73


-  INDICATES NEGATIVE NUMBERS.
R  INDICATES RECORD WAS SET OR TIED.
MM INDICATES DATA IS MISSING.
T  INDICATES TRACE AMOUNT.

$$
