000
CXUS52 KMHX 051308
CLMHSE


CLIMATE REPORT
NATIONAL WEATHER SERVICE NEWPORT/MOREHEAD CITY NC
908 AM EDT THU APR 5 2018

...................................

...THE CAPE HATTERAS NC CLIMATE SUMMARY FOR THE MONTH OF MARCH 2018...

CLIMATE NORMAL PERIOD 1981 TO 2010
CLIMATE RECORD PERIOD 1874 TO 2018

WEATHER         OBSERVED          NORMAL  DEPART  LAST YEAR`S
                 VALUE   DATE(S)  VALUE   FROM    VALUE  DATE(S)
                                          NORMAL
................................................................
TEMPERATURE (F)
RECORD
 HIGH              82   03/23/1907
 LOW               19   03/02/1967
HIGHEST            71   03/20                         78
LOWEST             32   03/06                         30
AVG. MAXIMUM     56.0              58.6    -2.6     61.8
AVG. MINIMUM     41.9              44.6    -2.7     46.4
MEAN             49.0              51.6    -2.6     54.1
DAYS MAX >= 90      0               0.0     0.0        0
DAYS MAX <= 32      0               0.0     0.0        0
DAYS MIN <= 32      1               2.0    -1.0        3
DAYS MIN <= 0       0               0.0     0.0        0

PRECIPITATION (INCHES)
RECORD
 MAXIMUM        11.20   1989
 MINIMUM           MM   MM
TOTALS           4.46              4.77   -0.31     5.28
DAYS >= .01        11              10.3     0.7       11
DAYS >= .10         8               6.8     1.2        8
DAYS >= .50         3               3.1    -0.1        5
DAYS >= 1.00        2               1.4     0.6        2

SNOWFALL (INCHES)
RECORDS
 TOTAL             MM   5
 SNOW DEPTH        MM   MM
TOTALS              T               0.0     0.0      0.0
 LIQUID EQUIV      MM              0.00      MM     0.00
SINCE 7/1         3.5               1.7     1.8        T
 LIQUID 7/1      0.35              0.20    0.15       MM
SNOWDEPTH AVG.      0                MM      MM        0
DAYS >= TRACE       1               0.0     1.0        0
DAYS >= 1.0         0               0.0     0.0        0
GREATEST
 SNOW DEPTH         0   MM                             0  MM
 STORM TOTAL       MM
 (MM/DD(HH))            MM

DEGREE_DAYS
HEATING TOTAL     491               419      72      355
 SINCE 7/1       2102              2343    -241     1677
.................................................................

WIND (MPH)
AVERAGE WIND SPEED              10.5
HIGHEST WIND SPEED/DIRECTION    31/300    DATE  03/02
HIGHEST GUST SPEED/DIRECTION    50/330    DATE  03/02

SKY COVER
POSSIBLE SUNSHINE (PERCENT)   MM
AVERAGE SKY COVER           0.40
NUMBER OF DAYS FAIR           14
NUMBER OF DAYS PC             13
NUMBER OF DAYS CLOUDY          4

AVERAGE RH (PERCENT)     72

WEATHER CONDITIONS. NUMBER OF DAYS WITH
  0
  9
  0
  0
  0
  0
  0
HAZE                      5

-  INDICATES NEGATIVE NUMBERS.
R  INDICATES RECORD WAS SET OR TIED.
MM INDICATES DATA IS MISSING.
T  INDICATES TRACE AMOUNT.

$$
