000
CXUS56 KSGX 082106
CLMPSP


CLIMATE REPORT
NATIONAL WEATHER SERVICE SAN DIEGO, CA
204 PM PDT TUE MAY 8 2018

...................................

...THE PALM SPRINGS INTL AIRPORT CA CLIMATE SUMMARY FOR THE MONTH OF MAY 2017...

CLIMATE NORMAL PERIOD 1981 TO 2010
CLIMATE RECORD PERIOD 1893 TO 2018

WEATHER         OBSERVED          NORMAL  DEPART  LAST YEAR`S
                 VALUE   DATE(S)  VALUE   FROM    VALUE  DATE(S)
                                          NORMAL
................................................................
TEMPERATURE (F)
RECORD
 HIGH             116   05/28/1983
 LOW               36   05/07/1964
HIGHEST           111   05/23        95      16      102  05/31
LOWEST             53   05/07        63     -10       56  05/07
AVG. MAXIMUM     94.9              93.4     1.5     90.8
AVG. MINIMUM     65.4              64.8     0.6     64.4
MEAN             80.1              79.1     1.0     77.5
DAYS MAX >= 90     22              20.3     1.7       17
DAYS MAX <= 32      0               0.0     0.0        0
DAYS MIN <= 32      0               0.0     0.0        0

PRECIPITATION (INCHES)
RECORD
 MAXIMUM         1.11   1976
 MINIMUM         0.00   2012
                        2009
                        2007
TOTALS              T              0.13   -0.13     0.02
DAILY AVG.          T              0.00    0.00     0.00
DAYS >= .01         0                MM      MM        1
DAYS >= .10         0                MM      MM        0
DAYS >= .50         0                MM      MM        0
DAYS >= 1.00        0                MM      MM        0
GREATEST
 24 HR. TOTAL       T   05/07 TO 05/07           05/17 TO 05/17
                                                          05/31 TO 05/31EATHER         OBSERVED          NORMAL  DEPART  LAST YEAR`S
                                                          05/31 TO 05/31EATHER         OBSERVED          NORMAL  DEPART  LAST YEAR`S
 STORM TOTAL       MM                                 MM
 (MM/DD(HH))            MM                    05/17(00) TO 05/17(00)
                                                 05/31(00) TO 05/31(00)1EATHER         OBSERVED          NORMAL  DEPART  LAST YEAR`S
                                                 05/31(00) TO 05/31(00)1EATHER         OBSERVED          NORMAL  DEPART  LAST YEAR`S

DEGREE_DAYS
HEATING TOTAL       5                 2       3        0
 SINCE 7/1        684               874    -190      738
COOLING TOTAL     483               439      44      380
 SINCE 1/1       1123               759     364      997

FREEZE DATES
RECORD
 EARLIEST     10/24/1951
 LATEST       03/13/1956
EARLIEST                        12/16
LATEST                          01/29
.................................................................

WIND (MPH)
AVERAGE WIND SPEED              8.1
RESULTANT WIND SPEED/DIRECTION   5/325
HIGHEST WIND SPEED/DIRECTION    33/330    DATE  05/06
HIGHEST GUST SPEED/DIRECTION    43/320    DATE  05/06

SKY COVER
POSSIBLE SUNSHINE (PERCENT)   MM
AVERAGE SKY COVER           0.00
NUMBER OF DAYS FAIR           30
NUMBER OF DAYS PC              1
NUMBER OF DAYS CLOUDY          0

AVERAGE RH (PERCENT)     32

WEATHER CONDITIONS. NUMBER OF DAYS WITH
  0
  0
  0
  0
  0
  0
  0
HAZE                      0

-  INDICATES NEGATIVE NUMBERS.
R  INDICATES RECORD WAS SET OR TIED.
MM INDICATES DATA IS MISSING.
T  INDICATES TRACE AMOUNT.

$$
