000
CXUS53 KAPX 010656
CLMTVC


CLIMATE REPORT
NATIONAL WEATHER SERVICE GAYLORD MI
256 AM EDT TUE MAY 1 2018

...................................

...THE TRAVERSE CITY MI CLIMATE SUMMARY FOR THE MONTH OF APRIL 2018...

CLIMATE NORMAL PERIOD 1981 TO 2010
CLIMATE RECORD PERIOD 1896 TO 2018

WEATHER         OBSERVED          NORMAL  DEPART  LAST YEAR`S
                 VALUE   DATE(S)  VALUE   FROM    VALUE  DATE(S)
                                          NORMAL
................................................................
TEMPERATURE (F)
RECORD
 HIGH              90   04/29/1970
 LOW                1   04/02/1965
HIGHEST            76   04/30        MM      MM       78  04/26
                                                          04/15
LOWEST              7   04/05        MM      MM       25  04/01
AVG. MAXIMUM     44.0              53.8    -9.8     58.9
AVG. MINIMUM     25.9              32.1    -6.2     37.3
MEAN             35.0              43.0    -8.0     48.1
DAYS MAX >= 90      0               0.0     0.0        0
DAYS MAX <= 32      6               0.7     5.3        0
DAYS MIN <= 32     24              15.8     8.2        9
DAYS MIN <= 0       0               0.0     0.0        0

PRECIPITATION (INCHES)
RECORD
 MAXIMUM           MM   MM
 MINIMUM           MM   MM
TOTALS           3.21              2.78    0.43     2.71
DAILY AVG.       0.11              0.09    0.02     0.09
DAYS >= .01        11              10.8     0.2       11
DAYS >= .10         6               6.1    -0.1        8
DAYS >= .50         3               1.9     1.1        2
DAYS >= 1.00        0               0.3    -0.3        0
GREATEST
 24 HR. TOTAL    0.93   04/14 TO 04/14
 STORM TOTAL       MM
 (MM/DD(HH))            MM

SNOWFALL (INCHES)
RECORDS
 TOTAL             MM   MM
TOTALS             MM               2.6      MM       MM
SINCE 7/1          MM             101.3      MM       MM
SNOWDEPTH AVG.     MM                MM      MM       MM
DAYS >= TRACE       0               2.5    -2.5        0
DAYS >= 1.0         0               0.8    -0.8        0
GREATEST
 SNOW DEPTH        MM                                 MM  MM
 24 HR TOTAL       MM                                 MM

DEGREE_DAYS
HEATING TOTAL     893               665     228
 SINCE 7/1       6859              7067    -208
COOLING TOTAL       0                 3      -3
 SINCE 1/1          0                 3      -3

FREEZE DATES
RECORD
 EARLIEST     MM
 LATEST       MM
EARLIEST                        MM
LATEST                          MM
.................................................................

WIND (MPH)
AVERAGE WIND SPEED              7.2
HIGHEST WIND SPEED/DIRECTION    28/330    DATE  04/04
HIGHEST GUST SPEED/DIRECTION    38/330    DATE  04/04

SKY COVER
POSSIBLE SUNSHINE (PERCENT)   MM
AVERAGE SKY COVER           0.60
NUMBER OF DAYS FAIR            8
NUMBER OF DAYS PC             12
NUMBER OF DAYS CLOUDY         10

AVERAGE RH (PERCENT)     65

WEATHER CONDITIONS. NUMBER OF DAYS WITH
  0
  3
  1
  0
  7
  3
  2
HAZE                      6

-  INDICATES NEGATIVE NUMBERS.
R  INDICATES RECORD WAS SET OR TIED.
MM INDICATES DATA IS MISSING.
T  INDICATES TRACE AMOUNT.

$$
