000
CXUS51 KCLE 051038
CLSMFD


CLIMATE REPORT
NATIONAL WEATHER SERVICE CLEVELAND OH
535 AM EST MON MAR 5 2018

...................................

...THE MANSFIELD OH CLIMATE SUMMARY FOR THE SEASON, FROM
12/1/2017 TO 2/28/2018...

CLIMATE NORMAL PERIOD 1981 TO 2010
CLIMATE RECORD PERIOD 1916 TO 2018

WEATHER         OBSERVED          NORMAL  DEPART
                 VALUE   DATE(S)  VALUE   FROM
                                          NORMAL
................................................
TEMPERATURE (F)
RECORD
 HIGH              74   02/24/2017
 LOW              -26   01/15/1929
HIGHEST            72   02/20
LOWEST             -5   01/06
                        01/05
AVG. MAXIMUM     37.0              35.2     1.8
AVG. MINIMUM     21.0              20.5     0.5
MEAN             29.0              27.8     1.2
DAYS MAX >= 90      0               0.0
DAYS MAX <= 32     36              36.8
DAYS MIN <= 32     74              76.7
DAYS MIN <= 0      12               5.0

PRECIPITATION (INCHES)
RECORD
 MAXIMUM        20.95   1950
 MINIMUM         2.70   1977
TOTALS           9.00              8.55    0.45
DAYS >= .01        43              42.7
DAYS >= .10        24              20.1
DAYS >= .50         5               4.8
DAYS >= 1.00        0               1.4

SNOWFALL (INCHES)
RECORDS
 TOTAL           77.3   2010
TOTALS           29.9              35.2
DAYS >= TRACE      42
DAYS >= 1.0        11              11.2

DEGREE_DAYS
HEATING TOTAL    3238              3343    -105
COOLING TOTAL       1                 0       1
.................................................

WIND (MPH)
HIGHEST GUST SPEED/DIRECTION    50/180    DATE  02/20

SKY COVER
POSSIBLE SUNSHINE (PERCENT)   MM
NUMBER OF DAYS FAIR           20
NUMBER OF DAYS PC             33
NUMBER OF DAYS CLOUDY         37


WEATHER CONDITIONS. NUMBER OF DAYS WITH
THUNDERSTORM              0     MIXED PRECIP               0
HEAVY RAIN                4     RAIN                       5
LIGHT RAIN               21     FREEZING RAIN              2
LT FREEZING RAIN          8     HAIL                       0
HEAVY SNOW                0     SNOW                       4
LIGHT SNOW               40     SLEET                      0
FOG                      58     FOG W/VIS <= 1/4 MILE      8
HAZE                     27

-  INDICATES NEGATIVE NUMBERS.
R  INDICATES RECORD WAS SET OR TIED.
MM INDICATES DATA IS MISSING.
T  INDICATES TRACE AMOUNT.

$$
