000
CXUS55 KALY 010846
CF6ALB
PRELIMINARY LOCAL CLIMATOLOGICAL DATA (WS FORM: F-6)
STATION: ALBANY NY
MONTH: DECEMBER
YEAR: 2020
LATITUDE: 42 45 N
LONGITUDE: 73 48 W
TEMPERATURE IN F: :PCPN: SNOW: WIND :SUNSHINE: SKY :PK WND
================================================================================
1 2 3 4 5 6A 6B 7 8 9 10 11 12 13 14 15 16 17 18
12Z AVG MX 2MIN
DY MAX MIN AVG DEP HDD CDD WTR SNW DPTH SPD SPD DIR MIN PSBL S-S WX SPD DR
================================================================================
1 57 35 46 12 19 0 0.22 0.0 0 11.6 23 150 M M 7 1 37 200
2 37 32 35 1 30 0 T T 0 10.8 26 260 M M 9 1 33 240
3 43 21 32 -1 33 0 0.00 0.0 0 6.4 13 170 M M 4 17 150
4 48 36 42 9 23 0 0.00 0.0 0 3.9 12 170 M M 9 18 240
5 38 31 35 3 30 0 0.12 0.0 0 10.0 21 280 M M 10 1 29 310
6 32 25 29 -3 36 0 0.00 0.0 0 15.1 26 280 M M 5 38 290
7 30 21 26 -6 39 0 T T 0 10.7 18 300 M M 7 25 270
8 25 19 22 -9 43 0 T T T 10.2 24 280 M M 9 16 30 280
9 30 19 25 -6 40 0 0.06 1.3 T 5.9 14 160 M M 9 1 19 170
10 42 30 36 6 29 0 0.00 0.0 T 6.9 21 310 M M 9 26 300
11 46 23 35 5 30 0 0.00 0.0 0 5.4 15 160 M M 6 1 20 150
12 46 25 36 6 29 0 0.01 0.0 0 1.2 8 170 M M 8 1 11 180
13 49 34 42 13 23 0 0.01 0.0 0 11.5 23 270 M M 9 1 33 290
14 34 29 32 3 33 0 0.01 T 0 6.0 24 280 M M 9 1 34 260
15 30 18 24 -5 41 0 T T 0 14.1 29 290 M M 4 45 290
16 18 10 14 -14 51 0 0.27 3.2 0 8.0 13 30 M M 9 1 16 350
17 20 13 17 -11 48 0 1.73 19.7 16 10.4 21 350 M M 9 12 26 350
18 21 -2 10 -18 55 0 0.00 0.0 19 5.3 12 360 M M 5 1 14 360
19 22 -4 9 -18 56 0 0.00 0.0 18 1.0 5 350 M M 5 19 7 340
20 32 15 24 -3 41 0 0.02 0.5 17 5.7 16 170 M M 10 1 22 160
21 40 28 34 8 31 0 0.00 0.0 15 2.9 12 160 M M 9 18 16 160
22 37 24 31 5 34 0 T T 12 8.7 28 280 M M 9 1 37 280
23 36 19 28 2 37 0 0.00 0.0 11 8.4 31 280 M M 5 38 270
24 56 35 46 20 19 0 0.32 0.0 4 12.8 24 150 M M 10 1 33 160
25 63 34 49 24 16 0 0.88 1.3 T 12.5 28 150 M M 10 14 42 130
26 34 23 29 4 36 0 T 0.2 1 10.1 18 260 M M 7 26 250
27 36 22 29 4 36 0 T T 1 6.7 20 150 M M 8 27 150
28 41 31 36 12 29 0 T T T 14.1 24 150 M M 9 33 180
29 35 16 26 2 39 0 T T 0 11.4 29 270 M M 5 36 270
30 35 15 25 1 40 0 0.02 0.0 0 10.7 26 150 M M 9 35 160
31 39 24 32 8 33 0 0.03 0.0 0 11.6 23 280 M M 9 1 33 280
================================================================================
SM 1152 701 1079 0 3.70 26.2 270.0 M 242
================================================================================
AV 37.2 22.6 8.7 FASTST M M 8 MAX(MPH)
MISC ----> 31 280 45 290
================================================================================
NOTES:
# LAST OF SEVERAL OCCURRENCES
COLUMN 17 PEAK WIND IN M.P.H.
PRELIMINARY LOCAL CLIMATOLOGICAL DATA (WS FORM: F-6) , PAGE 2
STATION: ALBANY NY
MONTH: DECEMBER
YEAR: 2020
LATITUDE: 42 45 N
LONGITUDE: 73 48 W
[TEMPERATURE DATA] [PRECIPITATION DATA] SYMBOLS USED IN COLUMN 16
AVERAGE MONTHLY: 29.9 TOTAL FOR MONTH: 3.70 1 = FOG OR MIST
DPTR FM NORMAL: 1.4 DPTR FM NORMAL: 0.77 2 = FOG REDUCING VISIBILITY
HIGHEST: 63 ON 25 GRTST 24HR 2.00 ON 16-17 TO 1/4 MILE OR LESS
LOWEST: -4 ON 19 3 = THUNDER
SNOW, ICE PELLETS, HAIL 4 = ICE PELLETS
TOTAL MONTH: 26.2 INCHES 5 = HAIL
GRTST 24HR 19.7 ON 17-17 6 = FREEZING RAIN OR DRIZZLE
GRTST DEPTH: 19 ON 18 7 = DUSTSTORM OR SANDSTORM:
VSBY 1/2 MILE OR LESS
8 = SMOKE OR HAZE
[NO. OF DAYS WITH] [WEATHER - DAYS WITH] 9 = BLOWING SNOW
X = TORNADO
MAX 32 OR BELOW: 10 0.01 INCH OR MORE: 13
MAX 90 OR ABOVE: 0 0.10 INCH OR MORE: 6
MIN 32 OR BELOW: 26 0.50 INCH OR MORE: 2
MIN 0 OR BELOW: 2 1.00 INCH OR MORE: 1
[HDD (BASE 65) ]
TOTAL THIS MO. 1079 CLEAR (SCALE 0-3) 0
DPTR FM NORMAL -52 PTCLDY (SCALE 4-7) 12
TOTAL FM JUL 1 2485 CLOUDY (SCALE 8-10) 19
DPTR FM NORMAL -49
[CDD (BASE 65) ]
TOTAL THIS MO. 0
DPTR FM NORMAL 0 [PRESSURE DATA]
TOTAL FM JAN 1 815 HIGHEST SLP 30.55 ON 30
DPTR FM NORMAL 217 LOWEST SLP 29.34 ON 25
[REMARKS]
#FINAL-12-20#