000
CXUS55 KALY 011719
CF6ALB
PRELIMINARY LOCAL CLIMATOLOGICAL DATA (WS FORM: F-6)
STATION: ALBANY NY
MONTH: MARCH
YEAR: 2020
LATITUDE: 42 45 N
LONGITUDE: 73 48 W
TEMPERATURE IN F: :PCPN: SNOW: WIND :SUNSHINE: SKY :PK WND
================================================================================
1 2 3 4 5 6A 6B 7 8 9 10 11 12 13 14 15 16 17 18
12Z AVG MX 2MIN
DY MAX MIN AVG DEP HDD CDD WTR SNW DPTH SPD SPD DIR MIN PSBL S-S WX SPD DR
================================================================================
1 37 17 27 -3 38 0 T T 0 8.2 20 290 M M 3 29 270
2 58 30 44 14 21 0 T T 0 10.5 23 160 M M 8 4 31 180
3 63 33 48 18 17 0 0.15 T 0 6.8 29 290 M M 8 4 39 280
4 50 38 44 14 21 0 T T 0 16.2 37 290 M M 7 47 290
5 47 29 38 7 27 0 0.00 0.0 0 9.0 21 280 M M 6 27 270
6 48 25 37 6 28 0 T T 0 6.7 23 20 M M 8 32 10
7 45 26 36 4 29 0 T 0.1 T 10.6 20 280 M M 4 27 350
8 59 27 43 11 22 0 0.00 0.0 0 5.0 18 290 M M 4 22 280
9 75 43 59 27 6 0 0.00 0.0 0 9.0 16 170 M M 7 21 250
10 63 44 54 21 11 0 0.15 0.0 0 13.4 32 280 M M 10 42 290
11 48 35 42 9 23 0 0.00 0.0 0 10.0 28 290 M M 7 38 290
12 53 34 44 11 21 0 0.00 0.0 0 8.3 20 160 M M 9 28 180
13 57 40 49 15 16 0 0.25 0.0 0 15.1 32 310 M M 7 1 38 310
14 46 38 42 8 23 0 0.00 0.0 0 16.3 29 280 M M 7 40 290
15 48 27 38 4 27 0 0.00 0.0 0 9.5 16 10 M M 4 21 360
16 47 20 34 -1 31 0 0.00 0.0 0 8.0 23 180 M M 5 32 190
17 51 35 43 8 22 0 0.02 0.2 0 11.5 22 330 M M 9 5 31 330
18 54 30 42 6 23 0 T 0.0 0 6.1 17 170 M M 5 25 180
19 51 38 45 9 20 0 0.63 0.0 0 4.8 17 170 M M 10 1 26 180
20 74 44 59 23 6 0 0.11 0.0 0 15.5 35 280 M M 10 43 280
21 46 28 37 0 28 0 0.00 0.0 0 10.4 25 290 M M 4 35 300
22 42 23 33 -4 32 0 0.00 0.0 0 7.6 21 160 M M 3 27 160
23 37 32 35 -3 30 0 0.63 6.1 0 8.1 18 160 M M 10 124 28 140
24 43 33 38 0 27 0 T T 5 4.2 10 330 M M 8 1 13 330
25 47 28 38 -1 27 0 T 0.0 1 2.3 8 140 M M 8 1 15 320
26 60 27 44 5 21 0 0.00 0.0 0 6.2 17 190 M M 4 1 21 180
27 60 41 51 11 14 0 0.00 0.0 0 11.4 20 290 M M 4 27 310
28 51 30 41 1 24 0 0.29 0.0 0 2.8 15 190 M M 7 17 18 180
29 51 43 47 7 18 0 0.50 0.0 0 6.4 22 160 M M 10 13 30 180
30 47 39 43 2 22 0 0.14 0.0 0 6.4 18 180 M M 9 25 180
31 48 38 43 2 22 0 0.06 0.0 0 3.7 12 30 M M 9 15 80
================================================================================
SM 1606 1015 697 0 2.93 6.4 270.0 M 214
================================================================================
AV 51.8 32.7 8.7 FASTST M M 7 MAX(MPH)
MISC ----> # 37 290 # 47 290
================================================================================
NOTES:
# LAST OF SEVERAL OCCURRENCES
COLUMN 17 PEAK WIND IN M.P.H.
PRELIMINARY LOCAL CLIMATOLOGICAL DATA (WS FORM: F-6) , PAGE 2
STATION: ALBANY NY
MONTH: MARCH
YEAR: 2020
LATITUDE: 42 45 N
LONGITUDE: 73 48 W
[TEMPERATURE DATA] [PRECIPITATION DATA] SYMBOLS USED IN COLUMN 16
AVERAGE MONTHLY: 42.3 TOTAL FOR MONTH: 2.93 1 = FOG OR MIST
DPTR FM NORMAL: 7.3 DPTR FM NORMAL: -0.28 2 = FOG REDUCING VISIBILITY
HIGHEST: 75 ON 9 GRTST 24HR 0.63 ON 23-23 TO 1/4 MILE OR LESS
LOWEST: 17 ON 1 3 = THUNDER
SNOW, ICE PELLETS, HAIL 4 = ICE PELLETS
TOTAL MONTH: 6.4 INCHES 5 = HAIL
GRTST 24HR 6.1 ON 23-23 6 = FREEZING RAIN OR DRIZZLE
GRTST DEPTH: 5 ON 24 7 = DUSTSTORM OR SANDSTORM:
VSBY 1/2 MILE OR LESS
8 = SMOKE OR HAZE
[NO. OF DAYS WITH] [WEATHER - DAYS WITH] 9 = BLOWING SNOW
X = TORNADO
MAX 32 OR BELOW: 0 0.01 INCH OR MORE: 11
MAX 90 OR ABOVE: 0 0.10 INCH OR MORE: 9
MIN 32 OR BELOW: 15 0.50 INCH OR MORE: 3
MIN 0 OR BELOW: 0 1.00 INCH OR MORE: 0
[HDD (BASE 65) ]
TOTAL THIS MO. 697 CLEAR (SCALE 0-3) 1
DPTR FM NORMAL -232 PTCLDY (SCALE 4-7) 18
TOTAL FM JUL 1 5043 CLOUDY (SCALE 8-10) 12
DPTR FM NORMAL -830
[CDD (BASE 65) ]
TOTAL THIS MO. 0
DPTR FM NORMAL 0 [PRESSURE DATA]
TOTAL FM JAN 1 0 HIGHEST SLP 30.75 ON 22
DPTR FM NORMAL 0 LOWEST SLP 29.34 ON 3
[REMARKS]
#FINAL-03-20#