000
CXUS54 KHGX 251637
CF611R
PRELIMINARY LOCAL CLIMATOLOGICAL DATA (WS FORM: F-6)
STATION: BRENHAM
MONTH: SEPTEMBER
YEAR: 2020
LATITUDE: 30 13 N
LONGITUDE: 96 22 W
TEMPERATURE IN F: :PCPN: SNOW: WIND :SUNSHINE: SKY :PK WND
================================================================================
1 2 3 4 5 6A 6B 7 8 9 10 11 12 13 14 15 16 17 18
12Z AVG MX 2MIN
DY MAX MIN AVG DEP HDD CDD WTR SNW DPTH SPD SPD DIR MIN PSBL S-S WX SPD DR
================================================================================
1 98 83 91 M 0 26 0.00 0.0 0 11.2 17 180 M M 7 1 25 180
2 87 79 83 M 0 18 0.00 0.0 0 5.1 12 190 M M 4 1 M M
3 91 75 83 M 0 18 0.23 0.0 0 4.7 17 360 M M 4 3 30 360
4 90 73 82 M 0 17 0.94 0.0 0 3.7 13 30 M M 6 3 18 30
5 90 73 82 M 0 17 0.35 0.0 0 3.2 15 360 M M 2 3 22 360
6 93 73 83 M 0 18 0.00 0.0 0 1.5 8 150 M M 0 18 150
7 93 72 83 M 0 18 0.00 0.0 0 3.7 8 150 M M 1 M M
8 86 76 81 M 0 16 0.03 0.0 0 4.2 9 230 M M 3 3 16 140
9 93 74 84 M 0 19 0.10 0.0 0 5.0 13 170 M M 5 3 18 150
10 74 63 69 M 0 4 0.00 0.0 0 11.1 14 360 M M 10 1 17 330
11 87 67 77 M 0 12 0.00 0.0 0 8.6 13 350 M M 5 M M
12 92 71 82 M 0 17 0.00 0.0 0 5.8 14 350 M M 1 18 350
13 90 73 82 M 0 17 0.09 0.0 0 5.3 13 50 M M 3 3 21 50
14 89 75 82 M 0 17 0.00 0.0 0 6.1 8 20 M M 5 M M
15 89 74 82 M 0 17 0.32 0.0 0 5.2 10 350 M M 4 23 200
16 91 74 83 M 0 18 0.00 0.0 0 3.5 7 20 M M 3 M M
17 89 74 82 M 0 17 0.00 0.0 0 4.0 9 360 M M 1 M M
18 88 72 80 M 0 15 0.00 0.0 0 6.4 12 10 M M 1 18 40
19 85 67 76 M 0 11 0.00 0.0 0 6.7 16 360 M M 0 20 360
20 84 62 73 M 0 8 0.15 0.0 0 6.5 12 10 M M 5 21 30
21 74 68 71 M 0 6 1.15 0.0 0 7.7 12 20 M M 10 1 21 20
22 74 71 73 M 0 8 2.21 0.0 0 9.2 13 10 M M 10 20 20
23 80 69 75 M 0 10 0.00 0.0 0 12.2 17 330 M M 10 1 22 330
24 76 68 72 M 0 7 0.00 0.0 0 4.7 9 330 M M 10 1 M M
25 84 58 71 M 0 6 0.00 0.0 0 0.4 6 310 M M 2 12 M M
26 88 64 76 M 0 11 0.00 0.0 0 3.6 8 150 M M 3 12 M M
27 91 75 83 M 0 18 0.00 0.0 0 9.4 15 170 M M 6 21 170
28 79 60 70 M 0 5 0.06 0.0 0 13.2 23 350 M M 8 35 340
29 81 52 67 M 0 2 0.00 0.0 0 4.2 9 350 M M 0 16 320
30 85 53 69 M 0 4 0.00 0.0 0 2.8 9 250 M M 0 M M
================================================================================
SM 2591 2088 0 397 5.63 0.0 178.9 M 129
================================================================================
AV 86.4 69.6 6.0 FASTST M M 4 MAX(MPH)
MISC ----> 23 350 35 340
================================================================================
NOTES:
# LAST OF SEVERAL OCCURRENCES
COLUMN 17 PEAK WIND IN M.P.H.
PRELIMINARY LOCAL CLIMATOLOGICAL DATA (WS FORM: F-6) , PAGE 2
STATION: BRENHAM
MONTH: SEPTEMBER
YEAR: 2020
LATITUDE: 30 13 N
LONGITUDE: 96 22 W
[TEMPERATURE DATA] [PRECIPITATION DATA] SYMBOLS USED IN COLUMN 16
AVERAGE MONTHLY: 78.0 TOTAL FOR MONTH: 5.63 1 = FOG OR MIST
DPTR FM NORMAL: 25.6 DPTR FM NORMAL: 1.88 2 = FOG REDUCING VISIBILITY
HIGHEST: 98 ON 1 GRTST 24HR 2.21 ON 22-22 TO 1/4 MILE OR LESS
LOWEST: 52 ON 29 3 = THUNDER
SNOW, ICE PELLETS, HAIL 4 = ICE PELLETS
TOTAL MONTH: 0.0 INCH 5 = HAIL
GRTST 24HR 0.0 6 = FREEZING RAIN OR DRIZZLE
GRTST DEPTH: 0 7 = DUSTSTORM OR SANDSTORM:
VSBY 1/2 MILE OR LESS
8 = SMOKE OR HAZE
[NO. OF DAYS WITH] [WEATHER - DAYS WITH] 9 = BLOWING SNOW
X = TORNADO
MAX 32 OR BELOW: 0 0.01 INCH OR MORE: 11
MAX 90 OR ABOVE: 11 0.10 INCH OR MORE: 8
MIN 32 OR BELOW: 0 0.50 INCH OR MORE: 3
MIN 0 OR BELOW: 0 1.00 INCH OR MORE: 2
[HDD (BASE 65) ]
TOTAL THIS MO. 0 CLEAR (SCALE 0-3) 13
DPTR FM NORMAL M PTCLDY (SCALE 4-7) 12
TOTAL FM JUL 1 0 CLOUDY (SCALE 8-10) 5
DPTR FM NORMAL M
[CDD (BASE 65) ]
TOTAL THIS MO. 397
DPTR FM NORMAL M [PRESSURE DATA]
TOTAL FM JAN 1 3013 HIGHEST SLP M ON M
DPTR FM NORMAL M LOWEST SLP M ON M
[REMARKS]
#FINAL-09-20#