000
CXUS51 KBTV 010700
CF61V4
PRELIMINARY LOCAL CLIMATOLOGICAL DATA (WS FORM: F-6)
STATION: SAINT JOHNSBURY VT ASOS
MONTH: MARCH
YEAR: 2024
LATITUDE: 44 25 N
LONGITUDE: 72 1 W
TEMPERATURE IN F: :PCPN: SNOW: WIND :SUNSHINE: SKY :PK WND
================================================================================
1 2 3 4 5 6A 6B 7 8 9 10 11 12 13 14 15 16 17 18
12Z AVG MX 2MIN
DY MAX MIN AVG DEP HDD CDD WTR SNW DPTH SPD SPD DIR MIN PSBL S-S WX SPD DR
================================================================================
1 38 9 24 0 41 0 0.00 M M M M M M M 0 M M
2 44 21 33 9 32 0 0.09 M M M M M M M 0 M M
3 57 34 46 22 19 0 0.00 M M M M M M M 0 M M
4 54 39 47 23 18 0 0.00 M M M M M M M 0 M M
5 47 39 43 18 22 0 0.32 M M M M M M M 0 M M
6 46 38 42 17 23 0 0.54 M M M M M M M 0 M M
7 44 30 37 11 28 0 0.67 M M M M M M M 0 M M
8 52 25 39 13 26 0 0.00 M M M M M M M 0 M M
9 43 28 36 10 29 0 0.16 M M M M M M M 0 M M
10 40 29 35 8 30 0 0.82 M M M M M M M 0 M M
11 35 26 31 4 34 0 0.00 M M M M M M M 0 M M
12 45 26 36 8 29 0 0.00 M M M M M M M 0 M M
13 50 21 36 8 29 0 0.00 M M M M M M M 0 M M
14 58 32 45 17 20 0 0.05 M M M M M M M 0 M M
15 43 35 39 10 26 0 0.63 M M M M M M M 0 M M
16 50 33 42 13 23 0 0.02 M M M M M M M 0 M M
17 50 31 41 11 24 0 0.15 M M M M M M M 0 M M
18 43 31 37 7 28 0 0.03 M M M M M M M 0 M M
19 38 28 33 3 32 0 0.00 M M M M M M M 0 M M
20 46 28 37 6 28 0 0.17 M M M M M M M 0 M M
21 28 18 23 -8 42 0 0.00 M M M M M M M 0 M M
22 30 14 22 -10 43 0 0.00 M M M M M M M 0 M M
23 29 21 25 -7 40 0 1.27 M M M M M M M 0 M M
24 38 14 26 -6 39 0 0.00 M M M M M M M 0 M M
25 46 10 28 -5 37 0 0.00 M M M M M M M 0 M M
26 55 20 38 5 27 0 0.00 M M M M M M M 0 M M
27 45 38 42 8 23 0 0.26 M M M M M M M 0 M M
28 45 37 41 7 24 0 0.14 M M M M M M M 0 M M
29 47 36 42 8 23 0 0.00 M M M M M M M 0 M M
30 45 29 37 2 28 0 0.00 M M M M M M M 0 M M
31 50 28 39 4 26 0 0.00 M M M M M M M 0 M M
================================================================================
SM 1381 848 893 0 5.32 M M M 0
================================================================================
AV 44.5 27.4 M FASTST M M 0 MAX(MPH)
MISC ----> M M M M
================================================================================
NOTES:
# LAST OF SEVERAL OCCURRENCES
COLUMN 17 PEAK WIND IN M.P.H.
PRELIMINARY LOCAL CLIMATOLOGICAL DATA (WS FORM: F-6) , PAGE 2
STATION: SAINT JOHNSBURY VT ASOS
MONTH: MARCH
YEAR: 2024
LATITUDE: 44 25 N
LONGITUDE: 72 1 W
[TEMPERATURE DATA] [PRECIPITATION DATA] SYMBOLS USED IN COLUMN 16
AVERAGE MONTHLY: 36.0 TOTAL FOR MONTH: 5.32 1 = FOG OR MIST
DPTR FM NORMAL: 6.8 DPTR FM NORMAL: 2.90 2 = FOG REDUCING VISIBILITY
HIGHEST: 58 ON 14 GRTST 24HR 1.27 ON 23-23 TO 1/4 MILE OR LESS
LOWEST: 9 ON 1 3 = THUNDER
SNOW, ICE PELLETS, HAIL 4 = ICE PELLETS
TOTAL MONTH: M 5 = HAIL
GRTST 24HR M ON M 6 = FREEZING RAIN OR DRIZZLE
GRTST DEPTH: M ON M 7 = DUSTSTORM OR SANDSTORM:
VSBY 1/2 MILE OR LESS
8 = SMOKE OR HAZE
[NO. OF DAYS WITH] [WEATHER - DAYS WITH] 9 = BLOWING SNOW
X = TORNADO
MAX 32 OR BELOW: 3 0.01 INCH OR MORE: 15
MAX 90 OR ABOVE: 0 0.10 INCH OR MORE: 11
MIN 32 OR BELOW: 22 0.50 INCH OR MORE: 5
MIN 0 OR BELOW: 0 1.00 INCH OR MORE: 1
[HDD (BASE 65) ]
TOTAL THIS MO. 893 CLEAR (SCALE 0-3) 31
DPTR FM NORMAL -217 PTCLDY (SCALE 4-7) 0
TOTAL FM JUL 1 4751 CLOUDY (SCALE 8-10) 0
DPTR FM NORMAL -2140
[CDD (BASE 65) ]
TOTAL THIS MO. 0
DPTR FM NORMAL 0 [PRESSURE DATA]
TOTAL FM JAN 1 0 HIGHEST SLP M ON M
DPTR FM NORMAL 0 LOWEST SLP M ON M
[REMARKS]
#FINAL-03-24#