000
CXUS55 KBOU 010900
CF620V
PRELIMINARY LOCAL CLIMATOLOGICAL DATA (WS FORM: F-6)
STATION: KREMMLING
MONTH: MARCH
YEAR: 2023
LATITUDE: 40 3 N
LONGITUDE: 106 22 W
TEMPERATURE IN F: :PCPN: SNOW: WIND :SUNSHINE: SKY :PK WND
================================================================================
1 2 3 4 5 6A 6B 7 8 9 10 11 12 13 14 15 16 17 18
12Z AVG MX 2MIN
DY MAX MIN AVG DEP HDD CDD WTR SNW DPTH SPD SPD DIR MIN PSBL S-S WX SPD DR
================================================================================
1 21 1 11 M 54 0 M M M 0.7 5 60 M M 8 M M
2 30 9 20 M 45 0 M M M 1.8 12 340 M M 6 17 360
3 25 3 14 M 51 0 M M M 0.8 5 30 M M 9 1 M M
4 34 0 17 M 48 0 M M M 1.8 20 270 M M 7 36 270
5 36 19 28 M 37 0 M M M 10.1 21 270 M M 9 29 270
6 41 14 28 M 37 0 M M M 3.0 13 260 M M 5 20 110
7 43 9 26 M 39 0 M M M 5.4 26 250 M M 0 32 250
8 37 1 19 M 46 0 M M M 4.4 24 260 M M 3 31 240
9 39 18 29 M 36 0 M M M 8.6 17 270 M M 2 28 250
10 39 16 28 M 37 0 M M M 9.3 27 230 M M 7 43 230
11 36 23 30 M 35 0 M M M 5.8 29 240 M M 6 38 240
12 36 19 28 M 37 0 M M M 1.4 10 340 M M 8 M M
13 39 23 31 M 34 0 M M M 1.9 7 80 M M 6 M M
14 45 18 32 M 33 0 M M M 4.0 13 230 M M 5 20 240
15 45 32 39 M 26 0 M M M 5.3 14 240 M M 8 26 160
16 32 10 21 M 44 0 M M M 8.1 14 350 M M 3 21 350
17 30 1 16 M 49 0 M M M 3.1 10 340 M M 0 16 320
18 30 -2 14 M 51 0 M M M 1.6 5 80 M M 0 M M
19 39 0 20 M 45 0 M M M 3.0 14 260 M M 1 23 220
20 39 23 31 M 34 0 M M M 3.0 10 250 M M 9 18 250
21 37 21 29 M 36 0 M M M 4.9 17 240 M M 9 27 330
22 34 19 27 M 38 0 M M M 4.9 18 220 M M 8 25 230
23 37 18 28 M 37 0 M M M 5.7 16 330 M M 7 12 22 270
24 34 19 27 M 38 0 M M M 2.7 14 340 M M 8 12 24 0
25 28 1 15 M 50 0 M M M 6.7 16 320 M M 5 8 23 270
26 23 -6 9 M 56 0 M M M 2.0 9 340 M M 7 M M
27 27 0 14 M 51 0 M M M 4.9 14 350 M M 5 24 10
28 23 -11 6 M 59 0 M M M 0.8 5 140 M M 2 M M
29 50 9 30 M 35 0 M M M 3.0 12 240 M M 1 20 0
30 48 21 35 M 30 0 M M M 4.6 15 230 M M 7 28 280
31 34 18 26 M 39 0 M M M 8.3 18 260 M M 9 8 25 300
================================================================================
SM 1091 346 1287 0 M M 131.5 M 170
================================================================================
AV 35.2 11.2 4.2 FASTST M M 5 MAX(MPH)
MISC ----> 29 240 43 230
================================================================================
NOTES:
# LAST OF SEVERAL OCCURRENCES
COLUMN 17 PEAK WIND IN M.P.H.
PRELIMINARY LOCAL CLIMATOLOGICAL DATA (WS FORM: F-6) , PAGE 2
STATION: KREMMLING
MONTH: MARCH
YEAR: 2023
LATITUDE: 40 3 N
LONGITUDE: 106 22 W
[TEMPERATURE DATA] [PRECIPITATION DATA] SYMBOLS USED IN COLUMN 16
AVERAGE MONTHLY: 23.2 TOTAL FOR MONTH: M 1 = FOG OR MIST
DPTR FM NORMAL: 0.0 DPTR FM NORMAL: M 2 = FOG REDUCING VISIBILITY
HIGHEST: 50 ON 29 GRTST 24HR M ON M TO 1/4 MILE OR LESS
LOWEST: -11 ON 28 3 = THUNDER
SNOW, ICE PELLETS, HAIL 4 = ICE PELLETS
TOTAL MONTH: M 5 = HAIL
GRTST 24HR M ON M 6 = FREEZING RAIN OR DRIZZLE
GRTST DEPTH: M ON M 7 = DUSTSTORM OR SANDSTORM:
VSBY 1/2 MILE OR LESS
8 = SMOKE OR HAZE
[NO. OF DAYS WITH] [WEATHER - DAYS WITH] 9 = BLOWING SNOW
X = TORNADO
MAX 32 OR BELOW: 10 0.01 INCH OR MORE: 0
MAX 90 OR ABOVE: 0 0.10 INCH OR MORE: 0
MIN 32 OR BELOW: 31 0.50 INCH OR MORE: 0
MIN 0 OR BELOW: 6 1.00 INCH OR MORE: 0
[HDD (BASE 65) ]
TOTAL THIS MO. 1287 CLEAR (SCALE 0-3) 8
DPTR FM NORMAL M PTCLDY (SCALE 4-7) 17
TOTAL FM JUL 1 8029 CLOUDY (SCALE 8-10) 6
DPTR FM NORMAL M
[CDD (BASE 65) ]
TOTAL THIS MO. 0
DPTR FM NORMAL M [PRESSURE DATA]
TOTAL FM JAN 1 0 HIGHEST SLP M ON M
DPTR FM NORMAL M LOWEST SLP M ON M
[REMARKS]
#FINAL-03-23#