000
CXUS53 KUNR 021612
CLM2WX
CLIMATE REPORT
NATIONAL WEATHER SERVICE RAPID CITY SD
912 AM MST SAT DEC 02 2023
...................................
...THE BUFFALO SD CLIMATE SUMMARY FOR THE MONTH OF NOVEMBER 2023...
CLIMATE NORMAL PERIOD 1991 TO 2020
CLIMATE RECORD PERIOD 9999 TO 9999
WEATHER OBSERVED NORMAL DEPART LAST YEAR`S
VALUE DATE(S) VALUE FROM VALUE DATE(S)
NORMAL
................................................................
TEMPERATURE (F)
HIGHEST 64 11/15 75 11/02
LOWEST 7 11/24 -5 11/12
AVG. MAXIMUM 50.4 44.3 6.1 37.3
AVG. MINIMUM 25.7 21.5 4.2 17.3
MEAN 38.1 32.9 5.2 27.3
DAYS MAX >= 90 0 0
DAYS MAX <= 32 3 13
DAYS MIN <= 32 23 28
DAYS MIN <= 0 0 3
PRECIPITATION (INCHES)
TOTALS 0.07 0.32 -0.25 0.26
DAILY AVG. 0.00 0.01 -0.01 0.01
DAYS >= .01 2 6
DAYS >= .10 0 1
DAYS >= .50 0 0
DAYS >= 1.00 0 0
GREATEST
24 HR. TOTAL 0.06 11/04 TO 11/04 0.18
DEGREE DAYS
HEATING TOTAL 802 963 -161 1124
SINCE 7/1 1511 1793 -282 MM
COOLING TOTAL 0 0 0 0
SINCE 1/1 695 579 116 MM
................................................................
WIND (MPH)
AVERAGE WIND SPEED 10.7
HIGHEST WIND SPEED/DIRECTION 45/320 DATE 11/16
HIGHEST GUST SPEED/DIRECTION 57/320 DATE 11/16
AVERAGE RH (PERCENT) 56
- INDICATES NEGATIVE NUMBERS.
R INDICATES RECORD WAS SET OR TIED.
MM INDICATES DATA IS MISSING.
T INDICATES TRACE AMOUNT.
$$