000
CXUS54 KEWX 011010
CF63T5
PRELIMINARY LOCAL CLIMATOLOGICAL DATA (WS FORM: F-6)
STATION: LA GRANGE
MONTH: APRIL
YEAR: 2023
LATITUDE: 29 54 N
LONGITUDE: 96 57 W
TEMPERATURE IN F: :PCPN: SNOW: WIND :SUNSHINE: SKY :PK WND
================================================================================
1 2 3 4 5 6A 6B 7 8 9 10 11 12 13 14 15 16 17 18
12Z AVG MX 2MIN
DY MAX MIN AVG DEP HDD CDD WTR SNW DPTH SPD SPD DIR MIN PSBL S-S WX SPD DR
================================================================================
1 84 55 70 M 0 5 0.00 M M 2.8 12 20 M M 6 12 17 40
2 84 61 73 M 0 8 0.00 M M 8.0 20 170 M M 7 1 25 170
3 87 71 79 M 0 14 0.00 M M 10.5 17 160 M M 6 22 130
4 84 73 79 M 0 14 0.00 M M 14.6 21 180 M M 9 31 M
5 75 52 64 M 1 0 0.05 M M 11.6 18 150 M M 9 13 39 160
6 54 51 53 M 12 0 2.56 M M 9.8 16 330 M M 10 13 27 330
7 54 51 53 M 12 0 0.44 M M 8.6 13 10 M M 10 1 20 360
8 62 53 58 M 7 0 0.00 M M 6.3 10 350 M M 10 1 M M
9 72 53 63 M 2 0 0.00 M M 2.7 8 20 M M 9 1 M M
10 71 56 64 M 1 0 0.00 M M 3.4 8 40 M M 5 1 M M
11 74 52 63 M 2 0 0.00 M M 3.5 10 40 M M 3 M M
12 77 50 64 M 1 0 0.00 M M 2.8 9 120 M M 1 22 130
13 78 51 65 M 0 0 0.00 M M 3.7 9 160 M M 1 1 M M
14 74 60 67 M 0 2 0.00 M M 8.5 15 160 M M 8 21 150
15 86 62 74 M 0 9 0.08 M M 7.4 17 350 M M 5 13 29 99
16 73 55 64 M 1 0 0.00 M M 7.9 16 30 M M 0 23 20
17 77 49 63 M 2 0 0.00 M M 5.0 10 160 M M 3 17 110
18 82 62 72 M 0 7 T M M 10.1 16 170 M M 8 24 150
19 81 68 75 M 0 10 T M M 10.6 15 170 M M 9 1 23 170
20 83 62 73 M 0 8 0.17 M M 9.4 23 20 M M 10 13 35 M
21 76 61 69 M 0 4 0.38 M M 5.5 17 310 M M 6 13 35 50
22 79 58 69 M 0 4 T M M 6.9 13 130 M M 3 20 120
23 65 56 61 M 4 0 T M M 9.0 17 30 M M 9 1 25 30
24 71 54 63 M 2 0 0.00 M M 6.6 10 20 M M 9 M M
25 79 63 71 M 0 6 T M M 6.9 10 130 M M 9 17 120
26 85 68 77 M 0 12 T M M 8.4 14 150 M M 7 1 20 160
27 79 61 70 M 0 5 T M M 6.3 15 330 M M 5 1 20 330
28 85 58 72 M 0 7 0.27 M M 8.2 22 320 M M 7 13 31 320
29 74 54 64 M 1 0 0.00 M M 14.0 23 340 M M 2 1 38 M
30 86 52 69 M 0 4 0.00 M M 7.2 12 180 M M 0 M M
================================================================================
SM 2291 1732 48 119 3.95 M 226.0 M 186
================================================================================
AV 76.4 57.7 7.5 FASTST M M 6 MAX(MPH)
MISC ----> # 23 20 39 160
================================================================================
NOTES:
# LAST OF SEVERAL OCCURRENCES
COLUMN 17 PEAK WIND IN M.P.H.
PRELIMINARY LOCAL CLIMATOLOGICAL DATA (WS FORM: F-6) , PAGE 2
STATION: LA GRANGE
MONTH: APRIL
YEAR: 2023
LATITUDE: 29 54 N
LONGITUDE: 96 57 W
[TEMPERATURE DATA] [PRECIPITATION DATA] SYMBOLS USED IN COLUMN 16
AVERAGE MONTHLY: 67.1 TOTAL FOR MONTH: 3.95 1 = FOG OR MIST
DPTR FM NORMAL: 0.0 DPTR FM NORMAL: M 2 = FOG REDUCING VISIBILITY
HIGHEST: 87 ON 3 GRTST 24HR 2.56 ON 6- 6 TO 1/4 MILE OR LESS
LOWEST: 49 ON 17 3 = THUNDER
SNOW, ICE PELLETS, HAIL 4 = ICE PELLETS
TOTAL MONTH: M 5 = HAIL
GRTST 24HR M ON M 6 = FREEZING RAIN OR DRIZZLE
GRTST DEPTH: M ON M 7 = DUSTSTORM OR SANDSTORM:
VSBY 1/2 MILE OR LESS
8 = SMOKE OR HAZE
[NO. OF DAYS WITH] [WEATHER - DAYS WITH] 9 = BLOWING SNOW
X = TORNADO
MAX 32 OR BELOW: 0 0.01 INCH OR MORE: 7
MAX 90 OR ABOVE: 0 0.10 INCH OR MORE: 5
MIN 32 OR BELOW: 0 0.50 INCH OR MORE: 1
MIN 0 OR BELOW: 0 1.00 INCH OR MORE: 1
[HDD (BASE 65) ]
TOTAL THIS MO. 48 CLEAR (SCALE 0-3) 6
DPTR FM NORMAL M PTCLDY (SCALE 4-7) 12
TOTAL FM JUL 1 1080 CLOUDY (SCALE 8-10) 12
DPTR FM NORMAL M
[CDD (BASE 65) ]
TOTAL THIS MO. 119
DPTR FM NORMAL M [PRESSURE DATA]
TOTAL FM JAN 1 298 HIGHEST SLP M ON M
DPTR FM NORMAL M LOWEST SLP M ON M
[REMARKS]
#FINAL-04-23#