000
CXUS54 KEWX 011010
CF63T5
PRELIMINARY LOCAL CLIMATOLOGICAL DATA (WS FORM: F-6)
STATION: LA GRANGE
MONTH: SEPTEMBER
YEAR: 2021
LATITUDE: 29 54 N
LONGITUDE: 96 57 W
TEMPERATURE IN F: :PCPN: SNOW: WIND :SUNSHINE: SKY :PK WND
================================================================================
1 2 3 4 5 6A 6B 7 8 9 10 11 12 13 14 15 16 17 18
12Z AVG MX 2MIN
DY MAX MIN AVG DEP HDD CDD WTR SNW DPTH SPD SPD DIR MIN PSBL S-S WX SPD DR
================================================================================
1 98 77 88 M 0 23 0.00 M M 4.7 18 150 M M 1 13 24 150
2 97 77 87 M 0 22 0.00 M M 4.1 13 160 M M 2 1 18 150
3 96 76 86 M 0 21 0.00 M M 3.6 13 180 M M 1 20 180
4 98 74 86 M 0 21 0.00 M M 4.5 9 200 M M 3 1 10 170
5 100 73 87 M 0 22 0.00 M M 4.5 9 220 M M 1 1 M M
6 98 79 89 M 0 24 0.00 M M 3.9 8 30 M M 3 1 M M
7 96 73 85 M 0 20 0.00 M M 1.8 6 130 M M 4 18 M M
8 98 69 84 M 0 19 0.00 M M 3.1 10 30 M M 1 1 18 50
9 97 66 82 M 0 17 0.00 M M 3.2 12 30 M M 1 8 16 70
10 93 69 81 M 0 16 0.00 M M 1.9 6 120 M M 5 8 M M
11 92 60 76 M 0 11 0.00 M M 2.2 8 120 M M 4 8 M M
12 94 70 82 M 0 17 0.00 M M 3.4 8 110 M M 2 18 M M
13 89 76 83 M 0 18 0.01 M M 6.0 15 120 M M 6 25 120
14 84 72 78 M 0 13 0.00 M M 8.3 15 350 M M 10 20 350
15 87 71 79 M 0 14 0.00 M M 5.5 13 20 M M 8 17 30
16 91 68 80 M 0 15 0.00 M M 2.9 7 70 M M 2 1 M M
17 96 69 83 M 0 18 0.00 M M 1.4 6 60 M M 3 1 M M
18 98 71 85 M 0 20 0.00 M M 2.5 9 340 M M 2 18 23 30
19 97 71 84 M 0 19 0.00 M M 2.3 9 160 M M 1 18 M M
20 100 75 88 M 0 23 0.00 M M 5.6 9 160 M M 2 1 17 190
21 98 79 89 M 0 24 0.00 M M 5.8 12 20 M M 5 26 350
22 86 58 72 M 0 7 0.00 M M 8.0 14 30 M M 0 26 30
23 88 52 70 M 0 5 0.00 M M 2.3 7 130 M M 0 18 160
24 87 55 71 M 0 6 0.00 M M 3.1 9 140 M M 0 17 140
25 90 56 73 M 0 8 0.00 M M 1.8 7 80 M M 0 M M
26 90 58 74 M 0 9 0.00 M M 3.5 9 160 M M 0 M M
27 92 62 77 M 0 12 0.00 M M 2.2 6 160 M M 0 M M
28 98 70 84 M 0 19 0.95 M M 4.9 16 20 M M 6 123 28 210
29 87 69 78 M 0 13 0.02 M M 3.9 6 120 M M 3 M M
30 93 74 84 M 0 19 0.00 M M 3.5 12 160 M M 6 18 22 0
================================================================================
SM 2808 2069 0 495 0.98 M 114.6 M 82
================================================================================
AV 93.6 69.0 3.8 FASTST M M 3 MAX(MPH)
MISC ----> 18 150 28 210
================================================================================
NOTES:
# LAST OF SEVERAL OCCURRENCES
COLUMN 17 PEAK WIND IN M.P.H.
PRELIMINARY LOCAL CLIMATOLOGICAL DATA (WS FORM: F-6) , PAGE 2
STATION: LA GRANGE
MONTH: SEPTEMBER
YEAR: 2021
LATITUDE: 29 54 N
LONGITUDE: 96 57 W
[TEMPERATURE DATA] [PRECIPITATION DATA] SYMBOLS USED IN COLUMN 16
AVERAGE MONTHLY: 81.3 TOTAL FOR MONTH: 0.98 1 = FOG OR MIST
DPTR FM NORMAL: 0.0 DPTR FM NORMAL: M 2 = FOG REDUCING VISIBILITY
HIGHEST: 100 ON 20, 5 GRTST 24HR 0.95 ON 28-28 TO 1/4 MILE OR LESS
LOWEST: 52 ON 23 3 = THUNDER
SNOW, ICE PELLETS, HAIL 4 = ICE PELLETS
TOTAL MONTH: M 5 = HAIL
GRTST 24HR M ON M 6 = FREEZING RAIN OR DRIZZLE
GRTST DEPTH: M ON M 7 = DUSTSTORM OR SANDSTORM:
VSBY 1/2 MILE OR LESS
8 = SMOKE OR HAZE
[NO. OF DAYS WITH] [WEATHER - DAYS WITH] 9 = BLOWING SNOW
X = TORNADO
MAX 32 OR BELOW: 0 0.01 INCH OR MORE: 3
MAX 90 OR ABOVE: 23 0.10 INCH OR MORE: 1
MIN 32 OR BELOW: 0 0.50 INCH OR MORE: 1
MIN 0 OR BELOW: 0 1.00 INCH OR MORE: 0
[HDD (BASE 65) ]
TOTAL THIS MO. 0 CLEAR (SCALE 0-3) 18
DPTR FM NORMAL M PTCLDY (SCALE 4-7) 11
TOTAL FM JUL 1 0 CLOUDY (SCALE 8-10) 1
DPTR FM NORMAL M
[CDD (BASE 65) ]
TOTAL THIS MO. 495
DPTR FM NORMAL M [PRESSURE DATA]
TOTAL FM JAN 1 2914 HIGHEST SLP M ON M
DPTR FM NORMAL M LOWEST SLP M ON M
[REMARKS]
#FINAL-09-21#