000
CXUS54 KEWX 011010
CF63T5
PRELIMINARY LOCAL CLIMATOLOGICAL DATA (WS FORM: F-6)
STATION: LA GRANGE
MONTH: JUNE
YEAR: 2021
LATITUDE: 29 54 N
LONGITUDE: 96 57 W
TEMPERATURE IN F: :PCPN: SNOW: WIND :SUNSHINE: SKY :PK WND
================================================================================
1 2 3 4 5 6A 6B 7 8 9 10 11 12 13 14 15 16 17 18
12Z AVG MX 2MIN
DY MAX MIN AVG DEP HDD CDD WTR SNW DPTH SPD SPD DIR MIN PSBL S-S WX SPD DR
================================================================================
1 83 70 77 M 0 12 0.28 M M 3.1 7 30 M M 7 24 300
2 88 68 78 M 0 13 0.18 M M 3.3 13 350 M M 3 22 350
3 81 66 74 M 0 9 0.31 M M 4.7 15 330 M M 5 3 20 330
4 84 70 77 M 0 12 0.04 M M 1.7 8 250 M M 7 M M
5 87 69 78 M 0 13 0.52 M M 1.6 9 60 M M 7 13 M M
6 92 69 81 M 0 16 0.00 M M 4.8 10 160 M M 5 M M
7 91 79 85 M 0 20 0.00 M M 10.3 18 190 M M 8 1 27 160
8 92 79 86 M 0 21 0.00 M M 8.1 16 170 M M 7 1 22 170
9 94 78 86 M 0 21 0.00 M M 7.4 14 170 M M 5 1 20 180
10 94 78 86 M 0 21 0.00 M M 7.6 13 160 M M 6 18 20 160
11 93 78 86 M 0 21 0.00 M M 8.2 13 190 M M 7 20 210
12 94 77 86 M 0 21 0.00 M M 3.5 10 160 M M 4 M M
13 96 77 87 M 0 22 0.00 M M 1.4 6 290 M M 2 M M
14 98 74 86 M 0 21 0.51 M M 2.1 8 240 M M 2 3 35 0
15 96 74 85 M 0 20 0.00 M M 2.3 10 100 M M 2 32 110
16 94 71 83 M 0 18 0.00 M M 2.6 7 80 M M 1 M M
17 96 76 86 M 0 21 0.01 M M 1.3 7 110 M M 2 1 M M
18 92 75 84 M 0 19 0.00 M M 1.5 6 70 M M 2 M M
19 94 71 83 M 0 18 0.00 M M 3.5 8 160 M M 2 M M
20 93 75 84 M 0 19 0.00 M M 6.1 13 160 M M 5 1 20 150
21 92 79 86 M 0 21 0.13 M M 6.4 12 160 M M 7 13 18 160
22 89 74 82 M 0 17 0.07 M M 3.7 14 10 M M 5 13 32 10
23 95 76 86 M 0 21 0.00 M M 5.4 12 160 M M 3 1 18 160
24 95 76 86 M 0 21 0.00 0.0 0 6.4 14 160 M M 4 1 20 150
25 94 79 87 M 0 22 0.00 0.0 0 7.5 14 160 M M 4 1 21 210
26 93 77 85 M 0 20 0.00 0.0 0 7.0 10 170 M M 4 1 23 170
27 90 76 83 M 0 18 0.04 M M 2.4 6 230 M M 3 M M
28 87 74 81 M 0 16 0.16 M M 2.5 8 30 M M 6 1 25 30
29 85 74 80 M 0 15 0.16 M M 2.1 8 120 M M 4 1 22 190
30 92 75 84 M 0 19 0.34 0.0 0 2.1 10 180 M M 7 1 23 180
================================================================================
SM 2744 2234 0 548 2.75 0.0 130.6 M 136
================================================================================
AV 91.5 74.5 4.4 FASTST M M 5 MAX(MPH)
MISC ----> 18 190 35 0
================================================================================
NOTES:
# LAST OF SEVERAL OCCURRENCES
COLUMN 17 PEAK WIND IN M.P.H.
PRELIMINARY LOCAL CLIMATOLOGICAL DATA (WS FORM: F-6) , PAGE 2
STATION: LA GRANGE
MONTH: JUNE
YEAR: 2021
LATITUDE: 29 54 N
LONGITUDE: 96 57 W
[TEMPERATURE DATA] [PRECIPITATION DATA] SYMBOLS USED IN COLUMN 16
AVERAGE MONTHLY: 83.0 TOTAL FOR MONTH: 2.75 1 = FOG OR MIST
DPTR FM NORMAL: 0.0 DPTR FM NORMAL: M 2 = FOG REDUCING VISIBILITY
HIGHEST: 98 ON 14 GRTST 24HR 0.52 ON 5- 5 TO 1/4 MILE OR LESS
LOWEST: 66 ON 3 3 = THUNDER
SNOW, ICE PELLETS, HAIL 4 = ICE PELLETS
TOTAL MONTH: 0.0 INCH 5 = HAIL
GRTST 24HR 0.0 6 = FREEZING RAIN OR DRIZZLE
GRTST DEPTH: 0 7 = DUSTSTORM OR SANDSTORM:
VSBY 1/2 MILE OR LESS
8 = SMOKE OR HAZE
[NO. OF DAYS WITH] [WEATHER - DAYS WITH] 9 = BLOWING SNOW
X = TORNADO
MAX 32 OR BELOW: 0 0.01 INCH OR MORE: 13
MAX 90 OR ABOVE: 22 0.10 INCH OR MORE: 9
MIN 32 OR BELOW: 0 0.50 INCH OR MORE: 2
MIN 0 OR BELOW: 0 1.00 INCH OR MORE: 0
[HDD (BASE 65) ]
TOTAL THIS MO. 0 CLEAR (SCALE 0-3) 9
DPTR FM NORMAL M PTCLDY (SCALE 4-7) 21
TOTAL FM JUL 1 1445 CLOUDY (SCALE 8-10) 0
DPTR FM NORMAL M
[CDD (BASE 65) ]
TOTAL THIS MO. 548
DPTR FM NORMAL M [PRESSURE DATA]
TOTAL FM JAN 1 1197 HIGHEST SLP M ON M
DPTR FM NORMAL M LOWEST SLP M ON M
[REMARKS]
#FINAL-06-21#