000
CXUS55 KABR 011200
CF68D3
PRELIMINARY LOCAL CLIMATOLOGICAL DATA (WS FORM: F-6)
STATION: SISSETON SD
MONTH: DECEMBER
YEAR: 2020
LATITUDE: 45 40 N
LONGITUDE: 96 59 W
TEMPERATURE IN F: :PCPN: SNOW: WIND :SUNSHINE: SKY :PK WND
================================================================================
1 2 3 4 5 6A 6B 7 8 9 10 11 12 13 14 15 16 17 18
12Z AVG MX 2MIN
DY MAX MIN AVG DEP HDD CDD WTR SNW DPTH SPD SPD DIR MIN PSBL S-S WX SPD DR
================================================================================
1 41 17 29 7 36 0 0.00 0.0 0 7.7 15 140 M M 0 18 160
2 37 24 31 9 34 0 0.00 0.0 0 11.4 21 340 M M 0 26 340
3 47 25 36 15 29 0 0.00 0.0 0 10.4 18 300 M M 0 25 270
4 49 22 36 15 29 0 0.00 0.0 0 4.8 10 300 M M 0 13 310
5 50 23 37 17 28 0 0.00 0.0 0 10.7 25 330 M M 0 33 320
6 54 20 37 17 28 0 0.00 0.0 0 5.9 21 260 M M 0 26 250
7 47 20 34 14 31 0 0.00 0.0 0 5.2 17 330 M M 0 22 340
8 57 26 42 23 23 0 0.00 0.0 0 11.1 18 260 M M 0 30 260
9 54 30 42 23 23 0 0.00 0.0 0 7.6 16 320 M M 0 20 320
10 40 26 33 15 32 0 0.00 0.0 0 13.5 29 350 M M 0 38 340
11 32 25 29 11 36 0 0.00 0.0 0 10.1 16 10 M M 0 20 10
12 26 20 23 5 42 0 T 0.0 0 9.4 15 10 M M 0 6 18 360
13 30 10 20 3 45 0 T T 0 15.0 29 320 M M 0 36 310
14 14 8 11 -6 54 0 0.00 0.0 0 6.9 18 320 M M 0 23 310
15 28 9 19 2 46 0 0.00 0.0 0 9.0 15 220 M M 0 19 220
16 34 21 28 12 37 0 0.00 0.0 0 9.6 18 180 M M 0 24 180
17 39 14 27 11 38 0 0.00 0.0 0 7.8 21 160 M M 0 27 150
18 39 11 25 9 40 0 0.01 0.0 0 15.7 28 320 M M 0 36 320
19 39 3 21 5 44 0 0.00 0.0 0 11.4 25 240 M M 0 35 240
20 44 27 36 21 29 0 T 0.0 0 14.2 30 300 M M 0 40 300
21 42 17 30 15 35 0 0.00 0.0 0 21.9 44 320 M M 0 60 330
22 56 21 39 24 26 0 0.00 0.0 0 15.0 32 210 M M 0 46 220
23 42 -1 21 6 44 0 0.14 2.1 0 33.7 48 340 M M 0 63 350
24 9 -6 2 -13 63 0 0.00 0.0 2 13.3 25 320 M M 0 34 320
25 39 4 22 8 43 0 0.00 0.0 2 8.1 21 330 M M 0 26 320
26 28 11 20 6 45 0 0.00 0.0 2 3.8 12 130 M M 0 13 130
27 25 12 19 5 46 0 0.02 0.3 2 10.9 24 340 M M 0 29 350
28 22 -1 11 -3 54 0 T T 2 8.5 17 320 M M 0 22 300
29 25 4 15 1 50 0 0.28 3.9 2 11.2 29 320 M M 0 38 320
30 24 5 15 1 50 0 T T 6 15.5 30 330 M M 0 41 330
31 24 9 17 3 48 0 0.00 0.0 6 9.8 16 230 M M 0 19 220
================================================================================
SM 1137 456 1208 0 0.45 6.3 349.1 M 0
================================================================================
AV 36.7 14.7 11.3 FASTST M M 0 MAX(MPH)
MISC ----> 48 340 63 350
================================================================================
NOTES:
# LAST OF SEVERAL OCCURRENCES
COLUMN 17 PEAK WIND IN M.P.H.
PRELIMINARY LOCAL CLIMATOLOGICAL DATA (WS FORM: F-6) , PAGE 2
STATION: SISSETON SD
MONTH: DECEMBER
YEAR: 2020
LATITUDE: 45 40 N
LONGITUDE: 96 59 W
[TEMPERATURE DATA] [PRECIPITATION DATA] SYMBOLS USED IN COLUMN 16
AVERAGE MONTHLY: 25.7 TOTAL FOR MONTH: 0.45 1 = FOG OR MIST
DPTR FM NORMAL: 8.7 DPTR FM NORMAL: 0.06 2 = FOG REDUCING VISIBILITY
HIGHEST: 57 ON 8 GRTST 24HR 0.28 ON 29-29 TO 1/4 MILE OR LESS
LOWEST: -6 ON 24 3 = THUNDER
SNOW, ICE PELLETS, HAIL 4 = ICE PELLETS
TOTAL MONTH: 6.3 INCHES 5 = HAIL
GRTST 24HR 3.9 ON 29-29 6 = FREEZING RAIN OR DRIZZLE
GRTST DEPTH: 6 ON 31,30 7 = DUSTSTORM OR SANDSTORM:
VSBY 1/2 MILE OR LESS
8 = SMOKE OR HAZE
[NO. OF DAYS WITH] [WEATHER - DAYS WITH] 9 = BLOWING SNOW
X = TORNADO
MAX 32 OR BELOW: 12 0.01 INCH OR MORE: 4
MAX 90 OR ABOVE: 0 0.10 INCH OR MORE: 2
MIN 32 OR BELOW: 31 0.50 INCH OR MORE: 0
MIN 0 OR BELOW: 3 1.00 INCH OR MORE: 0
[HDD (BASE 65) ]
TOTAL THIS MO. 1208 CLEAR (SCALE 0-3) 31
DPTR FM NORMAL -280 PTCLDY (SCALE 4-7) 0
TOTAL FM JUL 1 2961 CLOUDY (SCALE 8-10) 0
DPTR FM NORMAL -379
[CDD (BASE 65) ]
TOTAL THIS MO. 0
DPTR FM NORMAL 0 [PRESSURE DATA]
TOTAL FM JAN 1 691 HIGHEST SLP 30.52 ON 14
DPTR FM NORMAL 164 LOWEST SLP 29.22 ON 22
[REMARKS]
#FINAL-12-20#