000
CXUS55 KABQ 011000
CF6ABQ
PRELIMINARY LOCAL CLIMATOLOGICAL DATA (WS FORM: F-6)
STATION: ALBUQUERQUE NM
MONTH: NOVEMBER
YEAR: 2020
LATITUDE: 35 2 N
LONGITUDE: 106 37 W
TEMPERATURE IN F: :PCPN: SNOW: WIND :SUNSHINE: SKY :PK WND
================================================================================
1 2 3 4 5 6A 6B 7 8 9 10 11 12 13 14 15 16 17 18
12Z AVG MX 2MIN
DY MAX MIN AVG DEP HDD CDD WTR SNW DPTH SPD SPD DIR MIN PSBL S-S WX SPD DR
================================================================================
1 67 48 58 7 7 0 0.00 0.0 0 7.8 28 100 M M 5 37 90
2 67 41 54 3 11 0 0.00 0.0 0 4.4 10 360 M M 3 8 14 10
3 68 42 55 5 10 0 0.00 0.0 0 5.2 12 10 M M 5 15 360
4 75 45 60 10 5 0 0.00 0.0 0 5.3 21 330 M M 3 27 330
5 75 45 60 10 5 0 0.00 0.0 0 5.4 14 350 M M 0 20 350
6 72 44 58 9 7 0 0.00 0.0 0 6.5 23 190 M M 5 30 190
7 69 51 60 11 5 0 0.00 0.0 0 12.5 32 200 M M 8 44 190
8 65 45 55 7 10 0 0.12 0.0 0 12.9 36 200 M M 4 3 48 190
9 54 30 42 -6 23 0 0.00 0.0 0 12.4 30 270 M M 5 39 270
10 49 25 37 -10 28 0 0.00 0.0 0 5.6 16 320 M M 1 21 350
11 52 25 39 -8 26 0 0.00 0.0 0 3.4 10 10 M M 2 12 300
12 57 29 43 -3 22 0 0.00 0.0 0 1.3 8 10 M M 4 10 360
13 56 36 46 0 19 0 0.00 0.0 0 5.8 14 350 M M 6 19 360
14 60 34 47 1 18 0 0.00 0.0 0 14.6 38 300 M M 1 52 290
15 59 30 45 0 20 0 0.00 0.0 0 3.1 13 340 M M 0 16 340
16 65 31 48 3 17 0 0.00 0.0 0 4.1 13 20 M M 0 16 40
17 67 36 52 8 13 0 0.00 0.0 0 5.0 15 360 M M 2 19 360
18 71 41 56 12 9 0 0.00 0.0 0 6.8 15 180 M M 2 19 160
19 76 46 61 18 4 0 0.00 0.0 0 8.9 22 250 M M 1 34 300
20 70 43 57 14 8 0 0.00 0.0 0 5.9 21 80 M M 5 25 90
21 67 48 58 16 7 0 0.00 0.0 0 4.8 10 160 M M 6 15 170
22 55 44 50 8 15 0 0.00 0.0 0 19.8 35 80 M M 7 45 90
23 62 43 53 11 12 0 0.00 0.0 0 7.6 23 190 M M 9 34 190
24 54 37 46 5 19 0 T 0.0 0 10.8 33 280 M M 5 43 270
25 54 27 41 0 24 0 0.00 0.0 0 4.0 12 10 M M 0 15 10
26 56 27 42 2 23 0 0.00 0.0 0 3.6 14 350 M M 1 18 350
27 46 33 40 0 25 0 T 0.0 0 20.3 37 90 M M 8 52 90
28 50 33 42 2 23 0 0.00 0.0 0 8.4 22 100 M M 4 29 100
29 53 27 40 0 25 0 0.00 0.0 0 9.7 23 100 M M 0 31 80
30 46 25 36 -3 29 0 0.00 0.0 0 5.9 23 90 M M 1 31 90
================================================================================
SM 1837 1111 469 0 0.12 0.0 231.8 M 103
================================================================================
AV 61.2 37.0 7.7 FASTST M M 3 MAX(MPH)
MISC ----> # 38 300 # 52 290
================================================================================
NOTES:
# LAST OF SEVERAL OCCURRENCES
COLUMN 17 PEAK WIND IN M.P.H.
PRELIMINARY LOCAL CLIMATOLOGICAL DATA (WS FORM: F-6) , PAGE 2
STATION: ALBUQUERQUE NM
MONTH: NOVEMBER
YEAR: 2020
LATITUDE: 35 2 N
LONGITUDE: 106 37 W
[TEMPERATURE DATA] [PRECIPITATION DATA] SYMBOLS USED IN COLUMN 16
AVERAGE MONTHLY: 49.1 TOTAL FOR MONTH: 0.12 1 = FOG OR MIST
DPTR FM NORMAL: 4.2 DPTR FM NORMAL: -0.45 2 = FOG REDUCING VISIBILITY
HIGHEST: 76 ON 19 GRTST 24HR 0.12 ON 8- 8 TO 1/4 MILE OR LESS
LOWEST: 25 ON 30,11 3 = THUNDER
SNOW, ICE PELLETS, HAIL 4 = ICE PELLETS
TOTAL MONTH: 0.0 INCH 5 = HAIL
GRTST 24HR 0.0 6 = FREEZING RAIN OR DRIZZLE
GRTST DEPTH: 0 7 = DUSTSTORM OR SANDSTORM:
VSBY 1/2 MILE OR LESS
8 = SMOKE OR HAZE
[NO. OF DAYS WITH] [WEATHER - DAYS WITH] 9 = BLOWING SNOW
X = TORNADO
MAX 32 OR BELOW: 0 0.01 INCH OR MORE: 1
MAX 90 OR ABOVE: 0 0.10 INCH OR MORE: 1
MIN 32 OR BELOW: 10 0.50 INCH OR MORE: 0
MIN 0 OR BELOW: 0 1.00 INCH OR MORE: 0
[HDD (BASE 65) ]
TOTAL THIS MO. 469 CLEAR (SCALE 0-3) 14
DPTR FM NORMAL -132 PTCLDY (SCALE 4-7) 15
TOTAL FM JUL 1 714 CLOUDY (SCALE 8-10) 1
DPTR FM NORMAL -153
[CDD (BASE 65) ]
TOTAL THIS MO. 0
DPTR FM NORMAL 0 [PRESSURE DATA]
TOTAL FM JAN 1 1738 HIGHEST SLP M ON M
DPTR FM NORMAL 416 LOWEST SLP 29.45 ON 7
[REMARKS]
#FINAL-11-20#