000
CXUS52 KTAE 010800
CF6ABY
PRELIMINARY LOCAL CLIMATOLOGICAL DATA (WS FORM: F-6)
STATION: ALBANY
MONTH: JULY
YEAR: 2022
LATITUDE: 31 31 N
LONGITUDE: 84 11 W
TEMPERATURE IN F: :PCPN: SNOW: WIND :SUNSHINE: SKY :PK WND
================================================================================
1 2 3 4 5 6A 6B 7 8 9 10 11 12 13 14 15 16 17 18
12Z AVG MX 2MIN
DY MAX MIN AVG DEP HDD CDD WTR SNW DPTH SPD SPD DIR MIN PSBL S-S WX SPD DR
================================================================================
1 92 73 83 1 0 18 0.67 0.0 0 3.3 17 300 M M 2 123 19 290
2 91 74 83 1 0 18 0.11 0.0 0 3.5 23 200 M M 3 13 28 200
3 92 73 83 1 0 18 0.00 0.0 0 5.8 23 250 M M 3 1238 29 250
4 93 73 83 1 0 18 0.00 0.0 0 4.0 12 220 M M 4 1 14 210
5 96 75 86 3 0 21 0.01 0.0 0 4.1 23 50 M M 2 3 30 90
6 95 76 86 3 0 21 0.00 0.0 0 4.2 12 250 M M 2 14 250
7 97 76 87 4 0 22 T 0.0 0 4.7 17 300 M M 2 3 24 290
8 97 75 86 3 0 21 0.39 0.0 0 6.4 20 20 M M 3 13 28 30
9 95 74 85 2 0 20 0.00 0.0 0 5.2 25 340 M M 3 3 32 340
10 93 76 85 2 0 20 0.00 0.0 M 4.7 12 210 M M 3 14 330
11 87 73 80 -3 0 15 1.20 0.0 M 5.2 14 190 M M 7 13 18 60
12 87 73 80 -3 0 15 0.38 0.0 M 3.6 20 130 M M 6 138 27 130
13 87 75 81 -2 0 16 0.02 0.0 0 5.1 13 310 M M 6 138 16 300
14 87 74 81 -2 0 16 0.12 0.0 0 4.1 14 160 M M 4 13 18 150
15 89 72 81 -2 0 16 0.02 0.0 0 4.6 17 170 M M 5 1 21 170
16 91 70 81 -2 0 16 0.03 0.0 0 3.7 16 200 M M 2 38 20 190
17 91 70 81 -2 0 16 0.00 0.0 0 3.2 12 160 M M 2 15 90
18 91 73 82 -1 0 17 0.00 0.0 0 4.7 17 180 M M 2 22 200
19 90 75 83 0 0 18 0.18 0.0 M 5.8 13 180 M M 2 13 17 290
20 92 74 83 0 0 18 0.26 0.0 M 6.4 28 290 M M 2 138 38 300
21 90 74 82 -1 0 17 T M M 6.2 22 210 M M 6 13 28 210
22 89 75 82 -1 0 17 0.27 0.0 M 3.8 20 260 M M 3 138 24 270
23 93 72 83 0 0 18 0.00 M M 3.1 16 200 M M 0 1 19 200
24 93 71 82 -2 0 17 2.18 0.0 M 4.3 30 90 M M 3 13 35 90
25 92 72 82 -2 0 17 0.25 0.0 M 3.2 20 170 M M 2 3 24 30
26 93 71 82 -2 0 17 T 0.0 0 2.4 12 190 M M 1 15 180
27 93 73 83 -1 0 18 0.00 0.0 0 4.2 17 220 M M 2 21 220
28 93 74 84 0 0 19 T 0.0 0 4.2 25 190 M M 1 29 210
29 91 74 83 -1 0 18 0.35 0.0 M 5.9 23 250 M M 2 13 31 230
30 94 74 84 0 0 19 0.00 0.0 M 6.1 14 190 M M 1 17 200
31 94 72 83 -1 0 18 0.00 0.0 0 3.3 13 200 M M 1 8 18 210
================================================================================
SM 2848 2276 0 555 6.44 0.0 139.0 M 87
================================================================================
AV 91.9 73.4 4.5 FASTST M M 3 MAX(MPH)
MISC ----> 30 90 38 300
================================================================================
NOTES:
# LAST OF SEVERAL OCCURRENCES
COLUMN 17 PEAK WIND IN M.P.H.
PRELIMINARY LOCAL CLIMATOLOGICAL DATA (WS FORM: F-6) , PAGE 2
STATION: ALBANY
MONTH: JULY
YEAR: 2022
LATITUDE: 31 31 N
LONGITUDE: 84 11 W
[TEMPERATURE DATA] [PRECIPITATION DATA] SYMBOLS USED IN COLUMN 16
AVERAGE MONTHLY: 82.6 TOTAL FOR MONTH: 6.44 1 = FOG OR MIST
DPTR FM NORMAL: -0.5 DPTR FM NORMAL: 1.32 2 = FOG REDUCING VISIBILITY
HIGHEST: 97 ON 8, 7 GRTST 24HR 2.18 ON 24-24 TO 1/4 MILE OR LESS
LOWEST: 70 ON 17,16 3 = THUNDER
SNOW, ICE PELLETS, HAIL 4 = ICE PELLETS
TOTAL MONTH: 0.0 INCH 5 = HAIL
GRTST 24HR 0.0 6 = FREEZING RAIN OR DRIZZLE
GRTST DEPTH: 0 7 = DUSTSTORM OR SANDSTORM:
VSBY 1/2 MILE OR LESS
8 = SMOKE OR HAZE
[NO. OF DAYS WITH] [WEATHER - DAYS WITH] 9 = BLOWING SNOW
X = TORNADO
MAX 32 OR BELOW: 0 0.01 INCH OR MORE: 16
MAX 90 OR ABOVE: 25 0.10 INCH OR MORE: 12
MIN 32 OR BELOW: 0 0.50 INCH OR MORE: 3
MIN 0 OR BELOW: 0 1.00 INCH OR MORE: 2
[HDD (BASE 65) ]
TOTAL THIS MO. 0 CLEAR (SCALE 0-3) 24
DPTR FM NORMAL 0 PTCLDY (SCALE 4-7) 7
TOTAL FM JUL 1 0 CLOUDY (SCALE 8-10) 0
DPTR FM NORMAL 0
[CDD (BASE 65) ]
TOTAL THIS MO. 555
DPTR FM NORMAL -6 [PRESSURE DATA]
TOTAL FM JAN 1 1902 HIGHEST SLP 30.24 ON 31
DPTR FM NORMAL 363 LOWEST SLP 29.86 ON 10
[REMARKS]
#FINAL-07-22#