000
CXUS56 KEKA 012231
CF6ACV
PRELIMINARY LOCAL CLIMATOLOGICAL DATA (WS FORM: F-6)
STATION: ARCATA CA
MONTH: APRIL
YEAR: 2022
LATITUDE: 40 58 N
LONGITUDE: 124 6 W
TEMPERATURE IN F: :PCPN: SNOW: WIND :SUNSHINE: SKY :PK WND
================================================================================
1 2 3 4 5 6A 6B 7 8 9 10 11 12 13 14 15 16 17 18
12Z AVG MX 2MIN
DY MAX MIN AVG DEP HDD CDD WTR SNW DPTH SPD SPD DIR MIN PSBL S-S WX SPD DR
================================================================================
1 54 41 48 -2 17 0 0.00 M M 8.7 22 320 M M 6 18 29 320
2 59 36 48 -2 17 0 0.00 M M 8.9 25 320 M M 1 1 35 320
3 53 37 45 -5 20 0 0.00 M M 4.7 16 300 M M 4 1 22 310
4 53 41 47 -3 18 0 0.88 M M 6.8 14 200 M M 10 1 20 140
5 55 36 46 -4 19 0 0.00 M M 8.1 21 330 M M 1 18 30 350
6 62 36 49 -1 16 0 0.00 M M 4.2 15 320 M M 0 18 19 320
7 64 40 52 2 13 0 0.00 M M 3.6 13 320 M M 0 18 19 330
8 56 42 49 -1 16 0 T M M 12.0 25 320 M M 5 1 39 310
9 55 42 49 -1 16 0 T M M 16.1 32 330 M M 0 48 350
10 53 41 47 -3 18 0 0.24 M M 9.5 18 310 M M 3 1 25 320
11 50 41 46 -4 19 0 0.62 M M 13.4 29 310 M M 9 138 41 320
12 50 37 44 -6 21 0 0.17 M M 7.6 14 180 M M 8 1 23 250
13 52 43 48 -2 17 0 0.72 M M 9.9 20 210 M M 10 1 26 170
14 50 34 42 -8 23 0 0.21 M M 8.0 20 310 M M 7 1 25 320
15 48 31 40 -10 25 0 0.29 M M 4.4 13 310 M M 5 1 16 320
16 52 38 45 -5 20 0 0.31 M M 6.7 15 310 M M 4 1 20 330
17 54 36 45 -5 20 0 0.00 M M 4.9 14 240 M M 0 18 220
18 57 40 49 -1 16 0 0.69 M M 10.3 26 160 M M 8 1 45 140
19 56 44 50 0 15 0 0.10 M M 9.0 18 180 M M 5 1 26 170
20 60 47 54 4 11 0 0.34 M M 14.0 37 200 M M 9 1 53 210
21 59 44 52 2 13 0 0.19 M M 9.6 25 150 M M 7 18 34 150
22 56 42 49 -1 16 0 0.00 M M 4.2 10 270 M M 4 1 16 110
23 54 38 46 -5 19 0 0.00 M M 5.7 17 310 M M 5 1 24 300
24 54 39 47 -4 18 0 0.00 M M 5.3 14 300 M M 3 1 20 330
25 57 43 50 -1 15 0 0.00 M M 6.6 20 310 M M 3 18 25 320
26 55 38 47 -4 18 0 0.00 M M 9.7 23 310 M M 1 31 320
27 55 38 47 -4 18 0 0.00 M M 7.7 21 310 M M 1 29 310
28 55 40 48 -3 17 0 T M M 4.6 13 280 M M 4 17 290
29 56 37 47 -4 18 0 T M M 2.9 10 280 M M 4 14 270
30 56 45 51 0 14 0 0.32 M M 5.8 17 310 M M 9 1 22 310
================================================================================
SM 1650 1187 523 0 5.08 M 232.9 M 136
================================================================================
AV 55.0 39.6 7.8 FASTST M M 5 MAX(MPH)
MISC ----> 37 200 53 210
================================================================================
NOTES:
# LAST OF SEVERAL OCCURRENCES
COLUMN 17 PEAK WIND IN M.P.H.
PRELIMINARY LOCAL CLIMATOLOGICAL DATA (WS FORM: F-6) , PAGE 2
STATION: ARCATA CA
MONTH: APRIL
YEAR: 2022
LATITUDE: 40 58 N
LONGITUDE: 124 6 W
[TEMPERATURE DATA] [PRECIPITATION DATA] SYMBOLS USED IN COLUMN 16
AVERAGE MONTHLY: 47.3 TOTAL FOR MONTH: 5.08 1 = FOG OR MIST
DPTR FM NORMAL: -3.0 DPTR FM NORMAL: 0.97 2 = FOG REDUCING VISIBILITY
HIGHEST: 64 ON 7 GRTST 24HR 0.88 ON 4- 4 TO 1/4 MILE OR LESS
LOWEST: 31 ON 15 3 = THUNDER
SNOW, ICE PELLETS, HAIL 4 = ICE PELLETS
TOTAL MONTH: M 5 = HAIL
GRTST 24HR M ON M 6 = FREEZING RAIN OR DRIZZLE
GRTST DEPTH: M ON M 7 = DUSTSTORM OR SANDSTORM:
VSBY 1/2 MILE OR LESS
8 = SMOKE OR HAZE
[NO. OF DAYS WITH] [WEATHER - DAYS WITH] 9 = BLOWING SNOW
X = TORNADO
MAX 32 OR BELOW: 0 0.01 INCH OR MORE: 13
MAX 90 OR ABOVE: 0 0.10 INCH OR MORE: 13
MIN 32 OR BELOW: 1 0.50 INCH OR MORE: 4
MIN 0 OR BELOW: 0 1.00 INCH OR MORE: 0
[HDD (BASE 65) ]
TOTAL THIS MO. 523 CLEAR (SCALE 0-3) 10
DPTR FM NORMAL 81 PTCLDY (SCALE 4-7) 15
TOTAL FM JUL 1 4165 CLOUDY (SCALE 8-10) 5
DPTR FM NORMAL 256
[CDD (BASE 65) ]
TOTAL THIS MO. 0
DPTR FM NORMAL 0 [PRESSURE DATA]
TOTAL FM JAN 1 0 HIGHEST SLP 30.39 ON 8
DPTR FM NORMAL 0 LOWEST SLP 29.68 ON 20
[REMARKS]
#FINAL-04-22#