000
CXUS55 KCYS 011713
CF6AIA
PRELIMINARY LOCAL CLIMATOLOGICAL DATA (WS FORM: F-6)
STATION: ALLIANCE NEBRASKA AIRPORT
MONTH: OCTOBER
YEAR: 2023
LATITUDE: 42 2 N
LONGITUDE: 102 48 W
TEMPERATURE IN F: :PCPN: SNOW: WIND :SUNSHINE: SKY :PK WND
================================================================================
1 2 3 4 5 6A 6B 7 8 9 10 11 12 13 14 15 16 17 18
12Z AVG MX 2MIN
DY MAX MIN AVG DEP HDD CDD WTR SNW DPTH SPD SPD DIR MIN PSBL S-S WX SPD DR
================================================================================
1 85 59 72 19 0 7 T M M 18.4 31 160 M M 0 41 160
2 86 49 68 16 0 3 0.70 M M 10.2 29 150 M M 4 123 45 160
3 68 42 55 3 10 0 0.04 M M 11.5 24 280 M M 3 1 32 290
4 69 36 53 2 12 0 0.00 M M 9.6 23 280 M M 2 31 270
5 62 44 53 3 12 0 T M M 9.4 17 290 M M 7 22 280
6 53 27 40 -10 25 0 0.00 M M 11.2 29 340 M M 3 39 310
7 72 24 48 -2 17 0 0.00 M M 5.2 13 300 M M 0 18 16 300
8 74 30 52 3 13 0 0.00 M M 5.1 14 360 M M 0 18 20 360
9 72 28 50 2 15 0 0.00 M M 6.0 16 170 M M 0 22 190
10 77 30 54 6 11 0 0.00 M M 3.6 12 130 M M 0 15 120
11 75 39 57 9 8 0 0.12 M M 7.7 17 90 M M 2 13 23 90
12 53 36 45 -2 20 0 0.60 M M 18.5 36 340 M M 10 1 52 340
13 47 32 40 -7 25 0 0.07 M M 20.6 38 340 M M 8 56 340
14 50 25 38 -8 27 0 0.00 M M 5.5 10 280 M M 1 14 320
15 58 29 44 -2 21 0 0.00 M M 3.7 12 140 M M 4 12 13 140
16 72 27 50 5 15 0 0.00 M M 4.2 10 290 M M 0 17 290
17 83 33 58 13 7 0 0.00 M M 9.3 25 360 M M 0 36 10
18 65 35 50 6 15 0 0.00 M M 15.5 33 320 M M 0 45 320
19 76 35 56 12 9 0 0.00 M M 12.3 28 310 M M 0 43 330
20 80 34 57 13 8 0 0.00 M M 8.7 21 350 M M 0 28 330
21 71 32 52 9 13 0 0.00 M M 8.0 17 120 M M 0 23 70
22 68 35 52 9 13 0 T M M 11.2 32 150 M M 0 43 150
23 79 30 55 13 10 0 0.00 M M 7.5 18 340 M M 0 24 340
24 58 41 50 8 15 0 0.00 M M 7.8 13 50 M M 7 12 18 350
25 59 34 47 5 18 0 0.00 M M 12.3 23 170 M M 9 1 29 170
26 34 18 26 -15 39 0 T M M 14.5 23 330 M M 8 16 32 340
27 33 6 20 -21 45 0 0.00 M M 6.5 18 320 M M 4 26 340
28 25 21 23 -17 42 0 T M M 7.8 15 80 M M 10 18 19 70
29 33 10 22 -18 43 0 T M M 10.7 26 320 M M 4 37 320
30 46 4 25 -15 40 0 0.00 M M 10.1 24 320 M M 0 32 300
31 48 9 29 -10 36 0 0.00 M M 6.4 14 180 M M 3 19 200
================================================================================
SM 1931 934 584 10 1.53 M 299.0 M 89
================================================================================
AV 62.3 30.1 9.6 FASTST M M 3 MAX(MPH)
MISC ----> 38 340 56 340
================================================================================
NOTES:
# LAST OF SEVERAL OCCURRENCES
COLUMN 17 PEAK WIND IN M.P.H.
PRELIMINARY LOCAL CLIMATOLOGICAL DATA (WS FORM: F-6) , PAGE 2
STATION: ALLIANCE NEBRASKA AIRPORT
MONTH: OCTOBER
YEAR: 2023
LATITUDE: 42 2 N
LONGITUDE: 102 48 W
[TEMPERATURE DATA] [PRECIPITATION DATA] SYMBOLS USED IN COLUMN 16
AVERAGE MONTHLY: 46.2 TOTAL FOR MONTH: 1.53 1 = FOG OR MIST
DPTR FM NORMAL: 0.7 DPTR FM NORMAL: 0.62 2 = FOG REDUCING VISIBILITY
HIGHEST: 86 ON 2 GRTST 24HR 0.74 ON 2- 3 TO 1/4 MILE OR LESS
LOWEST: 4 ON 30 3 = THUNDER
SNOW, ICE PELLETS, HAIL 4 = ICE PELLETS
TOTAL MONTH: M 5 = HAIL
GRTST 24HR M ON M 6 = FREEZING RAIN OR DRIZZLE
GRTST DEPTH: M ON M 7 = DUSTSTORM OR SANDSTORM:
VSBY 1/2 MILE OR LESS
8 = SMOKE OR HAZE
[NO. OF DAYS WITH] [WEATHER - DAYS WITH] 9 = BLOWING SNOW
X = TORNADO
MAX 32 OR BELOW: 1 0.01 INCH OR MORE: 5
MAX 90 OR ABOVE: 0 0.10 INCH OR MORE: 3
MIN 32 OR BELOW: 17 0.50 INCH OR MORE: 2
MIN 0 OR BELOW: 0 1.00 INCH OR MORE: 0
[HDD (BASE 65) ]
TOTAL THIS MO. 584 CLEAR (SCALE 0-3) 20
DPTR FM NORMAL -21 PTCLDY (SCALE 4-7) 7
TOTAL FM JUL 1 711 CLOUDY (SCALE 8-10) 4
DPTR FM NORMAL -121
[CDD (BASE 65) ]
TOTAL THIS MO. 10
DPTR FM NORMAL 10 [PRESSURE DATA]
TOTAL FM JAN 1 543 HIGHEST SLP 30.58 ON 29
DPTR FM NORMAL -18 LOWEST SLP 29.31 ON 12
[REMARKS]
#FINAL-10-23#
OCTOBER 1... RECORD HIGH MINIMUM TEMPERATURE: 59F (PREVIOUS: 57F IN 2015)
OCTOBER 2... RECORD DAILY MAXIMUM PRECIPITATION TIED: 0.70" (PREVIOUS IN 2015)