000
CXUS53 KGRB 012136
CF6AIG
PRELIMINARY LOCAL CLIMATOLOGICAL DATA (WS FORM: F-6)
STATION: ANTIGO AWOS
MONTH: NOVEMBER
YEAR: 2023
LATITUDE: 45 9 N
LONGITUDE: 89 8 W
TEMPERATURE IN F: :PCPN: SNOW: WIND :SUNSHINE: SKY :PK WND
================================================================================
1 2 3 4 5 6A 6B 7 8 9 10 11 12 13 14 15 16 17 18
12Z AVG MX 2MIN
DY MAX MIN AVG DEP HDD CDD WTR SNW DPTH SPD SPD DIR MIN PSBL S-S WX SPD DR
================================================================================
1 34 11 23 -15 42 0 M M M 6.9 15 220 M M 4 21 230
2 42 21 32 -6 33 0 M M M 3.7 10 230 M M 2 16 230
3 52 30 41 4 24 0 M M M 8.0 15 350 M M 3 17 270
4 44 20 32 -5 33 0 M M M 2.1 8 240 M M 3 1 M M
5 44 31 38 2 27 0 0.11 M M 6.4 13 160 M M 9 1 M M
6 56 38 47 11 18 0 0.02 M M 14.5 27 280 M M 10 31 260
7 41 30 36 1 29 0 M M M 8.9 18 110 M M 7 24 110
8 39 32 36 1 29 0 M M M 7.5 16 120 M M 10 1 24 120
9 44 30 37 3 28 0 M M M 14.0 25 250 M M 3 1 33 250
10 37 29 33 -1 32 0 M M M 6.1 12 290 M M 10 18 280
11 36 31 34 1 31 0 M M M 3.6 8 130 M M 10 16 130
12 50 32 41 8 24 0 M M M 10.8 18 210 M M 6 27 190
13 52 29 41 9 24 0 M M M 9.2 20 300 M M 0 28 300
14 55 27 41 9 24 0 M M M 10.3 20 190 M M 0 24 180
15 56 32 44 13 21 0 M M M 5.2 17 200 M M 0 25 200
16 62 31 47 17 18 0 M M M 14.7 24 210 M M 3 37 200
17 44 26 35 5 30 0 M M M 9.2 15 340 M M 2 23 340
18 48 26 37 8 28 0 M M M 7.6 13 270 M M 0 17 250
19 43 23 33 4 32 0 M M M 2.6 9 120 M M 0 M M
20 38 28 33 5 32 0 M M M 8.3 14 100 M M 4 18 100
21 44 30 37 9 28 0 M M M 8.2 14 330 M M 7 20 330
22 38 24 31 4 34 0 M M M 6.9 12 230 M M 2 M M
23 32 18 25 -1 40 0 M M M 9.9 18 350 M M 2 22 350
24 27 12 20 -6 45 0 M M M 8.5 13 280 M M 1 17 290
25 28 14 21 -4 44 0 M M M 6.7 10 240 M M 4 M M
26 27 21 24 -1 41 0 M M M 10.1 16 280 M M 10 22 290
27 22 8 15 -9 50 0 M M M 14.1 20 300 M M 8 29 280
28 18 4 11 -13 54 0 M M M 10.3 14 220 M M 5 23 220
29 37 17 27 4 38 0 M M M 9.5 15 230 M M 5 1 18 230
30 40 15 28 5 37 0 M M M 4.6 13 340 M M 2 12 M M
================================================================================
SM 1230 720 970 0 0.13 M 248.3 M 132
================================================================================
AV 41.0 24.0 8.3 FASTST M M 4 MAX(MPH)
MISC ----> 27 280 37 200
================================================================================
NOTES:
# LAST OF SEVERAL OCCURRENCES
COLUMN 17 PEAK WIND IN M.P.H.
PRELIMINARY LOCAL CLIMATOLOGICAL DATA (WS FORM: F-6) , PAGE 2
STATION: ANTIGO AWOS
MONTH: NOVEMBER
YEAR: 2023
LATITUDE: 45 9 N
LONGITUDE: 89 8 W
[TEMPERATURE DATA] [PRECIPITATION DATA] SYMBOLS USED IN COLUMN 16
AVERAGE MONTHLY: 32.5 TOTAL FOR MONTH: 0.13 1 = FOG OR MIST
DPTR FM NORMAL: 2.0 DPTR FM NORMAL: -1.80 2 = FOG REDUCING VISIBILITY
HIGHEST: 62 ON 16 GRTST 24HR 0.11 ON 5- 5 TO 1/4 MILE OR LESS
LOWEST: 4 ON 28 3 = THUNDER
SNOW, ICE PELLETS, HAIL 4 = ICE PELLETS
TOTAL MONTH: M 5 = HAIL
GRTST 24HR M ON M 6 = FREEZING RAIN OR DRIZZLE
GRTST DEPTH: M ON M 7 = DUSTSTORM OR SANDSTORM:
VSBY 1/2 MILE OR LESS
8 = SMOKE OR HAZE
[NO. OF DAYS WITH] [WEATHER - DAYS WITH] 9 = BLOWING SNOW
X = TORNADO
MAX 32 OR BELOW: 6 0.01 INCH OR MORE: 2
MAX 90 OR ABOVE: 0 0.10 INCH OR MORE: 1
MIN 32 OR BELOW: 29 0.50 INCH OR MORE: 0
MIN 0 OR BELOW: 0 1.00 INCH OR MORE: 0
[HDD (BASE 65) ]
TOTAL THIS MO. 970 CLEAR (SCALE 0-3) 13
DPTR FM NORMAL -65 PTCLDY (SCALE 4-7) 11
TOTAL FM JUL 1 1878 CLOUDY (SCALE 8-10) 6
DPTR FM NORMAL -221
[CDD (BASE 65) ]
TOTAL THIS MO. 0
DPTR FM NORMAL 0 [PRESSURE DATA]
TOTAL FM JAN 1 275 HIGHEST SLP M ON M
DPTR FM NORMAL 15 LOWEST SLP M ON M
[REMARKS]
#FINAL-11-23#