000
CXAK56 PAJK 011410
CF6AJN
PRELIMINARY LOCAL CLIMATOLOGICAL DATA (WS FORM: F-6)
STATION: JUNEAU
MONTH: FEBRUARY
YEAR: 2021
LATITUDE: 58 22 N
LONGITUDE: 134 35 W
TEMPERATURE IN F: :PCPN: SNOW: WIND :SUNSHINE: SKY :PK WND
================================================================================
1 2 3 4 5 6A 6B 7 8 9 10 11 12 13 14 15 16 17 18
12Z AVG MX 2MIN
DY MAX MIN AVG DEP HDD CDD WTR SNW DPTH SPD SPD DIR MIN PSBL S-S WX SPD DR
================================================================================
1 24 14 19 -10 46 0 0.37 5.9 1 1.9 9 310 M M 8 12 13 300
2 23 8 16 -13 49 0 0.00 0.0 7 2.5 9 90 M M 3 18 11 90
3 27 16 22 -7 43 0 0.40 5.7 7 1.2 6 90 M M 10 16 7 280
4 32 25 29 0 36 0 0.02 0.1 9 1.2 9 280 M M 9 18 11 270
5 30 17 24 -5 41 0 0.01 T 8 2.0 9 60 M M 8 2 12 80
6 27 9 18 -11 47 0 0.01 0.1 8 5.6 18 130 M M 5 23 120
7 25 6 16 -14 49 0 0.00 0.0 8 1.9 14 140 M M 6 1 18 130
8 22 4 13 -17 52 0 0.00 0.0 7 18.9 28 100 M M 7 35 100
9 7 1 4 -26 61 0 0.00 0.0 7 14.6 25 100 M M 1 34 100
10 23 -5 9 -21 56 0 0.00 0.0 7 8.6 23 110 M M 1 29 130
11 29 20 25 -5 40 0 0.00 0.0 7 19.3 31 90 M M 1 43 100
12 35 23 29 -1 36 0 0.00 0.0 6 17.1 31 90 M M 0 41 100
13 34 20 27 -3 38 0 0.00 0.0 6 11.7 25 90 M M 0 30 90
14 27 8 18 -12 47 0 0.00 0.0 6 3.1 17 140 M M 5 19 150
15 31 13 22 -8 43 0 0.00 0.0 6 2.4 13 120 M M 8 16 130
16 31 10 21 -9 44 0 0.07 0.7 6 3.5 13 90 M M 9 168 16 100
17 36 30 33 3 32 0 0.20 0.3 7 11.5 20 110 M M 9 1 24 100
18 40 28 34 4 31 0 0.16 T 7 16.9 37 110 M M 10 12 48 100
19 40 31 36 5 29 0 0.63 3.7 4 15.6 44 110 M M 10 245 54 110
20 38 29 34 3 31 0 0.82 0.6 4 17.1 32 120 M M 10 18 41 120
21 41 34 38 7 27 0 0.39 T 2 8.8 29 120 M M 10 15 37 110
22 38 34 36 5 29 0 0.18 T 0 8.2 17 100 M M 10 1 21 100
23 37 33 35 4 30 0 0.02 T 0 6.1 16 250 M M 10 1 21 240
24 35 33 34 3 31 0 0.14 1.3 T 12.6 25 120 M M 10 1 33 130
25 34 32 33 2 32 0 0.34 2.2 2 1.2 8 100 M M 10 1 9 100
26 38 25 32 1 33 0 0.03 T 3 4.8 14 100 M M 7 1 30 190
27 36 33 35 4 30 0 0.90 0.5 3 18.7 24 110 M M 10 1 29 110
28 40 34 37 6 28 0 0.55 T 2 14.5 26 110 M M 10 1 32 100
================================================================================
SM 880 565 1091 0 5.24 21.1 251.5 M 197
================================================================================
AV 31.4 20.2 9.0 FASTST M M 7 MAX(MPH)
MISC ----> 44 110 54 110
================================================================================
NOTES:
# LAST OF SEVERAL OCCURRENCES
COLUMN 17 PEAK WIND IN M.P.H.
PRELIMINARY LOCAL CLIMATOLOGICAL DATA (WS FORM: F-6) , PAGE 2
STATION: JUNEAU
MONTH: FEBRUARY
YEAR: 2021
LATITUDE: 58 22 N
LONGITUDE: 134 35 W
[TEMPERATURE DATA] [PRECIPITATION DATA] SYMBOLS USED IN COLUMN 16
AVERAGE MONTHLY: 25.8 TOTAL FOR MONTH: 5.24 1 = FOG OR MIST
DPTR FM NORMAL: -4.3 DPTR FM NORMAL: 1.11 2 = FOG REDUCING VISIBILITY
HIGHEST: 41 ON 21 GRTST 24HR 1.27 ON 27-28 TO 1/4 MILE OR LESS
LOWEST: -5 ON 10 3 = THUNDER
SNOW, ICE PELLETS, HAIL 4 = ICE PELLETS
TOTAL MONTH: 21.1 INCHES 5 = HAIL
GRTST 24HR 5.9 ON 1- 1 6 = FREEZING RAIN OR DRIZZLE
GRTST DEPTH: 9 ON 4 7 = DUSTSTORM OR SANDSTORM:
VSBY 1/2 MILE OR LESS
8 = SMOKE OR HAZE
[NO. OF DAYS WITH] [WEATHER - DAYS WITH] 9 = BLOWING SNOW
X = TORNADO
MAX 32 OR BELOW: 14 0.01 INCH OR MORE: 18
MAX 90 OR ABOVE: 0 0.10 INCH OR MORE: 12
MIN 32 OR BELOW: 22 0.50 INCH OR MORE: 4
MIN 0 OR BELOW: 1 1.00 INCH OR MORE: 0
[HDD (BASE 65) ]
TOTAL THIS MO. 1091 CLEAR (SCALE 0-3) 6
DPTR FM NORMAL 114 PTCLDY (SCALE 4-7) 7
TOTAL FM JUL 1 5591 CLOUDY (SCALE 8-10) 15
DPTR FM NORMAL -247
[CDD (BASE 65) ]
TOTAL THIS MO. 0
DPTR FM NORMAL 0 [PRESSURE DATA]
TOTAL FM JAN 1 0 HIGHEST SLP 30.73 ON 10
DPTR FM NORMAL 0 LOWEST SLP 28.92 ON 21
[REMARKS]
#FINAL-02-21#