000
CXAK56 PAFC 010940
CF6AKN
PRELIMINARY LOCAL CLIMATOLOGICAL DATA (WS FORM: F-6)
STATION: KING SALMON
MONTH: OCTOBER
YEAR: 2023
LATITUDE: 58 41 N
LONGITUDE: 156 39 W
TEMPERATURE IN F: :PCPN: SNOW: WIND :SUNSHINE: SKY :PK WND
================================================================================
1 2 3 4 5 6A 6B 7 8 9 10 11 12 13 14 15 16 17 18
12Z AVG MX 2MIN
DY MAX MIN AVG DEP HDD CDD WTR SNW DPTH SPD SPD DIR MIN PSBL S-S WX SPD DR
================================================================================
1 51 36 44 1 21 0 0.01 M M 10.1 17 360 M M 7 1 25 350
2 45 26 36 -6 29 0 0.00 M M 11.6 29 360 M M 0 37 20
3 51 19 35 -7 30 0 0.00 M M 4.9 14 30 M M 0 1 21 20
4 52 24 38 -4 27 0 0.13 M M 14.2 40 80 M M 2 60 80
5 56 45 51 10 14 0 0.17 M M 17.5 37 90 M M 9 1 55 90
6 55 45 50 9 15 0 0.06 M M 12.6 24 150 M M 10 34 140
7 53 36 45 5 20 0 0.04 M M 6.5 14 360 M M 7 1 20 20
8 43 28 36 -4 29 0 0.00 M M 9.3 17 350 M M 6 24 10
9 39 26 33 -7 32 0 0.00 M M 10.7 23 340 M M 7 32 340
10 35 22 29 -10 36 0 0.00 M M 4.2 14 360 M M 8 19 340
11 40 21 31 -8 34 0 0.00 M M 4.4 17 330 M M 6 23 330
12 38 15 27 -11 38 0 0.00 M M 7.7 15 360 M M 0 24 50
13 44 10 27 -11 38 0 0.00 M M 5.5 15 100 M M 2 20 120
14 46 20 33 -4 32 0 0.00 M M 4.6 9 30 M M 0 11 20
15 53 22 38 1 27 0 0.00 M M 5.0 14 90 M M 4 19 80
16 47 41 44 8 21 0 0.11 M M 7.9 14 20 M M 10 1 19 30
17 45 34 40 4 25 0 0.02 M M 14.5 24 360 M M 7 34 360
18 45 22 34 -2 31 0 T M M 7.6 16 250 M M 2 26 270
19 45 29 37 2 28 0 0.05 M M 10.6 21 280 M M 7 1 28 300
20 38 21 30 -5 35 0 0.00 M M 10.1 18 20 M M 1 28 10
21 35 15 25 -9 40 0 0.00 M M 10.2 16 20 M M 0 21 350
22 36 12 24 -10 41 0 0.00 M M 7.6 16 340 M M 0 21 320
23 43 16 30 -3 35 0 0.00 M M 1.9 8 60 M M 0 9 50
24 47 20 34 1 31 0 0.00 M M 3.7 10 90 M M 0 14 70
25 45 20 33 1 32 0 0.00 M M 2.3 7 20 M M 0 1 11 360
26 49 16 33 1 32 0 0.00 M M 4.2 9 30 M M 0 11 100
27 50 19 35 3 30 0 0.07 M M 4.2 10 90 M M 5 1 13 80
28 50 42 46 15 19 0 T M M 8.7 22 90 M M 7 33 90
29 53 45 49 18 16 0 T M M 14.4 32 100 M M 9 50 100
30 53 41 47 17 18 0 0.00 M M 4.3 14 110 M M 10 18 110
31 53 27 40 10 25 0 0.00 M M 5.6 17 80 M M 2 1 26 80
================================================================================
SM 1435 815 881 0 0.66 M 246.6 M 128
================================================================================
AV 46.3 26.3 8.0 FASTST M M 4 MAX(MPH)
MISC ----> 40 80 60 80
================================================================================
NOTES:
# LAST OF SEVERAL OCCURRENCES
COLUMN 17 PEAK WIND IN M.P.H.
PRELIMINARY LOCAL CLIMATOLOGICAL DATA (WS FORM: F-6) , PAGE 2
STATION: KING SALMON
MONTH: OCTOBER
YEAR: 2023
LATITUDE: 58 41 N
LONGITUDE: 156 39 W
[TEMPERATURE DATA] [PRECIPITATION DATA] SYMBOLS USED IN COLUMN 16
AVERAGE MONTHLY: 36.3 TOTAL FOR MONTH: 0.66 1 = FOG OR MIST
DPTR FM NORMAL: -0.1 DPTR FM NORMAL: -1.65 2 = FOG REDUCING VISIBILITY
HIGHEST: 56 ON 5 GRTST 24HR 0.26 ON 4- 5 TO 1/4 MILE OR LESS
LOWEST: 10 ON 13 3 = THUNDER
SNOW, ICE PELLETS, HAIL 4 = ICE PELLETS
TOTAL MONTH: M 5 = HAIL
GRTST 24HR M ON M 6 = FREEZING RAIN OR DRIZZLE
GRTST DEPTH: M ON M 7 = DUSTSTORM OR SANDSTORM:
VSBY 1/2 MILE OR LESS
8 = SMOKE OR HAZE
[NO. OF DAYS WITH] [WEATHER - DAYS WITH] 9 = BLOWING SNOW
X = TORNADO
MAX 32 OR BELOW: 0 0.01 INCH OR MORE: 9
MAX 90 OR ABOVE: 0 0.10 INCH OR MORE: 3
MIN 32 OR BELOW: 22 0.50 INCH OR MORE: 0
MIN 0 OR BELOW: 0 1.00 INCH OR MORE: 0
[HDD (BASE 65) ]
TOTAL THIS MO. 881 CLEAR (SCALE 0-3) 15
DPTR FM NORMAL -6 PTCLDY (SCALE 4-7) 11
TOTAL FM JUL 1 1866 CLOUDY (SCALE 8-10) 5
DPTR FM NORMAL -60
[CDD (BASE 65) ]
TOTAL THIS MO. 0
DPTR FM NORMAL 0 [PRESSURE DATA]
TOTAL FM JAN 1 1 HIGHEST SLP M ON M
DPTR FM NORMAL -2 LOWEST SLP 29.21 ON 16
[REMARKS]
#FINAL-10-23#