000
CXUS55 KBOU 180900
CF6AKO
PRELIMINARY LOCAL CLIMATOLOGICAL DATA (WS FORM: F-6)
STATION: AKRON CO
MONTH: APRIL
YEAR: 2024
LATITUDE: 40 10 N
LONGITUDE: 103 13 W
TEMPERATURE IN F: :PCPN: SNOW: WIND :SUNSHINE: SKY :PK WND
================================================================================
1 2 3 4 5 6A 6B 7 8 9 10 11 12 13 14 15 16 17 18
12Z AVG MX 2MIN
DY MAX MIN AVG DEP HDD CDD WTR SNW DPTH SPD SPD DIR MIN PSBL S-S WX SPD DR
================================================================================
1 51 27 39 -6 26 0 0.00 M M 14.4 26 10 M M 7 12 36 360
2 60 24 42 -3 23 0 0.00 M M 14.9 31 340 M M 3 44 330
3 70 27 49 4 16 0 0.00 M M 11.4 30 360 M M 2 40 350
4 76 37 57 12 8 0 0.00 M M 11.4 21 120 M M 0 32 130
5 78 37 58 13 7 0 0.00 M M 15.1 29 160 M M 0 43 190
6 58 33 46 0 19 0 0.10 M M 27.0 55 300 M M 6 18 73 290
7 57 23 40 -6 25 0 0.00 M M 32.0 54 290 M M 3 76 310
8 58 22 40 -6 25 0 0.00 M M 12.7 26 320 M M 0 35 310
9 63 25 44 -2 21 0 0.00 M M 9.2 18 360 M M 4 25 200
10 61 32 47 1 18 0 T M M 13.6 31 320 M M 7 39 320
11 60 24 42 -4 23 0 0.00 M M 7.3 15 330 M M 2 21 280
12 76 29 53 7 12 0 0.00 M M 7.5 15 160 M M 0 23 160
13 82 44 63 17 2 0 0.00 M M 12.3 24 330 M M 0 32 360
14 82 45 64 17 1 0 0.00 M M 11.9 22 170 M M 0 31 160
15 83 38 61 14 4 0 0.00 M M 18.2 33 220 M M 0 53 220
16 68 44 56 9 9 0 0.15 M M 24.9 47 310 M M 5 1 61 300
17 74 33 54 7 11 0 0.01 M M 14.7 36 360 M M 3 1 46 10
================================================================================
SM 1157 544 250 0 0.26 M 258.5 M 42
================================================================================
AV 68.1 32.0 15.2 FASTST M M 2 MAX(MPH)
MISC ----> 55 300 76 310
================================================================================
NOTES:
# LAST OF SEVERAL OCCURRENCES
COLUMN 17 PEAK WIND IN M.P.H.
PRELIMINARY LOCAL CLIMATOLOGICAL DATA (WS FORM: F-6) , PAGE 2
STATION: AKRON CO
MONTH: APRIL
YEAR: 2024
LATITUDE: 40 10 N
LONGITUDE: 103 13 W
[TEMPERATURE DATA] [PRECIPITATION DATA] SYMBOLS USED IN COLUMN 16
AVERAGE MONTHLY: 50.0 TOTAL FOR MONTH: 0.26 1 = FOG OR MIST
DPTR FM NORMAL: 4.1 DPTR FM NORMAL: -0.42 2 = FOG REDUCING VISIBILITY
HIGHEST: 83 ON 15 GRTST 24HR 0.15 ON 16-16 TO 1/4 MILE OR LESS
LOWEST: 22 ON 8 3 = THUNDER
SNOW, ICE PELLETS, HAIL 4 = ICE PELLETS
TOTAL MONTH: M 5 = HAIL
GRTST 24HR M ON M 6 = FREEZING RAIN OR DRIZZLE
GRTST DEPTH: M ON M 7 = DUSTSTORM OR SANDSTORM:
VSBY 1/2 MILE OR LESS
8 = SMOKE OR HAZE
[NO. OF DAYS WITH] [WEATHER - DAYS WITH] 9 = BLOWING SNOW
X = TORNADO
MAX 32 OR BELOW: 0 0.01 INCH OR MORE: 3
MAX 90 OR ABOVE: 0 0.10 INCH OR MORE: 2
MIN 32 OR BELOW: 9 0.50 INCH OR MORE: 0
MIN 0 OR BELOW: 0 1.00 INCH OR MORE: 0
[HDD (BASE 65) ]
TOTAL THIS MO. 250 CLEAR (SCALE 0-3) 10
DPTR FM NORMAL -74 PTCLDY (SCALE 4-7) 7
TOTAL FM JUL 1 5102 CLOUDY (SCALE 8-10) 0
DPTR FM NORMAL -548
[CDD (BASE 65) ]
TOTAL THIS MO. 0
DPTR FM NORMAL 0 [PRESSURE DATA]
TOTAL FM JAN 1 0 HIGHEST SLP M ON M
DPTR FM NORMAL 0 LOWEST SLP 29.18 ON 6
[REMARKS]