000
CXUS53 KDMX 050305
CF6ALO
PRELIMINARY LOCAL CLIMATOLOGICAL DATA (WS FORM: F-6)
STATION: WATERLOO IA
MONTH: JANUARY
YEAR: 2022
LATITUDE: 42 32 N
LONGITUDE: 92 24 W
TEMPERATURE IN F: :PCPN: SNOW: WIND :SUNSHINE: SKY :PK WND
================================================================================
1 2 3 4 5 6A 6B 7 8 9 10 11 12 13 14 15 16 17 18
12Z AVG MX 2MIN
DY MAX MIN AVG DEP HDD CDD WTR SNW DPTH SPD SPD DIR MIN PSBL S-S WX SPD DR
================================================================================
1 12 -2 5 -16 60 0 T 0.4 2 16.0 26 350 M M 7 8 32 350
2 9 -9 0 -21 65 0 0.00 0.0 2 7.3 17 320 M M 0 20 330
3 24 1 13 -8 52 0 0.00 0.0 2 8.2 14 160 M M 0 20 160
4 33 20 27 7 38 0 T T 2 13.9 32 300 M M 1 8 46 300
5 20 0 10 -10 55 0 T T 2 20.7 32 290 M M 9 8 46 280
6 0 -9 -4 -24 69 0 0.00 0.0 2 14.1 23 300 M M 2 8 31 300
7 9 -12 -1 -21 66 0 0.00 0.0 2 8.9 20 160 M M 3 29 140
8 31 9 20 0 45 0 0.00 0.0 2 13.8 25 310 M M 7 18 33 310
9 20 2 11 -9 54 0 0.00 0.0 2 11.3 29 310 M M 2 39 290
10 14 1 8 -12 57 0 0.00 0.0 2 5.8 16 340 M M 2 20 340
11 41 6 24 5 41 0 0.00 0.0 2 12.1 22 170 M M 0 31 180
12 44 27 36 17 29 0 0.00 0.0 2 4.0 10 330 M M 2 14 310
13 46 22 34 15 31 0 0.00 0.0 1 6.1 20 360 M M 3 128 25 330
14 34 18 26 7 39 0 0.44 6.6 1 13.1 29 70 M M 10 12 39 70
15 18 -8 5 -14 60 0 0.01 0.5 8 9.2 24 50 M M 3 8 30 40
16 30 -8 11 -8 54 0 0.00 0.0 7 7.6 18 340 M M 9 18 25 330
17 29 18 24 5 41 0 0.00 0.0 6 9.1 18 320 M M 7 23 320
18 40 17 29 10 36 0 0.00 0.0 6 14.5 30 300 M M 3 40 310
19 17 -2 8 -11 57 0 0.00 0.0 5 20.0 31 330 M M 0 39 330
20 2 -14 -6 -25 71 0 0.00 0.0 5 6.9 16 310 M M 0 21 330
21 18 -18 0 -19 65 0 0.02 0.1 5 8.9 21 190 M M 2 18 30 200
22 26 15 21 2 44 0 0.05 0.5 5 12.4 26 300 M M 6 1 36 300
23 18 2 10 -9 55 0 0.01 0.2 5 10.1 22 40 M M 5 168 30 40
24 28 -2 13 -6 52 0 0.06 0.7 6 14.0 26 330 M M 6 18 33 330
25 4 -12 -4 -23 69 0 0.00 0.0 6 8.0 16 320 M M 0 21 320
26 22 -18 2 -17 63 0 0.00 0.0 6 9.8 22 180 M M 0 8 30 190
27 35 9 22 3 43 0 0.00 0.0 6 13.6 26 320 M M 6 33 330
28 14 -6 4 -15 61 0 0.00 0.0 5 6.7 15 320 M M 2 19 320
29 27 5 16 -3 49 0 0.00 0.0 5 9.2 18 330 M M 1 25 170
30 23 7 15 -5 50 0 0.00 0.0 5 8.2 21 320 M M 5 18 29 330
31 36 5 21 1 44 0 0.00 0.0 5 15.0 23 170 M M 0 18 33 170
================================================================================
SM 724 64 1615 0 0.59 9.0 338.5 M 103
================================================================================
AV 23.4 2.1 10.9 FASTST M M 3 MAX(MPH)
MISC ----> # 32 300 # 46 300
================================================================================
NOTES:
# LAST OF SEVERAL OCCURRENCES
COLUMN 17 PEAK WIND IN M.P.H.
PRELIMINARY LOCAL CLIMATOLOGICAL DATA (WS FORM: F-6) , PAGE 2
STATION: WATERLOO IA
MONTH: JANUARY
YEAR: 2022
LATITUDE: 42 32 N
LONGITUDE: 92 24 W
[TEMPERATURE DATA] [PRECIPITATION DATA] SYMBOLS USED IN COLUMN 16
AVERAGE MONTHLY: 12.7 TOTAL FOR MONTH: 0.59 1 = FOG OR MIST
DPTR FM NORMAL: -6.7 DPTR FM NORMAL: -0.51 2 = FOG REDUCING VISIBILITY
HIGHEST: 46 ON 13 GRTST 24HR 0.44 ON 14-14 TO 1/4 MILE OR LESS
LOWEST: -18 ON 26,21 3 = THUNDER
SNOW, ICE PELLETS, HAIL 4 = ICE PELLETS
TOTAL MONTH: 9.0 INCHES 5 = HAIL
GRTST 24HR 6.6 ON 14-14 6 = FREEZING RAIN OR DRIZZLE
GRTST DEPTH: 8 ON 15 7 = DUSTSTORM OR SANDSTORM:
VSBY 1/2 MILE OR LESS
8 = SMOKE OR HAZE
[NO. OF DAYS WITH] [WEATHER - DAYS WITH] 9 = BLOWING SNOW
X = TORNADO
MAX 32 OR BELOW: 23 0.01 INCH OR MORE: 6
MAX 90 OR ABOVE: 0 0.10 INCH OR MORE: 1
MIN 32 OR BELOW: 31 0.50 INCH OR MORE: 0
MIN 0 OR BELOW: 14 1.00 INCH OR MORE: 0
[HDD (BASE 65) ]
TOTAL THIS MO. 1615 CLEAR (SCALE 0-3) 17
DPTR FM NORMAL 203 PTCLDY (SCALE 4-7) 11
TOTAL FM JUL 1 3741 CLOUDY (SCALE 8-10) 3
DPTR FM NORMAL -278
[CDD (BASE 65) ]
TOTAL THIS MO. 0
DPTR FM NORMAL 0 [PRESSURE DATA]
TOTAL FM JAN 1 0 HIGHEST SLP 30.78 ON 20
DPTR FM NORMAL 0 LOWEST SLP 29.48 ON 4
[REMARKS]
#FINAL-01-22#