000
CXUS52 KJAX 011301
CF6AMG
PRELIMINARY LOCAL CLIMATOLOGICAL DATA (WS FORM: F-6)
STATION: ALMA
MONTH: APRIL
YEAR: 2023
LATITUDE: 31 32 N
LONGITUDE: 82 30 W
TEMPERATURE IN F: :PCPN: SNOW: WIND :SUNSHINE: SKY :PK WND
================================================================================
1 2 3 4 5 6A 6B 7 8 9 10 11 12 13 14 15 16 17 18
12Z AVG MX 2MIN
DY MAX MIN AVG DEP HDD CDD WTR SNW DPTH SPD SPD DIR MIN PSBL S-S WX SPD DR
================================================================================
1 85 63 74 11 0 9 0.29 0.0 0 8.5 24 310 M M 5 13 37 300
2 80 55 68 5 0 3 0.00 0.0 0 4.2 13 310 M M 1 12 19 300
3 74 54 64 0 1 0 0.07 0.0 0 1.7 29 320 M M 4 13 41 300
4 86 59 73 9 0 8 0.00 0.0 0 2.5 12 160 M M 5 12 18 170
5 90 65 78 14 0 13 0.00 0.0 0 6.0 15 160 M M 2 12 20 130
6 89 70 80 16 0 15 0.00 0.0 0 5.3 10 160 M M 2 1 16 130
7 87 58 73 8 0 8 1.06 0.0 0 4.8 15 10 M M 5 123 26 20
8 59 49 54 -11 11 0 0.66 0.0 0 4.5 13 330 M M 10 1 19 360
9 61 47 54 -11 11 0 0.14 0.0 0 5.2 12 50 M M 10 1 25 360
10 72 52 62 -3 3 0 0.00 0.0 0 5.0 13 80 M M 8 23 90
11 76 52 64 -1 1 0 0.00 0.0 0 5.1 13 110 M M 2 21 30
12 78 49 64 -2 1 0 0.00 0.0 0 4.6 15 110 M M 1 23 130
13 83 62 73 7 0 8 0.60 0.0 0 5.1 15 280 M M 8 123 24 110
14 82 59 71 5 0 6 0.00 0.0 0 4.4 16 300 M M 6 12 23 230
15 85 58 72 6 0 7 0.00 0.0 0 2.9 12 210 M M 0 18 220
16 82 65 74 7 0 9 0.37 0.0 0 6.5 15 190 M M 7 13 21 180
17 76 49 63 -4 2 0 0.00 0.0 0 8.7 20 310 M M 1 28 310
18 81 44 63 -4 2 0 0.00 0.0 0 1.7 10 360 M M 0 15 10
19 85 49 67 0 0 2 0.00 0.0 0 3.0 14 160 M M 0 20 130
20 85 50 68 0 0 3 0.00 0.0 0 4.1 15 130 M M 0 23 110
21 84 53 69 1 0 4 0.12 0.0 0 5.4 15 110 M M 3 12 24 160
22 85 57 71 3 0 6 0.00 0.0 0 6.1 18 320 M M 4 12 26 300
23 81 49 65 -3 0 0 0.00 0.0 0 2.0 8 160 M M 0 14 40
24 73 57 65 -4 0 0 0.00 0.0 0 2.0 10 330 M M 3 15 340
25 82 56 69 0 0 4 T 0.0 0 3.6 17 360 M M 7 13 28 330
26 84 61 73 4 0 8 0.02 0.0 0 3.6 10 110 M M 6 1 18 140
27 80 64 72 3 0 7 1.23 0.0 0 4.8 17 120 M M 8 13 27 110
28 86 65 76 6 0 11 0.00 0.0 0 5.2 15 250 M M 7 24 270
29 84 65 75 5 0 10 0.57 0.0 0 4.5 18 170 M M 4 13 25 220
30 77 64 71 1 0 6 0.17 0.0 0 9.6 23 240 M M 5 1 36 240
================================================================================
SM 2412 1700 32 147 5.30 0.0 140.6 M 124
================================================================================
AV 80.4 56.7 4.7 FASTST M M 4 MAX(MPH)
MISC ----> 29 320 41 300
================================================================================
NOTES:
# LAST OF SEVERAL OCCURRENCES
COLUMN 17 PEAK WIND IN M.P.H.
PRELIMINARY LOCAL CLIMATOLOGICAL DATA (WS FORM: F-6) , PAGE 2
STATION: ALMA
MONTH: APRIL
YEAR: 2023
LATITUDE: 31 32 N
LONGITUDE: 82 30 W
[TEMPERATURE DATA] [PRECIPITATION DATA] SYMBOLS USED IN COLUMN 16
AVERAGE MONTHLY: 68.5 TOTAL FOR MONTH: 5.30 1 = FOG OR MIST
DPTR FM NORMAL: 2.0 DPTR FM NORMAL: 2.45 2 = FOG REDUCING VISIBILITY
HIGHEST: 90 ON 5 GRTST 24HR 1.30 ON 7- 8 TO 1/4 MILE OR LESS
LOWEST: 44 ON 18 3 = THUNDER
SNOW, ICE PELLETS, HAIL 4 = ICE PELLETS
TOTAL MONTH: 0.0 INCH 5 = HAIL
GRTST 24HR 0.0 6 = FREEZING RAIN OR DRIZZLE
GRTST DEPTH: 0 7 = DUSTSTORM OR SANDSTORM:
VSBY 1/2 MILE OR LESS
8 = SMOKE OR HAZE
[NO. OF DAYS WITH] [WEATHER - DAYS WITH] 9 = BLOWING SNOW
X = TORNADO
MAX 32 OR BELOW: 0 0.01 INCH OR MORE: 12
MAX 90 OR ABOVE: 1 0.10 INCH OR MORE: 10
MIN 32 OR BELOW: 0 0.50 INCH OR MORE: 5
MIN 0 OR BELOW: 0 1.00 INCH OR MORE: 2
[HDD (BASE 65) ]
TOTAL THIS MO. 32 CLEAR (SCALE 0-3) 13
DPTR FM NORMAL -28 PTCLDY (SCALE 4-7) 14
TOTAL FM JUL 1 1156 CLOUDY (SCALE 8-10) 3
DPTR FM NORMAL -484
[CDD (BASE 65) ]
TOTAL THIS MO. 147
DPTR FM NORMAL 41 [PRESSURE DATA]
TOTAL FM JAN 1 339 HIGHEST SLP 30.32 ON 10
DPTR FM NORMAL 175 LOWEST SLP 29.46 ON 30
[REMARKS]
#FINAL-04-23#