000
CXUS54 KBMX 011010
CF6ANB
PRELIMINARY LOCAL CLIMATOLOGICAL DATA (WS FORM: F-6)
STATION: ANNISTON
MONTH: SEPTEMBER
YEAR: 2020
LATITUDE: 33 35 N
LONGITUDE: 85 51 W
TEMPERATURE IN F: :PCPN: SNOW: WIND :SUNSHINE: SKY :PK WND
================================================================================
1 2 3 4 5 6A 6B 7 8 9 10 11 12 13 14 15 16 17 18
12Z AVG MX 2MIN
DY MAX MIN AVG DEP HDD CDD WTR SNW DPTH SPD SPD DIR MIN PSBL S-S WX SPD DR
================================================================================
1 91 73 82 4 0 17 0.19 0.0 0 2.7 12 250 M M 3 1238 13 10
2 90 73 82 4 0 17 0.00 0.0 0 3.2 13 240 M M 4 1 15 250
3 91 70 81 4 0 16 0.00 0.0 0 3.7 14 250 M M 1 1 18 250
4 93 69 81 4 0 16 0.00 0.0 0 3.9 13 10 M M 0 1 17 20
5 89 67 78 1 0 13 0.00 0.0 0 5.3 13 20 M M 0 18 20
6 87 63 75 -2 0 10 0.00 0.0 0 3.2 10 70 M M 0 15 110
7 87 62 75 -1 0 10 0.00 0.0 0 3.9 9 70 M M 0 12 70
8 89 66 78 2 0 13 0.00 0.0 0 5.1 10 90 M M 1 14 80
9 87 65 76 0 0 11 0.00 0.0 0 3.5 10 60 M M 2 17 120
10 87 70 79 3 0 14 0.01 0.0 0 3.5 13 360 M M 6 17 360
11 93 72 83 8 0 18 0.00 0.0 0 4.1 10 60 M M 1 13 50
12 91 75 83 8 0 18 0.00 0.0 0 4.7 12 120 M M 5 16 130
13 90 74 82 7 0 17 0.00 0.0 0 5.2 10 60 M M 3 17 70
14 91 73 82 8 0 17 0.00 0.0 0 5.5 14 30 M M 5 19 30
15 79 71 75 1 0 10 0.01 0.0 0 8.8 17 70 M M 6 1 23 70
16 72 66 69 -5 0 4 M 0.0 0 10.9 17 50 M M 7 1 24 60
17 86 69 78 5 0 13 M 0.0 0 7.4 16 50 M M 7 18 24 40
18 83 66 75 2 0 10 0.00 0.0 0 7.0 15 20 M M 1 22 20
19 74 64 69 -3 0 4 0.00 0.0 0 6.2 14 70 M M 4 21 70
20 76 58 67 -5 0 2 0.00 0.0 0 8.3 16 70 M M 0 23 80
21 75 54 65 -7 0 0 0.00 0.0 0 8.5 22 90 M M 0 30 100
22 72 52 62 -9 3 0 0.00 0.0 0 3.6 13 100 M M 2 17 90
23 79 61 70 -1 0 5 T 0.0 0 5.0 10 60 M M 4 13 80
24 74 62 68 -3 0 3 0.46 0.0 0 6.5 16 150 M M 10 13 24 150
25 75 68 72 2 0 7 T 0.0 M 2.9 10 250 M M 10 1 12 270
26 81 69 75 5 0 10 0.00 0.0 M 1.0 7 250 M M 9 9 200
27 86 66 76 6 0 11 T 0.0 M 3.2 8 210 M M 3 M M
28 86 62 74 5 0 9 0.39 0.0 M 4.6 14 310 M M 7 13 20 330
29 69 50 60 -9 5 0 T 0.0 M 5.6 13 350 M M 6 1 17 350
30 76 46 61 -7 4 0 0.00 0.0 M 3.0 14 230 M M 0 1 18 220
================================================================================
SM 2499 1956 12 295 1.06 0.0 150.0 M 107
================================================================================
AV 83.3 65.2 5.0 FASTST M M 4 MAX(MPH)
MISC ----> 22 90 30 100
================================================================================
NOTES:
# LAST OF SEVERAL OCCURRENCES
COLUMN 17 PEAK WIND IN M.P.H.
PRELIMINARY LOCAL CLIMATOLOGICAL DATA (WS FORM: F-6) , PAGE 2
STATION: ANNISTON
MONTH: SEPTEMBER
YEAR: 2020
LATITUDE: 33 35 N
LONGITUDE: 85 51 W
[TEMPERATURE DATA] [PRECIPITATION DATA] SYMBOLS USED IN COLUMN 16
AVERAGE MONTHLY: 74.3 TOTAL FOR MONTH: 1.06 1 = FOG OR MIST
DPTR FM NORMAL: 0.8 DPTR FM NORMAL: -1.87 2 = FOG REDUCING VISIBILITY
HIGHEST: 93 ON 11, 4 GRTST 24HR 0.46 ON 23-24 TO 1/4 MILE OR LESS
LOWEST: 46 ON 30 3 = THUNDER
SNOW, ICE PELLETS, HAIL 4 = ICE PELLETS
TOTAL MONTH: 0.0 INCH 5 = HAIL
GRTST 24HR 0.0 6 = FREEZING RAIN OR DRIZZLE
GRTST DEPTH: 0 7 = DUSTSTORM OR SANDSTORM:
VSBY 1/2 MILE OR LESS
8 = SMOKE OR HAZE
[NO. OF DAYS WITH] [WEATHER - DAYS WITH] 9 = BLOWING SNOW
X = TORNADO
MAX 32 OR BELOW: 0 0.01 INCH OR MORE: 5
MAX 90 OR ABOVE: 8 0.10 INCH OR MORE: 3
MIN 32 OR BELOW: 0 0.50 INCH OR MORE: 0
MIN 0 OR BELOW: 0 1.00 INCH OR MORE: 0
[HDD (BASE 65) ]
TOTAL THIS MO. 12 CLEAR (SCALE 0-3) 15
DPTR FM NORMAL 1 PTCLDY (SCALE 4-7) 12
TOTAL FM JUL 1 12 CLOUDY (SCALE 8-10) 3
DPTR FM NORMAL 2
[CDD (BASE 65) ]
TOTAL THIS MO. 295
DPTR FM NORMAL 29 [PRESSURE DATA]
TOTAL FM JAN 1 1862 HIGHEST SLP 30.36 ON 21
DPTR FM NORMAL 79 LOWEST SLP 29.72 ON 17
[REMARKS]
#FINAL-09-20#