000
CXUS53 KIWX 010910
CF6AOH
PRELIMINARY LOCAL CLIMATOLOGICAL DATA (WS FORM: F-6)
STATION: LIMA
MONTH: JANUARY
YEAR: 2023
LATITUDE: 40 42 N
LONGITUDE: 84 1 W
TEMPERATURE IN F: :PCPN: SNOW: WIND :SUNSHINE: SKY :PK WND
================================================================================
1 2 3 4 5 6A 6B 7 8 9 10 11 12 13 14 15 16 17 18
12Z AVG MX 2MIN
DY MAX MIN AVG DEP HDD CDD WTR SNW DPTH SPD SPD DIR MIN PSBL S-S WX SPD DR
================================================================================
1 50 39 45 17 20 0 0.00 M M 8.1 17 240 M M 10 1 23 230
2 51 47 49 21 16 0 0.04 M M 5.5 10 120 M M 10 12 14 120
3 63 50 57 29 8 0 0.73 M M 10.2 18 210 M M 9 1 29 210
4 60 37 49 21 16 0 0.01 M M 12.2 23 270 M M 8 1 29 280
5 44 33 39 11 26 0 0.01 M M 12.4 24 240 M M 8 1 30 220
6 35 31 33 5 32 0 0.00 M M 12.5 21 260 M M 10 1 27 250
7 35 27 31 3 34 0 0.00 M M 2.7 10 310 M M 8 1 14 310
8 37 25 31 3 34 0 0.00 M M 4.6 9 80 M M 5 18 11 50
9 39 26 33 6 32 0 0.00 M M 10.0 20 260 M M 5 18 24 250
10 41 31 36 9 29 0 0.00 M M 7.5 14 160 M M 4 16 170
11 54 34 44 17 21 0 0.00 M M 9.6 16 160 M M 7 1 22 170
12 47 36 42 15 23 0 0.86 M M 11.2 22 350 M M 10 12 34 340
13 36 27 32 5 33 0 0.01 M M 12.1 20 360 M M 10 1 27 350
14 30 22 26 -1 39 0 0.00 M M 8.1 16 340 M M 5 22 340
15 39 20 30 3 35 0 0.00 M M 8.4 15 140 M M 0 20 160
16 44 28 36 9 29 0 0.22 M M 14.1 22 180 M M 4 1 33 170
17 54 39 47 20 18 0 T M M 17.0 29 260 M M 8 1 42 260
18 39 36 38 11 27 0 0.16 M M 10.0 24 270 M M 10 1 32 270
19 58 36 47 20 18 0 0.93 M M 18.1 38 240 M M 8 138 54 250
20 36 32 34 7 31 0 0.01 M M 17.6 32 260 M M 10 18 45 250
21 33 31 32 5 33 0 T M M 7.7 14 170 M M 10 17 170
22 33 26 30 3 35 0 0.08 M M 6.0 12 70 M M 9 1 17 80
23 33 27 30 3 35 0 T M M 13.4 23 240 M M 10 18 30 230
24 34 27 31 4 34 0 0.00 M M 8.1 17 220 M M 7 18 24 220
25 36 32 34 7 31 0 0.37 M M 12.1 22 260 M M 10 18 30 70
26 33 24 29 2 36 0 T M M 18.7 29 250 M M 10 18 38 250
27 40 23 32 5 33 0 T M M 16.6 25 240 M M 8 1 39 190
28 42 28 35 8 30 0 0.00 M M 9.0 28 260 M M 3 35 260
29 45 30 38 11 27 0 0.02 M M 10.7 25 210 M M 10 1 40 200
30 30 20 25 -2 40 0 0.03 M M 9.2 15 320 M M 10 168 19 310
31 20 11 16 -11 49 0 0.00 M M 6.3 15 350 M M 2 19 330
================================================================================
SM 1271 935 904 0 3.48 M 329.7 M 238
================================================================================
AV 41.0 30.2 10.6 FASTST M M 8 MAX(MPH)
MISC ----> 38 240 54 250
================================================================================
NOTES:
# LAST OF SEVERAL OCCURRENCES
COLUMN 17 PEAK WIND IN M.P.H.
PRELIMINARY LOCAL CLIMATOLOGICAL DATA (WS FORM: F-6) , PAGE 2
STATION: LIMA
MONTH: JANUARY
YEAR: 2023
LATITUDE: 40 42 N
LONGITUDE: 84 1 W
[TEMPERATURE DATA] [PRECIPITATION DATA] SYMBOLS USED IN COLUMN 16
AVERAGE MONTHLY: 35.6 TOTAL FOR MONTH: 3.48 1 = FOG OR MIST
DPTR FM NORMAL: 8.5 DPTR FM NORMAL: 1.25 2 = FOG REDUCING VISIBILITY
HIGHEST: 63 ON 3 GRTST 24HR 0.93 ON 19-19 TO 1/4 MILE OR LESS
LOWEST: 11 ON 31 3 = THUNDER
SNOW, ICE PELLETS, HAIL 4 = ICE PELLETS
TOTAL MONTH: M 5 = HAIL
GRTST 24HR M ON M 6 = FREEZING RAIN OR DRIZZLE
GRTST DEPTH: M ON M 7 = DUSTSTORM OR SANDSTORM:
VSBY 1/2 MILE OR LESS
8 = SMOKE OR HAZE
[NO. OF DAYS WITH] [WEATHER - DAYS WITH] 9 = BLOWING SNOW
X = TORNADO
MAX 32 OR BELOW: 3 0.01 INCH OR MORE: 14
MAX 90 OR ABOVE: 0 0.10 INCH OR MORE: 6
MIN 32 OR BELOW: 21 0.50 INCH OR MORE: 3
MIN 0 OR BELOW: 0 1.00 INCH OR MORE: 0
[HDD (BASE 65) ]
TOTAL THIS MO. 904 CLEAR (SCALE 0-3) 2
DPTR FM NORMAL -271 PTCLDY (SCALE 4-7) 12
TOTAL FM JUL 1 2877 CLOUDY (SCALE 8-10) 17
DPTR FM NORMAL -470
[CDD (BASE 65) ]
TOTAL THIS MO. 0
DPTR FM NORMAL 0 [PRESSURE DATA]
TOTAL FM JAN 1 0 HIGHEST SLP M ON M
DPTR FM NORMAL 0 LOWEST SLP 29.40 ON 25
[REMARKS]
#FINAL-01-23#