000
CXUS51 KCTP 010800
CF6AOO
PRELIMINARY LOCAL CLIMATOLOGICAL DATA (WS FORM: F-6)
STATION: ALTOONA
MONTH: MAY
YEAR: 2022
LATITUDE: 40 17 N
LONGITUDE: 78 19 W
TEMPERATURE IN F: :PCPN: SNOW: WIND :SUNSHINE: SKY :PK WND
================================================================================
1 2 3 4 5 6A 6B 7 8 9 10 11 12 13 14 15 16 17 18
12Z AVG MX 2MIN
DY MAX MIN AVG DEP HDD CDD WTR SNW DPTH SPD SPD DIR MIN PSBL S-S WX SPD DR
================================================================================
1 58 47 53 -3 12 0 0.29 M M 4.1 13 170 M M 8 13 16 170
2 69 50 60 4 5 0 0.00 M M 6.9 22 250 M M 5 18 27 270
3 72 43 58 1 7 0 0.53 M M 5.2 18 140 M M 2 18 23 140
4 67 55 61 4 4 0 0.21 M M 9.4 22 330 M M 10 1 29 320
5 72 53 63 6 2 0 0.00 M M 5.3 13 180 M M 5 16 180
6 58 48 53 -5 12 0 1.54 M M 8.2 18 80 M M 10 1 25 70
7 50 44 47 -11 18 0 1.00 M M 11.7 20 50 M M 10 18 31 70
8 62 39 51 -7 14 0 0.00 M M 6.8 12 30 M M 4 17 40
9 71 37 54 -4 11 0 0.00 M M 4.9 13 40 M M 0 8 17 40
10 75 42 59 0 6 0 0.00 M M 4.1 13 130 M M 0 17 120
11 79 43 61 2 4 0 0.00 M M 3.8 13 30 M M 0 20 50
12 76 47 62 3 3 0 0.00 M M 5.0 14 110 M M 1 20 130
13 75 61 68 8 0 3 0.13 M M 6.9 16 110 M M 9 38 22 120
14 77 62 70 10 0 5 0.01 M M 5.8 14 160 M M 7 1 18 140
15 79 57 68 8 0 3 0.06 M M 3.6 14 160 M M 5 123 17 190
16 70 52 61 1 4 0 0.15 M M 10.1 26 300 M M 5 123 35 290
17 73 49 61 0 4 0 0.00 M M 12.0 28 280 M M 1 39 270
18 65 42 54 -7 11 0 0.14 M M 2.3 13 340 M M 5 1 15 340
19 77 55 66 5 0 1 0.02 M M 8.3 22 280 M M 6 1 29 300
20 78 58 68 7 0 3 0.26 M M 7.0 22 190 M M 4 38 31 190
21 90 64 77 15 0 12 0.00 M 0 8.4 20 250 M M 2 24 260
22 86 55 71 9 0 6 0.26 M M 8.0 23 310 M M 4 13 29 320
23 65 51 58 -4 7 0 0.01 M M 5.2 13 360 M M 5 16 40
24 61 52 57 -5 8 0 0.00 M M 4.4 8 160 M M 10 8 M M
25 70 50 60 -3 5 0 0.00 M M 9.0 20 160 M M 8 24 150
26 74 56 65 2 0 0 0.00 M M 10.9 21 160 M M 8 25 150
27 75 59 67 4 0 2 0.64 M M 8.0 20 290 M M 8 13 23 160
28 73 56 65 1 0 0 0.00 M M 8.8 16 330 M M 7 22 320
29 79 52 66 2 0 1 0.00 M M 3.9 12 170 M M 1 1 15 140
30 89 58 74 10 0 9 0.00 M M 3.8 10 180 M M 1 1 16 280
31 90 64 77 13 0 12 0.00 M M 5.4 17 260 M M 1 8 27 340
================================================================================
SM 2255 1601 137 57 5.25 M 207.2 M 152
================================================================================
AV 72.7 51.6 6.7 FASTST M M 5 MAX(MPH)
MISC ----> 28 280 39 270
================================================================================
NOTES:
# LAST OF SEVERAL OCCURRENCES
COLUMN 17 PEAK WIND IN M.P.H.
PRELIMINARY LOCAL CLIMATOLOGICAL DATA (WS FORM: F-6) , PAGE 2
STATION: ALTOONA
MONTH: MAY
YEAR: 2022
LATITUDE: 40 17 N
LONGITUDE: 78 19 W
[TEMPERATURE DATA] [PRECIPITATION DATA] SYMBOLS USED IN COLUMN 16
AVERAGE MONTHLY: 62.2 TOTAL FOR MONTH: 5.25 1 = FOG OR MIST
DPTR FM NORMAL: 1.9 DPTR FM NORMAL: 1.53 2 = FOG REDUCING VISIBILITY
HIGHEST: 90 ON 31,21 GRTST 24HR 1.78 ON 6- 7 TO 1/4 MILE OR LESS
LOWEST: 37 ON 9 3 = THUNDER
SNOW, ICE PELLETS, HAIL 4 = ICE PELLETS
TOTAL MONTH: M 5 = HAIL
GRTST 24HR M ON M 6 = FREEZING RAIN OR DRIZZLE
GRTST DEPTH: 0 7 = DUSTSTORM OR SANDSTORM:
VSBY 1/2 MILE OR LESS
8 = SMOKE OR HAZE
[NO. OF DAYS WITH] [WEATHER - DAYS WITH] 9 = BLOWING SNOW
X = TORNADO
MAX 32 OR BELOW: 0 0.01 INCH OR MORE: 15
MAX 90 OR ABOVE: 2 0.10 INCH OR MORE: 11
MIN 32 OR BELOW: 0 0.50 INCH OR MORE: 4
MIN 0 OR BELOW: 0 1.00 INCH OR MORE: 2
[HDD (BASE 65) ]
TOTAL THIS MO. 137 CLEAR (SCALE 0-3) 10
DPTR FM NORMAL -56 PTCLDY (SCALE 4-7) 14
TOTAL FM JUL 1 5248 CLOUDY (SCALE 8-10) 7
DPTR FM NORMAL -478
[CDD (BASE 65) ]
TOTAL THIS MO. 57
DPTR FM NORMAL 10 [PRESSURE DATA]
TOTAL FM JAN 1 59 HIGHEST SLP 30.41 ON 10
DPTR FM NORMAL 4 LOWEST SLP 29.63 ON 7
[REMARKS]
#FINAL-05-22#