000
CXUS56 KMTR 010900
CF6APC
PRELIMINARY LOCAL CLIMATOLOGICAL DATA (WS FORM: F-6)
STATION: NAPA AIRPORT
MONTH: MARCH
YEAR: 2024
LATITUDE: 38 13 N
LONGITUDE: 122 17 W
TEMPERATURE IN F: :PCPN: SNOW: WIND :SUNSHINE: SKY :PK WND
================================================================================
1 2 3 4 5 6A 6B 7 8 9 10 11 12 13 14 15 16 17 18
12Z AVG MX 2MIN
DY MAX MIN AVG DEP HDD CDD WTR SNW DPTH SPD SPD DIR MIN PSBL S-S WX SPD DR
================================================================================
1 56 45 51 -1 14 0 0.40 M M 15.7 32 260 M M 8 1 46 260
2 52 42 47 -5 18 0 0.17 M M 11.5 32 260 M M 9 1 39 280
3 55 37 46 -6 19 0 0.31 M M 7.6 26 280 M M 5 1 31 280
4 57 36 47 -5 18 0 T M M 6.2 16 200 M M 8 19 200
5 59 49 54 2 11 0 T M M 6.5 21 200 M M 9 1 25 200
6 63 46 55 3 10 0 0.00 M M 4.4 16 280 M M 7 18 18 270
7 63 42 53 1 12 0 0.00 M M 4.5 15 260 M M 4 1 19 260
8 65 38 52 0 13 0 0.00 M M 4.9 14 260 M M 0 17 260
9 58 42 50 -2 15 0 T M M 5.5 16 220 M M 4 1 20 200
10 60 41 51 -2 14 0 0.15 M M 7.3 15 200 M M 4 1 M M
11 60 43 52 -1 13 0 0.09 M M 6.0 17 270 M M 8 12 21 280
12 62 46 54 1 11 0 0.12 M M 9.2 23 270 M M 6 1 27 280
13 70 39 55 2 10 0 0.00 M M 6.0 18 330 M M 0 8 25 330
14 69 48 59 6 6 0 0.00 M M 15.1 31 20 M M 0 41 10
15 75 45 60 7 5 0 0.00 M M 14.0 32 20 M M 0 43 10
16 68 39 54 1 11 0 0.00 M M 6.5 20 270 M M 0 25 260
17 67 40 54 1 11 0 0.00 M M 4.1 15 200 M M 2 12 20 210
18 68 40 54 1 11 0 0.00 M M 3.2 10 210 M M 1 1 12 220
19 68 46 57 4 8 0 0.00 M M 6.5 16 250 M M 5 1 21 250
20 68 39 54 1 11 0 0.00 M M 7.9 18 270 M M 1 12 24 270
21 65 47 56 3 9 0 0.00 M M 5.8 14 200 M M 4 18 210
22 66 46 56 3 9 0 0.24 M M 9.2 26 240 M M 6 1 38 220
23 60 49 55 2 10 0 0.14 M M 9.4 25 260 M M 7 1 43 220
24 65 45 55 2 10 0 0.05 M M 11.7 24 270 M M 4 1 32 260
25 63 44 54 0 11 0 0.00 M M 8.3 17 250 M M 0 24 260
26 63 37 50 -4 15 0 0.00 M M 7.5 17 260 M M 0 1 21 270
27 57 44 51 -3 14 0 0.40 M M 10.1 22 210 M M 9 1 28 190
28 60 43 52 -2 13 0 0.03 M M 7.5 17 270 M M 4 21 260
29 53 43 48 -6 17 0 0.40 M M 9.2 21 100 M M 7 1 33 90
30 64 43 54 0 11 0 0.06 M M 8.5 17 20 M M 5 1 22 20
31 64 44 54 0 11 0 T M M 5.4 20 190 M M 4 24 200
================================================================================
SM 1943 1328 371 0 2.56 M 245.2 M 131
================================================================================
AV 62.7 42.8 7.9 FASTST M M 4 MAX(MPH)
MISC ----> # 32 260 46 260
================================================================================
NOTES:
# LAST OF SEVERAL OCCURRENCES
COLUMN 17 PEAK WIND IN M.P.H.
PRELIMINARY LOCAL CLIMATOLOGICAL DATA (WS FORM: F-6) , PAGE 2
STATION: NAPA AIRPORT
MONTH: MARCH
YEAR: 2024
LATITUDE: 38 13 N
LONGITUDE: 122 17 W
[TEMPERATURE DATA] [PRECIPITATION DATA] SYMBOLS USED IN COLUMN 16
AVERAGE MONTHLY: 52.8 TOTAL FOR MONTH: 2.56 1 = FOG OR MIST
DPTR FM NORMAL: -0.2 DPTR FM NORMAL: -0.45 2 = FOG REDUCING VISIBILITY
HIGHEST: 75 ON 15 GRTST 24HR 0.49 ON 1- 2 TO 1/4 MILE OR LESS
LOWEST: 36 ON 4 3 = THUNDER
SNOW, ICE PELLETS, HAIL 4 = ICE PELLETS
TOTAL MONTH: M 5 = HAIL
GRTST 24HR M ON M 6 = FREEZING RAIN OR DRIZZLE
GRTST DEPTH: M ON M 7 = DUSTSTORM OR SANDSTORM:
VSBY 1/2 MILE OR LESS
8 = SMOKE OR HAZE
[NO. OF DAYS WITH] [WEATHER - DAYS WITH] 9 = BLOWING SNOW
X = TORNADO
MAX 32 OR BELOW: 0 0.01 INCH OR MORE: 13
MAX 90 OR ABOVE: 0 0.10 INCH OR MORE: 9
MIN 32 OR BELOW: 0 0.50 INCH OR MORE: 0
MIN 0 OR BELOW: 0 1.00 INCH OR MORE: 0
[HDD (BASE 65) ]
TOTAL THIS MO. 371 CLEAR (SCALE 0-3) 10
DPTR FM NORMAL -3 PTCLDY (SCALE 4-7) 16
TOTAL FM JUL 1 2019 CLOUDY (SCALE 8-10) 5
DPTR FM NORMAL -450
[CDD (BASE 65) ]
TOTAL THIS MO. 0
DPTR FM NORMAL 0 [PRESSURE DATA]
TOTAL FM JAN 1 0 HIGHEST SLP M ON M
DPTR FM NORMAL 0 LOWEST SLP 29.54 ON 29
[REMARKS]
#FINAL-03-24#