000
CXUS52 KMFL 011422
CF6APF
PRELIMINARY LOCAL CLIMATOLOGICAL DATA (WS FORM: F-6)
STATION: NAPLES
MONTH: AUGUST
YEAR: 2020
LATITUDE: 26 8 N
LONGITUDE: 81 46 W
TEMPERATURE IN F: :PCPN: SNOW: WIND :SUNSHINE: SKY :PK WND
================================================================================
1 2 3 4 5 6A 6B 7 8 9 10 11 12 13 14 15 16 17 18
12Z AVG MX 2MIN
DY MAX MIN AVG DEP HDD CDD WTR SNW DPTH SPD SPD DIR MIN PSBL S-S WX SPD DR
================================================================================
1 95 77 86 3 0 21 0.00 0.0 0 12.2 22 50 M M 3 28 60
2 91 78 85 2 0 20 T 0.0 0 7.8 17 300 M M 3 3 23 310
3 91 78 85 2 0 20 0.00 0.0 0 3.8 12 280 M M 1 15 290
4 91 81 86 3 0 21 0.00 0.0 0 5.4 14 230 M M 1 19 220
5 91 77 84 1 0 19 0.23 0.0 0 6.4 18 80 M M 2 13 23 80
6 91 76 84 1 0 19 T 0.0 0 6.2 14 250 M M 1 18 250
7 92 76 84 1 0 19 0.03 0.0 0 5.9 16 90 M M 3 3 20 80
8 94 74 84 1 0 19 0.39 0.0 0 5.4 26 70 M M 1 13 34 60
9 94 77 86 3 0 21 T 0.0 0 6.9 20 200 M M 3 3 24 200
10 95 74 85 2 0 20 0.07 0.0 0 5.9 24 40 M M 2 13 32 40
11 94 74 84 1 0 19 0.27 0.0 0 6.4 22 140 M M 1 138 26 140
12 92 75 84 1 0 19 0.74 0.0 0 4.6 16 190 M M 2 138 21 80
13 93 78 86 3 0 21 0.00 0.0 0 5.9 16 270 M M 2 3 20 280
14 91 77 84 1 0 19 0.00 0.0 0 4.8 15 210 M M 1 3 19 230
15 90 78 84 1 0 19 0.00 0.0 0 5.0 15 290 M M 1 19 300
16 91 79 85 2 0 20 0.01 0.0 0 4.4 13 160 M M 2 13 19 260
17 90 79 85 2 0 20 0.06 0.0 0 5.3 22 200 M M 1 3 26 190
18 91 77 84 1 0 19 0.00 0.0 0 5.7 14 230 M M 1 3 16 240
19 89 77 83 0 0 18 T 0.0 0 5.5 24 160 M M 1 13 30 160
20 92 77 85 2 0 20 0.05 0.0 0 6.9 22 210 M M 1 13 25 220
21 93 75 84 1 0 19 0.30 0.0 0 9.1 35 130 M M 2 138 42 140
22 89 75 82 -1 0 17 0.15 0.0 0 6.7 26 120 M M 1 13 35 120
23 96 78 87 4 0 22 0.00 0.0 0 10.3 20 120 M M 1 27 120
24 92 80 86 3 0 21 0.05 0.0 0 14.3 29 120 M M 2 18 39 120
25 95 81 88 5 0 23 0.00 0.0 0 11.7 21 150 M M 2 27 150
26 89 78 84 1 0 19 0.29 0.0 0 5.8 16 100 M M 2 138 20 100
27 93 77 85 2 0 20 0.00 0.0 0 8.0 16 220 M M 1 20 170
28 92 79 86 3 0 21 0.00 0.0 0 6.2 16 200 M M 2 3 20 170
29 91 80 86 3 0 21 0.00 0.0 0 6.8 14 230 M M 3 18 220
30 91 77 84 1 0 19 T 0.0 0 6.0 18 40 M M 2 13 23 50
31 91 77 84 1 0 19 T 0.0 0 5.5 16 230 M M 1 1 21 240
================================================================================
SM 2850 2396 0 614 2.64 0.0 210.8 M 52
================================================================================
AV 91.9 77.3 6.8 FASTST M M 2 MAX(MPH)
MISC ----> # 35 130 # 42 140
================================================================================
NOTES:
# LAST OF SEVERAL OCCURRENCES
COLUMN 17 PEAK WIND IN M.P.H.
PRELIMINARY LOCAL CLIMATOLOGICAL DATA (WS FORM: F-6) , PAGE 2
STATION: NAPLES
MONTH: AUGUST
YEAR: 2020
LATITUDE: 26 8 N
LONGITUDE: 81 46 W
[TEMPERATURE DATA] [PRECIPITATION DATA] SYMBOLS USED IN COLUMN 16
AVERAGE MONTHLY: 84.6 TOTAL FOR MONTH: 2.64 1 = FOG OR MIST
DPTR FM NORMAL: 1.4 DPTR FM NORMAL: -5.94 2 = FOG REDUCING VISIBILITY
HIGHEST: 96 ON 23 GRTST 24HR 0.74 ON 12-12 TO 1/4 MILE OR LESS
LOWEST: 74 ON 11,10 3 = THUNDER
SNOW, ICE PELLETS, HAIL 4 = ICE PELLETS
TOTAL MONTH: 0.0 INCH 5 = HAIL
GRTST 24HR 0.0 6 = FREEZING RAIN OR DRIZZLE
GRTST DEPTH: 0 7 = DUSTSTORM OR SANDSTORM:
VSBY 1/2 MILE OR LESS
8 = SMOKE OR HAZE
[NO. OF DAYS WITH] [WEATHER - DAYS WITH] 9 = BLOWING SNOW
X = TORNADO
MAX 32 OR BELOW: 0 0.01 INCH OR MORE: 13
MAX 90 OR ABOVE: 28 0.10 INCH OR MORE: 7
MIN 32 OR BELOW: 0 0.50 INCH OR MORE: 1
MIN 0 OR BELOW: 0 1.00 INCH OR MORE: 0
[HDD (BASE 65) ]
TOTAL THIS MO. 0 CLEAR (SCALE 0-3) 29
DPTR FM NORMAL 0 PTCLDY (SCALE 4-7) 2
TOTAL FM JUL 1 0 CLOUDY (SCALE 8-10) 0
DPTR FM NORMAL 0
[CDD (BASE 65) ]
TOTAL THIS MO. 614
DPTR FM NORMAL 51 [PRESSURE DATA]
TOTAL FM JAN 1 3396 HIGHEST SLP 30.15 ON 9
DPTR FM NORMAL 739 LOWEST SLP 29.79 ON 2
[REMARKS]
#FINAL-08-20#