000
CXUS52 KMFL 011159
CLMAPF
CLIMATE REPORT
NATIONAL WEATHER SERVICE MIAMI, FL
759 AM EDT MON MAY 01 2023
...................................
...THE NAPLES CLIMATE SUMMARY FOR THE MONTH OF APRIL 2023...
CLIMATE NORMAL PERIOD: 1991 TO 2020
CLIMATE RECORD PERIOD: 1942 TO 2023
WEATHER OBSERVED NORMAL DEPART LAST YEAR`S
VALUE DATE(S) VALUE FROM VALUE DATE(S)
NORMAL
................................................................
TEMPERATURE (F)
RECORD
HIGH 95 04/29/2017
04/14/1965
LOW 39 04/08/1971
HIGHEST 93 04/05 91 04/19
LOWEST 64 04/18 52 04/10
AVG. MAXIMUM 86.8 83.8 3.0 87.0
AVG. MINIMUM 70.1 65.5 4.6 68.4
MEAN 78.5 74.6 3.9 77.7
DAYS MAX >= 90 4 5
DAYS MAX <= 32 0 0
DAYS MIN <= 32 0 0
DAYS MIN <= 0 0 0
PRECIPITATION (INCHES)
RECORD
MAXIMUM 7.73 1997
MINIMUM 0.00 1970
TOTALS 1.01 2.52 -1.51 1.44
DAILY AVG. 0.03 0.08 -0.05 0.05
DAYS >= .01 3 5
DAYS >= .10 2 3
DAYS >= .50 1 2
DAYS >= 1.00 0 0
GREATEST
24 HR. TOTAL 0.65 04/16 TO 04/16 0.80
DEGREE DAYS
HEATING TOTAL 0 2 -2 0
SINCE 7/1 93 220 -127 MM
COOLING TOTAL 408 292 116 388
SINCE 1/1 1126 693 433 MM
................................................................
WIND (MPH)
AVERAGE WIND SPEED 8.9
HIGHEST WIND SPEED/DIRECTION 32/070 DATE 04/11
32/260 04/30
HIGHEST GUST SPEED/DIRECTION 44/250 DATE 04/30
SKY COVER
POSSIBLE SUNSHINE (PERCENT) MM
AVERAGE SKY COVER 0.25
NUMBER OF DAYS FAIR 23
NUMBER OF DAYS PC 7
NUMBER OF DAYS CLOUDY 0
AVERAGE RH (PERCENT) 71
WEATHER CONDITIONS. NUMBER OF DAYS WITH
THUNDERSTORM 8 MIXED PRECIP 0
HEAVY RAIN 0 RAIN 1
LIGHT RAIN 1 FREEZING RAIN 0
LT FREEZING RAIN 0 HAIL 0
HEAVY SNOW 0 SNOW 0
LIGHT SNOW 0 SLEET 0
FOG 11 FOG W/VIS <= 1/4 MILE 0
HAZE 8
- INDICATES NEGATIVE NUMBERS.
R INDICATES RECORD WAS SET OR TIED.
MM INDICATES DATA IS MISSING.
T INDICATES TRACE AMOUNT.
$$