000
CXUS54 KHGX 011515
CF6ARM
PRELIMINARY LOCAL CLIMATOLOGICAL DATA (WS FORM: F-6)
STATION: Wharton
MONTH: JULY
YEAR: 2020
LATITUDE: 29 15 N
LONGITUDE: 96 9 W
TEMPERATURE IN F: :PCPN: SNOW: WIND :SUNSHINE: SKY :PK WND
================================================================================
1 2 3 4 5 6A 6B 7 8 9 10 11 12 13 14 15 16 17 18
12Z AVG MX 2MIN
DY MAX MIN AVG DEP HDD CDD WTR SNW DPTH SPD SPD DIR MIN PSBL S-S WX SPD DR
================================================================================
1 91 78 85 M 0 20 0.00 0.0 0 11.2 20 170 M M 5 1 23 170
2 94 76 85 M 0 20 0.00 0.0 0 6.6 12 180 M M 4 18 16 200
3 95 73 84 M 0 19 0.00 0.0 0 3.4 7 250 M M 2 1 M M
4 94 72 83 M 0 18 0.00 0.0 0 3.8 10 240 M M 2 1 M M
5 94 72 83 M 0 18 0.00 0.0 0 6.9 14 160 M M 2 1 18 210
6 93 78 86 M 0 21 0.00 0.0 0 8.6 15 160 M M 2 18 180
7 93 76 85 M 0 20 0.00 0.0 0 7.3 15 200 M M 3 1 20 170
8 93 77 85 M 0 20 0.00 0.0 0 8.9 17 150 M M 5 1 22 190
9 94 77 86 M 0 21 0.00 0.0 0 10.0 17 160 M M 3 1 23 160
10 96 75 86 M 0 21 0.00 0.0 0 7.0 15 160 M M 3 1 18 200
11 97 74 86 M 0 21 0.00 0.0 0 5.2 12 190 M M 2 2 M M
12 96 74 85 M 0 20 0.00 0.0 0 5.2 13 210 M M 3 1 16 210
13 97 75 86 M 0 21 0.00 0.0 0 8.0 14 160 M M 2 1 18 170
14 95 75 85 M 0 20 0.00 0.0 0 9.7 17 160 M M 2 1 22 160
15 96 75 86 M 0 21 0.00 0.0 0 8.7 16 160 M M 2 21 190
16 98 74 86 M 0 21 0.00 0.0 0 5.7 16 180 M M 2 1 M M
17 89 73 81 M 0 16 0.01 0.0 0 3.8 15 160 M M 4 1 M M
18 94 71 83 M 0 18 0.00 0.0 0 5.2 14 160 M M 2 17 150
19 94 72 83 M 0 18 0.00 0.0 0 4.0 15 110 M M 2 3 21 110
20 90 73 82 M 0 17 0.00 0.0 0 6.6 15 90 M M 2 1 20 90
21 90 75 83 M 0 18 0.02 0.0 0 6.2 14 120 M M 5 3 17 120
22 90 74 82 M 0 17 0.13 0.0 0 3.6 9 120 M M 3 13 M M
23 97 74 86 M 0 21 0.00 0.0 0 4.7 10 60 M M 3 1 M M
24 93 74 84 M 0 19 0.00 0.0 0 8.6 15 50 M M 4 3 28 70
25 80 73 77 M 0 12 2.25 0.0 0 9.0 13 60 M M 7 21 90
26 87 76 82 M 0 17 0.63 0.0 0 8.0 14 60 M M 5 25 120
27 91 75 83 M 0 18 0.06 0.0 0 4.1 13 180 M M 3 13 M M
28 85 73 79 M 0 14 0.08 0.0 0 2.8 10 130 M M 4 13 M M
29 85 72 79 M 0 14 0.71 0.0 0 2.6 13 140 M M 3 13 20 220
30 90 74 82 M 0 17 0.00 0.0 0 8.7 16 190 M M 2 20 190
31 92 74 83 M 0 18 0.00 0.0 0 7.1 14 180 M M 3 1 20 210
================================================================================
SM 2863 2304 0 576 3.89 0.0 201.2 M 96
================================================================================
AV 92.4 74.3 6.5 FASTST M M 3 MAX(MPH)
MISC ----> # 20 170 # 28 70
================================================================================
NOTES:
# LAST OF SEVERAL OCCURRENCES
COLUMN 17 PEAK WIND IN M.P.H.
PRELIMINARY LOCAL CLIMATOLOGICAL DATA (WS FORM: F-6) , PAGE 2
STATION: Wharton
MONTH: JULY
YEAR: 2020
LATITUDE: 29 15 N
LONGITUDE: 96 9 W
[TEMPERATURE DATA] [PRECIPITATION DATA] SYMBOLS USED IN COLUMN 16
AVERAGE MONTHLY: 83.3 TOTAL FOR MONTH: 3.89 1 = FOG OR MIST
DPTR FM NORMAL: M DPTR FM NORMAL: M 2 = FOG REDUCING VISIBILITY
HIGHEST: 98 ON 16 GRTST 24HR 2.25 ON 25-25 TO 1/4 MILE OR LESS
LOWEST: 71 ON 18 3 = THUNDER
SNOW, ICE PELLETS, HAIL 4 = ICE PELLETS
TOTAL MONTH: 0.0 INCH 5 = HAIL
GRTST 24HR 0.0 6 = FREEZING RAIN OR DRIZZLE
GRTST DEPTH: 0 7 = DUSTSTORM OR SANDSTORM:
VSBY 1/2 MILE OR LESS
8 = SMOKE OR HAZE
[NO. OF DAYS WITH] [WEATHER - DAYS WITH] 9 = BLOWING SNOW
X = TORNADO
MAX 32 OR BELOW: 0 0.01 INCH OR MORE: 8
MAX 90 OR ABOVE: 26 0.10 INCH OR MORE: 4
MIN 32 OR BELOW: 0 0.50 INCH OR MORE: 3
MIN 0 OR BELOW: 0 1.00 INCH OR MORE: 1
[HDD (BASE 65) ]
TOTAL THIS MO. 0 CLEAR (SCALE 0-3) 21
DPTR FM NORMAL M PTCLDY (SCALE 4-7) 10
TOTAL FM JUL 1 0 CLOUDY (SCALE 8-10) 0
DPTR FM NORMAL M
[CDD (BASE 65) ]
TOTAL THIS MO. 576
DPTR FM NORMAL M [PRESSURE DATA]
TOTAL FM JAN 1 1778 HIGHEST SLP M ON M
DPTR FM NORMAL M LOWEST SLP M ON M
[REMARKS]
#FINAL-07-20#