000
CXUS56 KPQR 011301
CF6AST
PRELIMINARY LOCAL CLIMATOLOGICAL DATA (WS FORM: F-6)
STATION: ASTORIA OR
MONTH: DECEMBER
YEAR: 2022
LATITUDE: 46 9 N
LONGITUDE: 123 53 W
TEMPERATURE IN F: :PCPN: SNOW: WIND :SUNSHINE: SKY :PK WND
================================================================================
1 2 3 4 5 6A 6B 7 8 9 10 11 12 13 14 15 16 17 18
12Z AVG MX 2MIN
DY MAX MIN AVG DEP HDD CDD WTR SNW DPTH SPD SPD DIR MIN PSBL S-S WX SPD DR
================================================================================
1 38 31 35 -9 30 0 0.19 M M 3.7 10 120 M M 8 1 14 180
2 44 31 38 -6 27 0 0.09 M M 10.0 20 110 M M 9 1 27 110
3 46 38 42 -2 23 0 T M M 10.0 17 70 M M 4 24 70
4 43 37 40 -4 25 0 0.16 M M 9.0 18 80 M M 8 1 25 80
5 49 38 44 0 21 0 0.03 M M 3.7 10 70 M M 10 1 13 70
6 49 39 44 0 21 0 T M M 1.3 8 130 M M 9 1 11 20
7 48 40 44 0 21 0 0.02 M M 6.1 14 160 M M 10 19 150
8 49 34 42 -1 23 0 0.50 M M 5.7 24 200 M M 8 1 37 210
9 51 36 44 1 21 0 0.74 M M 10.5 35 190 M M 10 1 51 200
10 51 43 47 4 18 0 0.47 M M 9.1 33 190 M M 10 1 53 190
11 48 39 44 1 21 0 0.21 M M 2.0 12 40 M M 10 12 13 40
12 48 37 43 0 22 0 0.01 M M 2.5 10 360 M M 8 12 12 330
13 45 37 41 -2 24 0 0.00 M M 1.7 7 120 M M 10 1 8 330
14 47 32 40 -3 25 0 0.00 M M 4.5 14 40 M M 4 19 40
15 48 30 39 -4 26 0 0.00 M M 7.5 20 40 M M 0 23 20
16 47 29 38 -5 27 0 0.00 M M 6.1 15 30 M M 0 1 20 40
17 41 27 34 -9 31 0 0.09 M M 1.4 7 300 M M 9 12 8 80
18 45 35 40 -3 25 0 0.14 M M 5.4 26 280 M M 9 1 33 280
19 42 36 39 -4 26 0 0.00 M M 3.8 9 80 M M 9 10 80
20 50 36 43 0 22 0 0.44 M M 8.6 22 210 M M 10 1 34 180
21 41 29 35 -8 30 0 0.00 M M 9.8 26 70 M M 5 31 70
22 32 27 30 -13 35 0 0.12 M M 16.1 25 70 M M 6 16 29 70
23 39 30 35 -8 30 0 1.01 M M 7.5 21 70 M M 10 16 26 60
24 57 38 48 5 17 0 0.95 M M 15.4 32 200 M M 10 1 48 190
25 59 45 52 9 13 0 1.32 M M 6.9 26 180 M M 10 1 44 200
26 61 49 55 12 10 0 2.12 M M 15.3 44 200 M M 10 1 69 200
27 58 44 51 8 14 0 0.71 M M 20.8 38 280 M M 10 18 57 270
28 49 41 45 2 20 0 0.27 M M 5.8 20 270 M M 9 1 28 220
29 53 43 48 5 17 0 1.35 M M 6.9 24 200 M M 10 1 33 190
30 53 48 51 8 14 0 0.16 M M 12.4 21 200 M M 10 18 32 190
31 51 36 44 1 21 0 0.44 M M 3.4 17 260 M M 9 128 22 260
================================================================================
SM 1482 1135 700 0 11.54 M 232.9 M 254
================================================================================
AV 47.8 36.6 7.5 FASTST M M 8 MAX(MPH)
MISC ----> 44 200 69 200
================================================================================
NOTES:
# LAST OF SEVERAL OCCURRENCES
COLUMN 17 PEAK WIND IN M.P.H.
PRELIMINARY LOCAL CLIMATOLOGICAL DATA (WS FORM: F-6) , PAGE 2
STATION: ASTORIA OR
MONTH: DECEMBER
YEAR: 2022
LATITUDE: 46 9 N
LONGITUDE: 123 53 W
[TEMPERATURE DATA] [PRECIPITATION DATA] SYMBOLS USED IN COLUMN 16
AVERAGE MONTHLY: 42.2 TOTAL FOR MONTH: 11.54 1 = FOG OR MIST
DPTR FM NORMAL: -1.0 DPTR FM NORMAL: 0.86 2 = FOG REDUCING VISIBILITY
HIGHEST: 61 ON 26 GRTST 24HR 2.31 ON 25-26 TO 1/4 MILE OR LESS
LOWEST: 27 ON 22,17 3 = THUNDER
SNOW, ICE PELLETS, HAIL 4 = ICE PELLETS
TOTAL MONTH: M 5 = HAIL
GRTST 24HR M ON M 6 = FREEZING RAIN OR DRIZZLE
GRTST DEPTH: M ON M 7 = DUSTSTORM OR SANDSTORM:
VSBY 1/2 MILE OR LESS
8 = SMOKE OR HAZE
[NO. OF DAYS WITH] [WEATHER - DAYS WITH] 9 = BLOWING SNOW
X = TORNADO
MAX 32 OR BELOW: 1 0.01 INCH OR MORE: 23
MAX 90 OR ABOVE: 0 0.10 INCH OR MORE: 18
MIN 32 OR BELOW: 9 0.50 INCH OR MORE: 8
MIN 0 OR BELOW: 0 1.00 INCH OR MORE: 4
[HDD (BASE 65) ]
TOTAL THIS MO. 700 CLEAR (SCALE 0-3) 2
DPTR FM NORMAL 23 PTCLDY (SCALE 4-7) 8
TOTAL FM JUL 1 1825 CLOUDY (SCALE 8-10) 21
DPTR FM NORMAL -219
[CDD (BASE 65) ]
TOTAL THIS MO. 0
DPTR FM NORMAL 0 [PRESSURE DATA]
TOTAL FM JAN 1 56 HIGHEST SLP 30.46 ON 15
DPTR FM NORMAL 34 LOWEST SLP 28.83 ON 27
[REMARKS]
#FINAL-12-22#