000
CXUS56 KPQR 181721
CF6AST
PRELIMINARY LOCAL CLIMATOLOGICAL DATA (WS FORM: F-6)
STATION: ASTORIA OR
MONTH: JANUARY
YEAR: 2022
LATITUDE: 46 9 N
LONGITUDE: 123 53 W
TEMPERATURE IN F: :PCPN: SNOW: WIND :SUNSHINE: SKY :PK WND
================================================================================
1 2 3 4 5 6A 6B 7 8 9 10 11 12 13 14 15 16 17 18
12Z AVG MX 2MIN
DY MAX MIN AVG DEP HDD CDD WTR SNW DPTH SPD SPD DIR MIN PSBL S-S WX SPD DR
================================================================================
1 39 28 34 -9 31 0 0.00 M M 7.5 12 80 M M 8 14 80
2 49 35 42 -1 23 0 1.61 M M 15.2 39 180 M M 10 1 57 180
3 45 40 43 0 22 0 0.33 M M 9.5 24 230 M M 8 1 33 250
4 47 39 43 0 22 0 0.12 M M 6.4 25 250 M M 9 1 33 240
5 51 37 44 1 21 0 1.40 M M 6.2 22 200 M M 9 1 32 180
6 52 40 46 3 19 0 5.07 M M 21.1 39 180 M M 10 54 200
7 44 39 42 -2 23 0 0.34 M M 15.0 33 200 M M 10 8 53 190
8 48 35 42 -2 23 0 0.13 M M 5.1 12 150 M M 7 1 13 150
9 56 35 46 2 19 0 0.00 M M 9.0 17 80 M M 0 20 130
10 58 44 51 7 14 0 0.19 M M 7.4 25 190 M M 8 1 39 200
11 58 47 53 9 12 0 1.41 M M 16.3 28 190 M M 10 1 43 170
12 60 49 55 11 10 0 0.97 M M 10.4 24 200 M M 7 1 32 190
13 53 46 50 6 15 0 0.81 M M 7.6 26 350 M M 10 12 33 190
14 55 39 47 3 18 0 0.00 M M 2.8 10 340 M M 3 12 14 340
15 49 37 43 -1 22 0 0.00 M M 3.2 12 10 M M 8 12 13 10
16 48 40 44 0 21 0 0.00 M M 4.2 13 50 M M 1 12 15 50
17 50 39 45 1 20 0 0.02 M M 4.7 15 210 M M 8 1 23 200
18 49 45 47 3 18 0 0.05 M M 3.3 16 210 M M 10 12 21 200
19 53 45 49 5 16 0 0.54 M M 5.6 16 200 M M 10 1 24 210
20 54 44 49 5 16 0 0.47 M M 10.6 21 210 M M 10 1 32 210
21 48 38 43 -1 22 0 0.01 M M 4.2 12 40 M M 8 1 13 40
22 51 34 43 -1 22 0 0.00 M M 8.3 17 40 M M 0 1 21 40
23 56 33 45 1 20 0 0.00 M M 4.3 12 80 M M 0 13 80
24 47 30 39 -5 26 0 0.00 M M 3.3 12 90 M M 2 128 14 90
25 55 30 43 -1 22 0 0.00 M M 5.2 13 80 M M 0 15 80
26 53 32 43 -1 22 0 0.00 M M 6.2 17 50 M M 0 20 50
27 59 31 45 1 20 0 0.00 M M 7.6 16 80 M M 0 20 70
28 53 27 40 -4 25 0 0.00 M M 2.8 7 140 M M 0 8 140
29 53 28 41 -3 24 0 0.00 M M 3.7 12 250 M M 3 15 250
30 54 M M M M M M M M 6.5 26 180 M M 6 18 45 220
31 M M M M M M M M M M M M M M M M M
================================================================================
SM 1547 1086 588 0 13.47 M 223.2 M 175
================================================================================
AV 51.6 37.4 7.4 FASTST M M 6 MAX(MPH)
MISC ----> # 39 180 57 180
================================================================================
NOTES:
# LAST OF SEVERAL OCCURRENCES
COLUMN 17 PEAK WIND IN M.P.H.
PRELIMINARY LOCAL CLIMATOLOGICAL DATA (WS FORM: F-6) , PAGE 2
STATION: ASTORIA OR
MONTH: JANUARY
YEAR: 2022
LATITUDE: 46 9 N
LONGITUDE: 123 53 W
[TEMPERATURE DATA] [PRECIPITATION DATA] SYMBOLS USED IN COLUMN 16
AVERAGE MONTHLY: 44.5 TOTAL FOR MONTH: 13.47 1 = FOG OR MIST
DPTR FM NORMAL: 0.8 DPTR FM NORMAL: 2.88 2 = FOG REDUCING VISIBILITY
HIGHEST: 60 ON 12 GRTST 24HR 5.07 ON 6- 6 TO 1/4 MILE OR LESS
LOWEST: 27 ON 28 3 = THUNDER
SNOW, ICE PELLETS, HAIL 4 = ICE PELLETS
TOTAL MONTH: M 5 = HAIL
GRTST 24HR M ON M 6 = FREEZING RAIN OR DRIZZLE
GRTST DEPTH: M ON M 7 = DUSTSTORM OR SANDSTORM:
VSBY 1/2 MILE OR LESS
8 = SMOKE OR HAZE
[NO. OF DAYS WITH] [WEATHER - DAYS WITH] 9 = BLOWING SNOW
X = TORNADO
MAX 32 OR BELOW: 0 0.01 INCH OR MORE: 16
MAX 90 OR ABOVE: 0 0.10 INCH OR MORE: 13
MIN 32 OR BELOW: 7 0.50 INCH OR MORE: 7
MIN 0 OR BELOW: 0 1.00 INCH OR MORE: 4
[HDD (BASE 65) ]
TOTAL THIS MO. 588 CLEAR (SCALE 0-3) 11
DPTR FM NORMAL -71 PTCLDY (SCALE 4-7) 7
TOTAL FM JUL 1 2609 CLOUDY (SCALE 8-10) 13
DPTR FM NORMAL -95
[CDD (BASE 65) ]
TOTAL THIS MO. 0
DPTR FM NORMAL 0 [PRESSURE DATA]
TOTAL FM JAN 1 0 HIGHEST SLP 30.66 ON 21
DPTR FM NORMAL 0 LOWEST SLP 29.27 ON 7
[REMARKS]
#FINAL-01-22#