000
CXUS54 KEWX 042246
CF6ATT
PRELIMINARY LOCAL CLIMATOLOGICAL DATA (WS FORM: F-6)
STATION: AUSTIN CAMP MABRY
MONTH: MARCH
YEAR: 2020
LATITUDE: 30 17 N
LONGITUDE: 97 42 W
TEMPERATURE IN F: :PCPN: SNOW: WIND :SUNSHINE: SKY :PK WND
================================================================================
1 2 3 4 5 6A 6B 7 8 9 10 11 12 13 14 15 16 17 18
12Z AVG MX 2MIN
DY MAX MIN AVG DEP HDD CDD WTR SNW DPTH SPD SPD DIR MIN PSBL S-S WX SPD DR
================================================================================
1 77 58 68 10 0 3 0.00 0.0 0 5.5 14 200 M M 4 27 180
2 79 65 72 14 0 7 0.00 0.0 0 4.1 12 170 M M 6 1 22 190
3 75 64 70 12 0 5 0.00 0.0 0 2.9 13 100 M M 5 18 22 120
4 69 54 62 3 3 0 1.43 0.0 0 7.1 21 10 M M 10 13 38 20
5 76 48 62 3 3 0 0.00 0.0 0 4.3 13 10 M M 1 22 360
6 71 50 61 2 4 0 0.00 0.0 0 5.0 12 30 M M 0 23 40
7 64 45 55 -5 10 0 T 0.0 0 4.4 12 140 M M 2 23 150
8 76 50 63 3 2 0 0.00 0.0 0 7.1 16 160 M M 7 30 170
9 67 64 66 6 0 1 0.16 0.0 0 4.2 15 160 M M 8 1 32 170
10 81 59 70 10 0 5 0.00 0.0 0 2.8 9 170 M M 6 12 21 160
11 85 63 74 14 0 9 0.00 0.0 0 4.7 12 170 M M 3 18 23 150
12 87 68 78 17 0 13 0.00 0.0 0 6.7 14 150 M M 4 23 170
13 84 69 77 16 0 12 0.00 0.0 0 6.9 16 150 M M 9 28 180
14 84 69 77 16 0 12 0.00 0.0 0 5.3 16 150 M M 7 8 29 150
15 69 58 64 2 1 0 0.04 0.0 0 4.8 12 20 M M 10 18 21 20
16 75 58 67 5 0 2 T 0.0 0 3.5 13 100 M M 9 1 22 120
17 81 68 75 13 0 10 0.01 0.0 0 6.7 15 150 M M 9 25 160
18 83 70 77 15 0 12 0.00 0.0 0 8.0 15 160 M M 8 32 160
19 85 70 78 16 0 13 0.05 0.0 0 6.9 17 150 M M 7 32 140
20 72 52 62 -1 3 0 0.89 0.0 0 7.1 15 10 M M 10 13 26 10
21 55 48 52 -11 13 0 0.91 0.0 0 4.8 13 20 M M 10 123 23 40
22 67 54 61 -2 4 0 T 0.0 0 1.0 6 10 M M 10 1 10 120
23 84 64 74 10 0 9 0.01 0.0 0 3.6 13 160 M M 9 18 23 150
24 92 60 76 12 0 11 0.00 0.0 0 3.3 14 290 M M 4 1 26 330
25 91 56 74 10 0 9 0.00 0.0 0 3.2 12 140 M M 1 128 21 160
26 88 67 78 14 0 13 0.00 0.0 0 5.3 14 130 M M 5 18 25 200
27 89 70 80 16 0 15 0.00 0.0 0 6.9 13 170 M M 3 32 190
28 81 55 68 3 0 3 0.07 0.0 0 5.4 18 140 M M 5 13 30 150
29 81 51 66 1 0 1 0.00 0.0 0 3.6 12 120 M M 3 20 90
30 70 64 67 2 0 2 0.44 0.0 0 1.3 13 130 M M 9 12 18 140
31 75 56 66 1 0 1 0.00 0.0 0 4.4 14 360 M M 2 1 24 10
================================================================================
SM 2413 1847 43 168 4.01 0.0 150.8 M 186
================================================================================
AV 77.8 59.6 4.9 FASTST M M 6 MAX(MPH)
MISC ----> # 21 10 # 38 20
================================================================================
NOTES:
# LAST OF SEVERAL OCCURRENCES
COLUMN 17 PEAK WIND IN M.P.H.
PRELIMINARY LOCAL CLIMATOLOGICAL DATA (WS FORM: F-6) , PAGE 2
STATION: AUSTIN CAMP MABRY
MONTH: MARCH
YEAR: 2020
LATITUDE: 30 17 N
LONGITUDE: 97 42 W
[TEMPERATURE DATA] [PRECIPITATION DATA] SYMBOLS USED IN COLUMN 16
AVERAGE MONTHLY: 68.7 TOTAL FOR MONTH: 4.01 1 = FOG OR MIST
DPTR FM NORMAL: 7.0 DPTR FM NORMAL: 1.25 2 = FOG REDUCING VISIBILITY
HIGHEST: 92 ON 24 GRTST 24HR 1.43 ON 4- 4 TO 1/4 MILE OR LESS
LOWEST: 45 ON 7 3 = THUNDER
SNOW, ICE PELLETS, HAIL 4 = ICE PELLETS
TOTAL MONTH: 0.0 INCH 5 = HAIL
GRTST 24HR 0.0 6 = FREEZING RAIN OR DRIZZLE
GRTST DEPTH: 0 7 = DUSTSTORM OR SANDSTORM:
VSBY 1/2 MILE OR LESS
8 = SMOKE OR HAZE
[NO. OF DAYS WITH] [WEATHER - DAYS WITH] 9 = BLOWING SNOW
X = TORNADO
MAX 32 OR BELOW: 0 0.01 INCH OR MORE: 10
MAX 90 OR ABOVE: 2 0.10 INCH OR MORE: 5
MIN 32 OR BELOW: 0 0.50 INCH OR MORE: 3
MIN 0 OR BELOW: 0 1.00 INCH OR MORE: 1
[HDD (BASE 65) ]
TOTAL THIS MO. 43 CLEAR (SCALE 0-3) 5
DPTR FM NORMAL -119 PTCLDY (SCALE 4-7) 15
TOTAL FM JUL 1 1176 CLOUDY (SCALE 8-10) 11
DPTR FM NORMAL -323
[CDD (BASE 65) ]
TOTAL THIS MO. 168
DPTR FM NORMAL 107 [PRESSURE DATA]
TOTAL FM JAN 1 200 HIGHEST SLP 30.56 ON 6
DPTR FM NORMAL 112 LOWEST SLP 29.61 ON 28
[REMARKS]
#FINAL-03-20#