000
CXUS53 KGRB 171635
CF6ATW
PRELIMINARY LOCAL CLIMATOLOGICAL DATA (WS FORM: F-6)
STATION: APPLETON WI
MONTH: NOVEMBER
YEAR: 2021
LATITUDE: 44 16 N
LONGITUDE: 88 31 W
TEMPERATURE IN F: :PCPN: SNOW: WIND :SUNSHINE: SKY :PK WND
================================================================================
1 2 3 4 5 6A 6B 7 8 9 10 11 12 13 14 15 16 17 18
12Z AVG MX 2MIN
DY MAX MIN AVG DEP HDD CDD WTR SNW DPTH SPD SPD DIR MIN PSBL S-S WX SPD DR
================================================================================
1 43 30 37 -5 28 0 M M M 11.3 18 270 M M 5 25 290
2 43 27 35 -7 30 0 M M M 9.7 17 300 M M 4 23 320
3 39 25 32 -9 33 0 M M M 7.0 9 270 M M 6 M M
4 46 27 37 -4 28 0 M M M 7.1 13 210 M M 5 M M
5 52 34 43 2 22 0 M M M 13.7 22 210 M M 4 28 210
6 61 39 50 10 15 0 M M M 13.5 17 230 M M 4 23 200
7 63 37 50 10 15 0 M M M 8.2 14 190 M M 5 1 21 210
8 64 43 54 15 11 0 M M M 7.1 12 260 M M 3 M M
9 52 32 42 3 23 0 M M M 6.2 9 10 M M 4 M M
10 52 30 41 3 24 0 M M M 7.0 17 120 M M 6 24 120
11 54 36 45 7 20 0 M M M 15.5 22 250 M M 8 1 37 240
12 39 32 36 -1 29 0 M M M 10.0 15 210 M M 9 23 210
13 37 30 34 -3 31 0 0.01 M M 10.9 15 270 M M 8 23 290
14 36 28 32 -4 33 0 0.04 M M 10.6 17 320 M M 9 21 300
15 36 25 31 -5 34 0 M M M 6.5 10 270 M M 5 M M
16 46 23 35 0 30 0 M M M 9.5 18 130 M M 6 28 130
17 48 34 41 6 24 0 M M M 11.7 21 270 M M 8 18 26 270
18 34 27 31 -3 34 0 M M M 15.4 21 280 M M 9 29 270
19 36 21 29 -5 36 0 M M M 9.7 15 180 M M 5 21 180
20 43 28 36 3 29 0 M M M 9.4 15 180 M M 7 21 180
21 45 25 35 3 30 0 M M M 13.2 35 300 M M 6 40 300
22 30 18 24 -8 41 0 M M M 13.6 20 280 M M 4 26 270
23 39 18 29 -3 36 0 M M M 11.7 22 190 M M 5 26 190
24 46 34 40 9 25 0 M M M 10.3 17 200 M M 6 24 190
25 41 14 28 -2 37 0 M M M 12.6 18 320 M M 9 23 310
26 28 10 19 -11 46 0 M M M 5.6 9 280 M M 7 M M
27 34 27 31 2 34 0 M M M 7.0 10 310 M M 9 M M
28 37 21 29 0 36 0 M M M 11.0 21 300 M M 4 29 290
29 34 19 27 -1 38 0 M M M 6.6 14 130 M M 7 20 130
30 41 27 34 6 31 0 M M M 9.5 15 300 M M 6 1 23 300
================================================================================
SM 1299 821 883 0 0.05 M 301.3 M 183
================================================================================
AV 43.3 27.4 10.0 FASTST M M 6 MAX(MPH)
MISC ----> 35 300 40 300
================================================================================
NOTES:
# LAST OF SEVERAL OCCURRENCES
COLUMN 17 PEAK WIND IN M.P.H.
PRELIMINARY LOCAL CLIMATOLOGICAL DATA (WS FORM: F-6) , PAGE 2
STATION: APPLETON WI
MONTH: NOVEMBER
YEAR: 2021
LATITUDE: 44 16 N
LONGITUDE: 88 31 W
[TEMPERATURE DATA] [PRECIPITATION DATA] SYMBOLS USED IN COLUMN 16
AVERAGE MONTHLY: 35.3 TOTAL FOR MONTH: 0.05 1 = FOG OR MIST
DPTR FM NORMAL: 0.0 DPTR FM NORMAL: -2.15 2 = FOG REDUCING VISIBILITY
HIGHEST: 64 ON 8 GRTST 24HR 0.04 ON 14-14 TO 1/4 MILE OR LESS
LOWEST: 10 ON 26 3 = THUNDER
SNOW, ICE PELLETS, HAIL 4 = ICE PELLETS
TOTAL MONTH: M 5 = HAIL
GRTST 24HR M ON M 6 = FREEZING RAIN OR DRIZZLE
GRTST DEPTH: M ON M 7 = DUSTSTORM OR SANDSTORM:
VSBY 1/2 MILE OR LESS
8 = SMOKE OR HAZE
[NO. OF DAYS WITH] [WEATHER - DAYS WITH] 9 = BLOWING SNOW
X = TORNADO
MAX 32 OR BELOW: 2 0.01 INCH OR MORE: 2
MAX 90 OR ABOVE: 0 0.10 INCH OR MORE: 0
MIN 32 OR BELOW: 23 0.50 INCH OR MORE: 0
MIN 0 OR BELOW: 0 1.00 INCH OR MORE: 0
[HDD (BASE 65) ]
TOTAL THIS MO. 883 CLEAR (SCALE 0-3) 1
DPTR FM NORMAL -8 PTCLDY (SCALE 4-7) 23
TOTAL FM JUL 1 1325 CLOUDY (SCALE 8-10) 6
DPTR FM NORMAL -292
[CDD (BASE 65) ]
TOTAL THIS MO. 0
DPTR FM NORMAL 0 [PRESSURE DATA]
TOTAL FM JAN 1 574 HIGHEST SLP M ON M
DPTR FM NORMAL -41 LOWEST SLP M ON M
[REMARKS]
#FINAL-11-21#