000
CXUS55 KABR 011700
CF6ATY
PRELIMINARY LOCAL CLIMATOLOGICAL DATA (WS FORM: F-6)
STATION: WATERTOWN SD
MONTH: APRIL
YEAR: 2020
LATITUDE: 44 55 N
LONGITUDE: 97 9 W
TEMPERATURE IN F: :PCPN: SNOW: WIND :SUNSHINE: SKY :PK WND
================================================================================
1 2 3 4 5 6A 6B 7 8 9 10 11 12 13 14 15 16 17 18
12Z AVG MX 2MIN
DY MAX MIN AVG DEP HDD CDD WTR SNW DPTH SPD SPD DIR MIN PSBL S-S WX SPD DR
================================================================================
1 57 37 47 10 18 0 0.89 0.0 0 12.8 23 150 M M 5 13 34 150
2 45 17 31 -6 34 0 0.23 0.5 0 16.1 24 320 M M 10 126 32 330
3 26 14 20 -18 45 0 T T 1 12.6 23 320 M M 6 18 31 320
4 41 11 26 -12 39 0 0.00 0.0 1 8.6 21 150 M M 2 27 140
5 54 29 42 3 23 0 0.00 0.0 0 12.9 24 160 M M 4 32 160
6 65 39 52 13 13 0 T 0.0 0 12.7 21 170 M M 4 18 30 170
7 69 41 55 15 10 0 0.00 0.0 0 7.7 18 10 M M 1 1 22 10
8 50 34 42 2 23 0 0.00 0.0 0 15.8 29 320 M M 4 40 330
9 36 24 30 -11 35 0 T T 0 17.3 33 340 M M 5 18 43 320
10 50 22 36 -5 29 0 0.00 0.0 T 8.8 22 200 M M 3 29 170
11 53 29 41 -1 24 0 T T 0 13.6 28 10 M M 5 36 20
12 33 22 28 -14 37 0 0.03 0.1 0 19.4 29 330 M M 7 18 37 330
13 31 17 24 -19 41 0 T T 0 14.9 29 320 M M 4 1 39 310
14 31 16 24 -19 41 0 T T 0 11.0 21 310 M M 7 28 290
15 38 16 27 -17 38 0 0.00 0.0 0 5.9 17 350 M M 4 22 340
16 44 19 32 -12 33 0 0.00 0.0 0 7.6 18 260 M M 4 22 260
17 50 19 35 -10 30 0 0.00 0.0 0 9.4 22 240 M M 0 30 220
18 60 30 45 0 20 0 0.00 0.0 0 10.9 21 310 M M 3 29 310
19 48 24 36 -10 29 0 0.00 0.0 0 8.6 17 260 M M 3 26 270
20 60 30 45 -1 20 0 0.00 0.0 0 17.2 32 330 M M 2 46 320
21 69 22 46 -1 19 0 0.00 0.0 0 8.2 18 210 M M 2 24 200
22 75 39 57 10 8 0 0.00 0.0 0 7.7 21 350 M M 1 27 10
23 70 39 55 7 10 0 0.05 0.0 0 5.8 17 60 M M 5 23 70
24 66 37 52 4 13 0 0.00 0.0 0 7.4 17 10 M M 4 12 23 20
25 60 34 47 -1 18 0 0.00 0.0 0 5.0 17 230 M M 5 22 240
26 68 34 51 2 14 0 0.00 0.0 0 8.1 20 210 M M 3 12 24 220
27 72 40 56 7 9 0 0.00 0.0 0 6.7 16 90 M M 2 27 110
28 60 45 53 3 12 0 0.37 0.0 0 11.7 26 40 M M 10 1 36 50
29 65 40 53 3 12 0 0.01 0.0 0 13.0 23 340 M M 4 31 350
30 69 34 52 1 13 0 0.00 0.0 0 6.5 15 170 M M 0 1 22 180
================================================================================
SM 1615 854 710 0 1.58 0.6 323.9 M 119
================================================================================
AV 53.8 28.5 10.8 FASTST M M 4 MAX(MPH)
MISC ----> # 33 340 # 46 320
================================================================================
NOTES:
# LAST OF SEVERAL OCCURRENCES
COLUMN 17 PEAK WIND IN M.P.H.
PRELIMINARY LOCAL CLIMATOLOGICAL DATA (WS FORM: F-6) , PAGE 2
STATION: WATERTOWN SD
MONTH: APRIL
YEAR: 2020
LATITUDE: 44 55 N
LONGITUDE: 97 9 W
[TEMPERATURE DATA] [PRECIPITATION DATA] SYMBOLS USED IN COLUMN 16
AVERAGE MONTHLY: 41.2 TOTAL FOR MONTH: 1.58 1 = FOG OR MIST
DPTR FM NORMAL: -2.6 DPTR FM NORMAL: -0.44 2 = FOG REDUCING VISIBILITY
HIGHEST: 75 ON 22 GRTST 24HR 0.89 ON 1- 1 TO 1/4 MILE OR LESS
LOWEST: 11 ON 4 3 = THUNDER
SNOW, ICE PELLETS, HAIL 4 = ICE PELLETS
TOTAL MONTH: 0.6 INCH 5 = HAIL
GRTST 24HR 0.5 ON 2- 2 6 = FREEZING RAIN OR DRIZZLE
GRTST DEPTH: 1 ON 4, 3 7 = DUSTSTORM OR SANDSTORM:
VSBY 1/2 MILE OR LESS
8 = SMOKE OR HAZE
[NO. OF DAYS WITH] [WEATHER - DAYS WITH] 9 = BLOWING SNOW
X = TORNADO
MAX 32 OR BELOW: 3 0.01 INCH OR MORE: 6
MAX 90 OR ABOVE: 0 0.10 INCH OR MORE: 3
MIN 32 OR BELOW: 17 0.50 INCH OR MORE: 1
MIN 0 OR BELOW: 0 1.00 INCH OR MORE: 0
[HDD (BASE 65) ]
TOTAL THIS MO. 710 CLEAR (SCALE 0-3) 11
DPTR FM NORMAL 74 PTCLDY (SCALE 4-7) 17
TOTAL FM JUL 1 8153 CLOUDY (SCALE 8-10) 2
DPTR FM NORMAL 2
[CDD (BASE 65) ]
TOTAL THIS MO. 0
DPTR FM NORMAL -2 [PRESSURE DATA]
TOTAL FM JAN 1 0 HIGHEST SLP 30.35 ON 3
DPTR FM NORMAL -2 LOWEST SLP 29.60 ON 7
[REMARKS]
#FINAL-04-20#