000
CXUS51 KGYX 030217
CF6AUG
PRELIMINARY LOCAL CLIMATOLOGICAL DATA (WS FORM: F-6)
STATION: AUGUSTA
MONTH: FEBRUARY
YEAR: 2022
LATITUDE: 44 18 N
LONGITUDE: 69 48 W
TEMPERATURE IN F: :PCPN: SNOW: WIND :SUNSHINE: SKY :PK WND
================================================================================
1 2 3 4 5 6A 6B 7 8 9 10 11 12 13 14 15 16 17 18
12Z AVG MX 2MIN
DY MAX MIN AVG DEP HDD CDD WTR SNW DPTH SPD SPD DIR MIN PSBL S-S WX SPD DR
================================================================================
1 26 -1 13 -7 52 0 0.00 M M 4.3 12 340 M M 2 8 13 340
2 42 23 33 13 32 0 T M M 6.3 16 200 M M 10 12 28 200
3 41 32 37 17 28 0 0.47 M M 6.0 20 50 M M 10 12 26 40
4 32 14 23 2 42 0 0.42 M M 16.6 26 20 M M 10 12 39 30
5 20 5 13 -8 52 0 T M M 10.4 20 300 M M 6 18 30 300
6 20 -3 9 -12 56 0 0.00 M M 3.9 12 180 M M 3 18 200
7 34 17 26 5 39 0 0.20 M M 4.2 9 350 M M 8 168 11 230
8 36 31 34 13 31 0 0.37 M M 9.4 15 300 M M 10 16 21 280
9 42 28 35 13 30 0 0.00 M M 5.9 14 270 M M 2 21 310
10 44 27 36 14 29 0 0.00 M M 5.7 12 180 M M 4 18 200
11 46 26 36 14 29 0 0.00 M M 5.8 16 160 M M 1 23 160
12 54 30 42 20 23 0 0.00 M M 8.9 24 260 M M 6 32 270
13 30 13 22 0 43 0 0.00 M M 10.8 23 330 M M 6 29 340
14 18 5 12 -11 53 0 T M M 12.7 20 330 M M 7 8 26 320
15 23 5 14 -9 51 0 0.00 M M 8.8 20 280 M M 2 28 270
16 40 2 21 -2 44 0 0.00 M M 6.6 18 200 M M 4 36 190
17 56 40 48 24 17 0 0.06 M M 10.0 16 180 M M 9 1 26 210
18 51 13 32 8 33 0 0.11 M M 13.7 26 300 M M 5 1 40 310
19 31 8 20 -4 45 0 T M M 8.8 26 290 M M 4 8 37 270
20 29 10 20 -4 45 0 0.00 M M 9.0 25 310 M M 1 38 310
21 51 27 39 14 26 0 0.00 M M 5.5 13 210 M M 3 20 210
22 52 28 40 15 25 0 0.77 M M 8.8 25 190 M M 9 168 46 180
23 64 19 42 17 23 0 0.03 M M 13.2 32 300 M M 4 12 49 300
24 28 13 21 -5 44 0 0.00 M M 7.5 15 330 M M 0 22 270
25 16 4 10 -16 55 0 0.12 M M 10.7 22 20 M M 8 12 28 20
26 26 -1 13 -13 52 0 T M M 4.0 9 200 M M 1 18 14 230
27 36 10 23 -4 42 0 0.01 M M 8.4 25 330 M M 4 128 38 300
28 20 7 14 -13 51 0 T M M 9.1 21 300 M M 0 29 310
================================================================================
SM 1008 432 1092 0 2.56 M 235.0 M 139
================================================================================
AV 36.0 15.4 8.4 FASTST M M 5 MAX(MPH)
MISC ----> 32 300 49 300
================================================================================
NOTES:
# LAST OF SEVERAL OCCURRENCES
COLUMN 17 PEAK WIND IN M.P.H.
PRELIMINARY LOCAL CLIMATOLOGICAL DATA (WS FORM: F-6) , PAGE 2
STATION: AUGUSTA
MONTH: FEBRUARY
YEAR: 2022
LATITUDE: 44 18 N
LONGITUDE: 69 48 W
[TEMPERATURE DATA] [PRECIPITATION DATA] SYMBOLS USED IN COLUMN 16
AVERAGE MONTHLY: 25.7 TOTAL FOR MONTH: 2.56 1 = FOG OR MIST
DPTR FM NORMAL: 2.5 DPTR FM NORMAL: 0.24 2 = FOG REDUCING VISIBILITY
HIGHEST: 64 ON 23 GRTST 24HR 0.81 ON 3- 4 TO 1/4 MILE OR LESS
LOWEST: -3 ON 6 3 = THUNDER
SNOW, ICE PELLETS, HAIL 4 = ICE PELLETS
TOTAL MONTH: 0.0 INCH 5 = HAIL
GRTST 24HR M ON M 6 = FREEZING RAIN OR DRIZZLE
GRTST DEPTH: M ON M 7 = DUSTSTORM OR SANDSTORM:
VSBY 1/2 MILE OR LESS
8 = SMOKE OR HAZE
[NO. OF DAYS WITH] [WEATHER - DAYS WITH] 9 = BLOWING SNOW
X = TORNADO
MAX 32 OR BELOW: 13 0.01 INCH OR MORE: 10
MAX 90 OR ABOVE: 0 0.10 INCH OR MORE: 7
MIN 32 OR BELOW: 27 0.50 INCH OR MORE: 1
MIN 0 OR BELOW: 3 1.00 INCH OR MORE: 0
[HDD (BASE 65) ]
TOTAL THIS MO. 1092 CLEAR (SCALE 0-3) 9
DPTR FM NORMAL -80 PTCLDY (SCALE 4-7) 12
TOTAL FM JUL 1 4571 CLOUDY (SCALE 8-10) 7
DPTR FM NORMAL -647
[CDD (BASE 65) ]
TOTAL THIS MO. 0
DPTR FM NORMAL 0 [PRESSURE DATA]
TOTAL FM JAN 1 0 HIGHEST SLP 30.79 ON 16
DPTR FM NORMAL 0 LOWEST SLP 29.06 ON 18
[REMARKS]
#FINAL-02-22#