000
CXUS51 KGYX 010900
CF6AUG
PRELIMINARY LOCAL CLIMATOLOGICAL DATA (WS FORM: F-6)
STATION: AUGUSTA
MONTH: AUGUST
YEAR: 2023
LATITUDE: 44 18 N
LONGITUDE: 69 48 W
TEMPERATURE IN F: :PCPN: SNOW: WIND :SUNSHINE: SKY :PK WND
================================================================================
1 2 3 4 5 6A 6B 7 8 9 10 11 12 13 14 15 16 17 18
12Z AVG MX 2MIN
DY MAX MIN AVG DEP HDD CDD WTR SNW DPTH SPD SPD DIR MIN PSBL S-S WX SPD DR
================================================================================
1 75 56 66 -4 0 1 0.00 M M 5.6 12 350 M M 4 15 280
2 75 53 64 -6 1 0 0.00 M M 3.7 9 240 M M 1 13 270
3 77 54 66 -4 0 1 0.01 M M 7.1 16 170 M M 3 26 160
4 72 62 67 -3 0 2 0.15 M M 7.2 14 160 M M 9 13 22 180
5 81 62 72 2 0 7 0.00 M M 3.9 12 290 M M 5 12 19 330
6 82 62 72 2 0 7 0.00 M M 7.2 15 280 M M 0 25 310
7 75 60 68 -2 0 3 T M M 4.1 10 160 M M 4 15 160
8 70 62 66 -4 0 1 2.96 M M 8.5 15 140 M M 10 12 22 140
9 76 63 70 0 0 5 0.00 M M 7.5 21 320 M M 3 1 29 310
10 84 60 72 2 0 7 0.24 M M 4.3 12 180 M M 2 1 22 190
11 77 64 71 1 0 6 0.17 M M 8.7 21 280 M M 3 1 31 280
12 80 61 71 1 0 6 0.00 M M 5.7 12 170 M M 1 1 18 180
13 82 64 73 3 0 8 0.86 M M 4.6 12 10 M M 7 123 17 180
14 79 63 71 2 0 6 0.00 M M 4.9 14 340 M M 4 12 18 290
15 77 62 70 1 0 5 0.03 M M 1.3 7 170 M M 2 1 11 140
16 76 62 69 0 0 4 0.00 M M 3.7 13 150 M M 7 12 17 160
17 71 65 68 -1 0 3 T M M 6.1 12 150 M M 10 18 15 130
18 72 64 68 -1 0 3 1.16 M M 4.1 17 80 M M 9 1 22 90
19 73 60 67 -2 0 2 0.03 M M 4.4 12 250 M M 7 1 17 250
20 82 61 72 3 0 7 0.01 M M 4.9 15 300 M M 3 23 300
21 83 64 74 6 0 9 0.00 M M 5.9 15 350 M M 4 21 10
22 79 56 68 0 0 3 0.00 M M 7.5 17 350 M M 1 23 310
23 77 53 65 -3 0 0 0.00 M M 3.9 8 210 M M 0 13 320
24 80 56 68 0 0 3 0.01 M M 3.7 12 160 M M 0 19 180
25 66 57 62 -6 3 0 0.74 M M 7.6 17 160 M M 10 12 26 160
26 81 63 72 4 0 7 0.11 M M 4.0 13 340 M M 8 12 17 330
27 78 61 70 3 0 5 T M M 5.5 15 40 M M 5 18 40
28 78 57 68 1 0 3 0.01 M M 4.6 13 170 M M 3 12 21 170
29 78 63 71 4 0 6 0.00 M M 6.1 14 150 M M 7 1 19 150
30 74 63 69 3 0 4 0.26 M M 3.6 16 100 M M 8 128 19 90
31 71 53 62 -4 3 0 0.00 M M 10.0 23 340 M M 0 32 350
================================================================================
SM 2381 1866 7 124 6.75 M 169.9 M 140
================================================================================
AV 76.8 60.2 5.5 FASTST M M 5 MAX(MPH)
MISC ----> 23 340 32 350
================================================================================
NOTES:
# LAST OF SEVERAL OCCURRENCES
COLUMN 17 PEAK WIND IN M.P.H.
PRELIMINARY LOCAL CLIMATOLOGICAL DATA (WS FORM: F-6) , PAGE 2
STATION: AUGUSTA
MONTH: AUGUST
YEAR: 2023
LATITUDE: 44 18 N
LONGITUDE: 69 48 W
[TEMPERATURE DATA] [PRECIPITATION DATA] SYMBOLS USED IN COLUMN 16
AVERAGE MONTHLY: 68.5 TOTAL FOR MONTH: 6.75 1 = FOG OR MIST
DPTR FM NORMAL: -0.4 DPTR FM NORMAL: 3.34 2 = FOG REDUCING VISIBILITY
HIGHEST: 84 ON 10 GRTST 24HR 2.96 ON 7- 8 TO 1/4 MILE OR LESS
LOWEST: 53 ON 31,23 3 = THUNDER
SNOW, ICE PELLETS, HAIL 4 = ICE PELLETS
TOTAL MONTH: M 5 = HAIL
GRTST 24HR M ON M 6 = FREEZING RAIN OR DRIZZLE
GRTST DEPTH: M ON M 7 = DUSTSTORM OR SANDSTORM:
VSBY 1/2 MILE OR LESS
8 = SMOKE OR HAZE
[NO. OF DAYS WITH] [WEATHER - DAYS WITH] 9 = BLOWING SNOW
X = TORNADO
MAX 32 OR BELOW: 0 0.01 INCH OR MORE: 15
MAX 90 OR ABOVE: 0 0.10 INCH OR MORE: 9
MIN 32 OR BELOW: 0 0.50 INCH OR MORE: 4
MIN 0 OR BELOW: 0 1.00 INCH OR MORE: 2
[HDD (BASE 65) ]
TOTAL THIS MO. 7 CLEAR (SCALE 0-3) 13
DPTR FM NORMAL -13 PTCLDY (SCALE 4-7) 13
TOTAL FM JUL 1 7 CLOUDY (SCALE 8-10) 5
DPTR FM NORMAL -21
[CDD (BASE 65) ]
TOTAL THIS MO. 124
DPTR FM NORMAL -15 [PRESSURE DATA]
TOTAL FM JAN 1 475 HIGHEST SLP 30.21 ON 2
DPTR FM NORMAL 88 LOWEST SLP 29.44 ON 9
[REMARKS]
#FINAL-08-23#