000
CXUS53 KARX 011535
CF6AUM
PRELIMINARY LOCAL CLIMATOLOGICAL DATA (WS FORM: F-6)
STATION: AUSTIN MUNI MN
MONTH: OCTOBER
YEAR: 2023
LATITUDE: 43 40 N
LONGITUDE: 92 56 W
TEMPERATURE IN F: :PCPN: SNOW: WIND :SUNSHINE: SKY :PK WND
================================================================================
1 2 3 4 5 6A 6B 7 8 9 10 11 12 13 14 15 16 17 18
12Z AVG MX 2MIN
DY MAX MIN AVG DEP HDD CDD WTR SNW DPTH SPD SPD DIR MIN PSBL S-S WX SPD DR
================================================================================
1 91 64 78 M 0 13 0.00 0.0 0 8.5 17 220 M M 0 24 220
2 88 61 75 M 0 10 0.00 0.0 0 6.6 14 200 M M 0 23 200
3 84 63 74 M 0 9 M 0.0 0 11.1 27 190 M M 4 35 200
4 70 48 59 M 6 0 M 0.0 0 8.5 21 230 M M 0 32 230
5 66 46 56 M 9 0 0.00 0.0 0 11.8 25 300 M M 0 35 280
6 55 41 48 M 17 0 M 0.0 0 13.5 23 320 M M 0 1 35 290
7 55 43 49 M 16 0 0.00 0.0 0 6.6 13 310 M M 0 17 310
8 63 43 53 M 12 0 0.00 0.0 0 3.1 8 30 M M 0 17 30
9 55 37 46 M 19 0 0.00 0.0 0 7.3 15 330 M M 0 25 330
10 57 30 44 M 21 0 0.00 0.0 0 5.2 10 290 M M 0 20 310
11 64 27 46 M 19 0 0.00 0.0 0 5.2 12 100 M M 3 M M
12 52 46 49 M 16 0 M 0.0 0 18.1 28 90 M M 9 37 90
13 54 46 50 M 15 0 M 0.0 0 19.1 29 100 M M 10 1 38 100
14 54 46 50 M 15 0 M 0.0 0 8.7 13 30 M M 9 1 20 40
15 54 43 49 M 16 0 M 0.0 0 8.7 15 320 M M 4 20 330
16 57 37 47 M 18 0 0.00 0.0 0 4.9 12 330 M M 1 1 20 350
17 64 34 49 M 16 0 0.00 0.0 0 3.5 12 250 M M 1 1 17 220
18 64 45 55 M 10 0 M 0.0 0 7.9 16 190 M M 2 22 170
19 57 46 52 M 13 0 M 0.0 0 7.6 13 310 M M 7 12 21 320
20 68 43 56 M 9 0 0.00 0.0 0 4.1 9 320 M M 1 1 17 280
21 63 43 53 M 12 0 0.00 0.0 0 12.6 21 330 M M 1 36 320
22 61 32 47 M 18 0 M 0.0 0 4.1 9 150 M M 3 12 M M
23 70 46 58 M 7 0 M 0.0 0 8.2 14 160 M M 6 3 23 160
24 73 61 67 M 0 2 M 0.0 0 7.7 16 210 M M 9 3 21 210
25 64 54 59 M 6 0 M 0.0 0 5.4 10 330 M M 10 1 M M
26 66 61 64 M 1 0 M 0.0 0 4.1 9 200 M M 10 12 M M
27 59 30 45 M 20 0 M M 0 14.5 22 310 M M 10 1 30 300
28 32 27 30 M 35 0 M M 0 7.8 14 320 M M 8 22 320
29 36 28 32 M 33 0 0.00 0.0 M 6.6 12 300 M M 3 M M
30 39 21 30 M 35 0 M M 0 10.9 22 290 M M 2 29 290
31 36 25 31 M 34 0 M M M 17.1 27 310 M M 6 37 290
================================================================================
SM 1871 1317 448 34 0.00 0.0 269.0 M 119
================================================================================
AV 60.4 42.5 8.7 FASTST M M 4 MAX(MPH)
MISC ----> 29 100 38 100
================================================================================
NOTES:
# LAST OF SEVERAL OCCURRENCES
COLUMN 17 PEAK WIND IN M.P.H.
PRELIMINARY LOCAL CLIMATOLOGICAL DATA (WS FORM: F-6) , PAGE 2
STATION: AUSTIN MUNI MN
MONTH: OCTOBER
YEAR: 2023
LATITUDE: 43 40 N
LONGITUDE: 92 56 W
[TEMPERATURE DATA] [PRECIPITATION DATA] SYMBOLS USED IN COLUMN 16
AVERAGE MONTHLY: 51.4 TOTAL FOR MONTH: 0.00 1 = FOG OR MIST
DPTR FM NORMAL: 0.0 DPTR FM NORMAL: M 2 = FOG REDUCING VISIBILITY
HIGHEST: 91 ON 1 GRTST 24HR 0.00 ON 1- 1 TO 1/4 MILE OR LESS
LOWEST: 21 ON 30 3 = THUNDER
SNOW, ICE PELLETS, HAIL 4 = ICE PELLETS
TOTAL MONTH: 0.0 INCH 5 = HAIL
GRTST 24HR 0.0 6 = FREEZING RAIN OR DRIZZLE
GRTST DEPTH: 0 7 = DUSTSTORM OR SANDSTORM:
VSBY 1/2 MILE OR LESS
8 = SMOKE OR HAZE
[NO. OF DAYS WITH] [WEATHER - DAYS WITH] 9 = BLOWING SNOW
X = TORNADO
MAX 32 OR BELOW: 1 0.01 INCH OR MORE: 0
MAX 90 OR ABOVE: 1 0.10 INCH OR MORE: 0
MIN 32 OR BELOW: 8 0.50 INCH OR MORE: 0
MIN 0 OR BELOW: 0 1.00 INCH OR MORE: 0
[HDD (BASE 65) ]
TOTAL THIS MO. 448 CLEAR (SCALE 0-3) 18
DPTR FM NORMAL M PTCLDY (SCALE 4-7) 6
TOTAL FM JUL 1 498 CLOUDY (SCALE 8-10) 7
DPTR FM NORMAL M
[CDD (BASE 65) ]
TOTAL THIS MO. 34
DPTR FM NORMAL M [PRESSURE DATA]
TOTAL FM JAN 1 862 HIGHEST SLP M ON M
DPTR FM NORMAL M LOWEST SLP M ON M
[REMARKS]
#FINAL-10-23#