000
CXUS53 KGRB 241813
CF6AUW
PRELIMINARY LOCAL CLIMATOLOGICAL DATA (WS FORM: F-6)
STATION: WAUSAU WI
MONTH: APRIL
YEAR: 2022
LATITUDE: 44 55 N
LONGITUDE: 89 37 W
TEMPERATURE IN F: :PCPN: SNOW: WIND :SUNSHINE: SKY :PK WND
================================================================================
1 2 3 4 5 6A 6B 7 8 9 10 11 12 13 14 15 16 17 18
12Z AVG MX 2MIN
DY MAX MIN AVG DEP HDD CDD WTR SNW DPTH SPD SPD DIR MIN PSBL S-S WX SPD DR
================================================================================
1 47 25 36 -1 29 0 0.00 0.0 0 5.1 15 270 M M 3 19 250
2 46 33 40 3 25 0 0.07 0.1 0 3.7 14 280 M M 10 18 20 230
3 48 28 38 0 27 0 0.05 T 0 6.1 15 110 M M 5 18 20 100
4 44 28 36 -2 29 0 0.29 1.6 0 5.7 14 90 M M 8 18 20 100
5 41 28 35 -3 30 0 0.30 0.0 0 10.9 20 100 M M 9 128 32 100
6 47 37 42 3 23 0 0.28 0.0 0 11.2 24 160 M M 8 18 36 180
7 40 32 36 -3 29 0 0.27 0.2 T 6.6 17 330 M M 10 18 26 340
8 35 31 33 -7 32 0 0.09 0.7 T 10.9 20 340 M M 9 8 30 300
9 53 27 40 0 25 0 T T T 6.4 17 280 M M 0 24 290
10 59 28 44 3 21 0 0.00 0.0 0 12.3 25 110 M M 2 37 100
11 60 37 49 8 16 0 0.00 0.0 0 13.2 30 270 M M 3 44 250
12 62 31 47 5 18 0 0.42 0.0 0 10.1 26 80 M M 5 3 41 90
13 52 35 44 2 21 0 0.55 0.5 0 9.5 25 270 M M 10 138 35 270
14 36 29 33 -9 32 0 0.08 0.5 T 17.0 31 200 M M 7 8 46 210
15 36 24 30 -13 35 0 0.05 0.5 0 17.9 32 250 M M 8 8 49 260
16 40 25 33 -10 32 0 T T 0 12.4 23 270 M M 9 31 270
17 46 22 34 -10 31 0 T T 0 7.0 14 140 M M 2 23 110
18 39 32 36 -8 29 0 0.09 0.7 0 9.6 18 310 M M 10 18 24 300
19 49 33 41 -4 24 0 0.00 0.0 0 8.2 16 300 M M 4 24 320
20 50 37 44 -1 21 0 0.59 0.0 0 10.8 29 140 M M 10 18 40 150
21 57 38 48 2 17 0 0.00 0.0 0 11.9 25 260 M M 5 18 40 260
22 47 36 42 -4 23 0 0.12 0.0 0 12.5 23 80 M M 6 18 35 110
23 74 47 61 15 4 0 0.16 0.0 0 10.0 20 110 M M 9 18 28 140
24 65 46 56 9 9 0 T 0.0 0 16.9 31 220 M M 6 46 190
25 46 33 40 -7 25 0 0.03 T 0 12.1 22 270 M M 10 8 29 270
26 37 29 33 -15 32 0 T T 0 12.4 22 290 M M 10 8 30 290
27 50 26 38 -10 27 0 0.00 0.0 0 7.7 14 100 M M 2 23 60
28 53 29 41 -8 24 0 0.00 0.0 0 11.3 17 120 M M 6 23 100
29 66 42 54 5 11 0 0.01 0.0 0 12.5 22 100 M M 7 31 100
30 50 44 47 -3 18 0 0.40 0.0 0 17.5 28 90 M M 10 42 90
================================================================================
SM 1475 972 719 0 3.85 4.8 319.4 M 203
================================================================================
AV 49.2 32.4 10.6 FASTST M M 7 MAX(MPH)
MISC ----> 32 250 49 260
================================================================================
NOTES:
# LAST OF SEVERAL OCCURRENCES
COLUMN 17 PEAK WIND IN M.P.H.
PRELIMINARY LOCAL CLIMATOLOGICAL DATA (WS FORM: F-6) , PAGE 2
STATION: WAUSAU WI
MONTH: APRIL
YEAR: 2022
LATITUDE: 44 55 N
LONGITUDE: 89 37 W
[TEMPERATURE DATA] [PRECIPITATION DATA] SYMBOLS USED IN COLUMN 16
AVERAGE MONTHLY: 40.8 TOTAL FOR MONTH: 3.85 1 = FOG OR MIST
DPTR FM NORMAL: -2.3 DPTR FM NORMAL: 0.73 2 = FOG REDUCING VISIBILITY
HIGHEST: 74 ON 23 GRTST 24HR 0.79 ON 12-13 TO 1/4 MILE OR LESS
LOWEST: 22 ON 17 3 = THUNDER
SNOW, ICE PELLETS, HAIL 4 = ICE PELLETS
TOTAL MONTH: 5.3 INCHES 5 = HAIL
GRTST 24HR 1.6 ON 4- 4 6 = FREEZING RAIN OR DRIZZLE
GRTST DEPTH: T 7 = DUSTSTORM OR SANDSTORM:
VSBY 1/2 MILE OR LESS
8 = SMOKE OR HAZE
[NO. OF DAYS WITH] [WEATHER - DAYS WITH] 9 = BLOWING SNOW
X = TORNADO
MAX 32 OR BELOW: 0 0.01 INCH OR MORE: 18
MAX 90 OR ABOVE: 0 0.10 INCH OR MORE: 10
MIN 32 OR BELOW: 17 0.50 INCH OR MORE: 2
MIN 0 OR BELOW: 0 1.00 INCH OR MORE: 0
[HDD (BASE 65) ]
TOTAL THIS MO. 719 CLEAR (SCALE 0-3) 6
DPTR FM NORMAL 59 PTCLDY (SCALE 4-7) 11
TOTAL FM JUL 1 7341 CLOUDY (SCALE 8-10) 13
DPTR FM NORMAL -450
[CDD (BASE 65) ]
TOTAL THIS MO. 0
DPTR FM NORMAL -1 [PRESSURE DATA]
TOTAL FM JAN 1 0 HIGHEST SLP 30.45 ON 22
DPTR FM NORMAL -1 LOWEST SLP 29.26 ON 6
[REMARKS]
#FINAL-04-22#