000
CXUS53 KGRB 311942
CF6AUW
PRELIMINARY LOCAL CLIMATOLOGICAL DATA (WS FORM: F-6)
STATION: WAUSAU WI
MONTH: APRIL
YEAR: 2020
LATITUDE: 44 55 N
LONGITUDE: 89 37 W
TEMPERATURE IN F: :PCPN: SNOW: WIND :SUNSHINE: SKY :PK WND
================================================================================
1 2 3 4 5 6A 6B 7 8 9 10 11 12 13 14 15 16 17 18
12Z AVG MX 2MIN
DY MAX MIN AVG DEP HDD CDD WTR SNW DPTH SPD SPD DIR MIN PSBL S-S WX SPD DR
================================================================================
1 51 29 40 3 25 0 0.00 0.0 0 4.9 13 120 M M 0 17 140
2 59 32 46 8 19 0 0.00 0.0 0 8.4 17 150 M M 3 23 150
3 58 31 45 7 20 0 0.15 T 0 9.5 20 280 M M 9 1 27 340
4 46 25 36 -3 29 0 T T 0 8.2 17 320 M M 3 25 300
5 53 25 39 0 26 0 0.00 0.0 0 5.4 13 210 M M 0 18 200
6 56 33 45 5 20 0 0.00 0.0 0 7.1 15 100 M M 6 8 19 100
7 54 44 49 9 16 0 0.02 0.0 0 4.8 15 80 M M 8 128 19 90
8 60 35 48 7 17 0 0.00 0.0 0 10.6 26 270 M M 4 12 34 290
9 41 29 35 -6 30 0 T T 0 14.4 26 320 M M 6 18 39 330
10 46 30 38 -4 27 0 0.00 0.0 0 8.9 18 280 M M 5 26 280
11 58 25 42 0 23 0 0.00 0.0 0 5.7 15 180 M M 1 21 190
12 45 28 37 -5 28 0 0.84 4.5 5 9.2 18 350 M M 10 1246 31 360
13 32 24 28 -15 37 0 0.11 1.0 3 17.5 31 270 M M 8 18 41 260
14 28 18 23 -21 42 0 0.00 0.0 2 12.1 28 280 M M 4 8 37 280
15 29 15 22 -22 43 0 0.00 0.0 2 8.4 21 270 M M 5 29 270
16 37 19 28 -16 37 0 0.00 0.0 1 11.2 21 260 M M 1 29 250
17 45 26 36 -9 29 0 0.00 0.0 0 7.6 22 280 M M 2 31 290
18 62 30 46 1 19 0 0.01 0.0 0 13.0 29 220 M M 3 43 210
19 49 31 40 -6 25 0 T 0.0 0 9.2 24 340 M M 3 1 35 330
20 55 29 42 -4 23 0 0.13 T 0 12.9 32 320 M M 2 13 50 340
21 42 26 34 -13 31 0 0.00 0.0 0 12.2 22 310 M M 1 34 310
22 47 29 38 -9 27 0 0.00 0.0 0 13.8 22 110 M M 4 31 110
23 44 31 38 -10 27 0 0.00 0.0 0 9.0 14 100 M M 10 22 110
24 60 35 48 0 17 0 0.00 0.0 0 3.3 10 170 M M 5 15 340
25 63 35 49 1 16 0 0.00 0.0 0 3.7 13 80 M M 3 1 18 100
26 64 36 50 1 15 0 T 0.0 0 4.6 15 130 M M 0 22 130
27 58 43 51 2 14 0 0.35 0.0 0 6.6 16 160 M M 5 12 22 130
28 50 42 46 -4 19 0 0.53 0.0 0 10.6 22 110 M M 10 123 34 80
29 50 44 47 -3 18 0 0.49 0.0 0 12.3 24 350 M M 10 1 38 350
30 64 40 52 2 13 0 0.00 0.0 0 9.6 20 340 M M 0 33 40
================================================================================
SM 1506 919 732 0 2.63 5.5 274.7 M 131
================================================================================
AV 50.2 30.6 9.2 FASTST M M 4 MAX(MPH)
MISC ----> # 32 320 # 50 340
================================================================================
NOTES:
# LAST OF SEVERAL OCCURRENCES
COLUMN 17 PEAK WIND IN M.P.H.
PRELIMINARY LOCAL CLIMATOLOGICAL DATA (WS FORM: F-6) , PAGE 2
STATION: WAUSAU WI
MONTH: APRIL
YEAR: 2020
LATITUDE: 44 55 N
LONGITUDE: 89 37 W
[TEMPERATURE DATA] [PRECIPITATION DATA] SYMBOLS USED IN COLUMN 16
AVERAGE MONTHLY: 40.4 TOTAL FOR MONTH: 2.63 1 = FOG OR MIST
DPTR FM NORMAL: -3.7 DPTR FM NORMAL: -0.10 2 = FOG REDUCING VISIBILITY
HIGHEST: 64 ON 30,26 GRTST 24HR 0.84 ON 12-12 TO 1/4 MILE OR LESS
LOWEST: 15 ON 15 3 = THUNDER
SNOW, ICE PELLETS, HAIL 4 = ICE PELLETS
TOTAL MONTH: 5.5 INCHES 5 = HAIL
GRTST 24HR 4.5 ON 12-12 6 = FREEZING RAIN OR DRIZZLE
GRTST DEPTH: 5 ON 12 7 = DUSTSTORM OR SANDSTORM:
VSBY 1/2 MILE OR LESS
8 = SMOKE OR HAZE
[NO. OF DAYS WITH] [WEATHER - DAYS WITH] 9 = BLOWING SNOW
X = TORNADO
MAX 32 OR BELOW: 3 0.01 INCH OR MORE: 9
MAX 90 OR ABOVE: 0 0.10 INCH OR MORE: 7
MIN 32 OR BELOW: 20 0.50 INCH OR MORE: 2
MIN 0 OR BELOW: 0 1.00 INCH OR MORE: 0
[HDD (BASE 65) ]
TOTAL THIS MO. 732 CLEAR (SCALE 0-3) 14
DPTR FM NORMAL 101 PTCLDY (SCALE 4-7) 11
TOTAL FM JUL 1 7690 CLOUDY (SCALE 8-10) 5
DPTR FM NORMAL -162
[CDD (BASE 65) ]
TOTAL THIS MO. 0
DPTR FM NORMAL -2 [PRESSURE DATA]
TOTAL FM JAN 1 0 HIGHEST SLP 30.25 ON 16
DPTR FM NORMAL -2 LOWEST SLP 29.43 ON 20
[REMARKS]
#FINAL-04-20#