000
CXUS51 KBGM 010740
CLMAVP
CLIMATE REPORT
NATIONAL WEATHER SERVICE BINGHAMTON, NY
340 AM EDT SAT APR 01 2023
...................................
...THE AVOCA PA CLIMATE SUMMARY FOR THE MONTH OF MARCH 2023...
CLIMATE NORMAL PERIOD 1991 TO 2020
CLIMATE RECORD PERIOD 1901 TO 2023
WEATHER OBSERVED NORMAL DEPART LAST YEAR`S
VALUE DATE(S) VALUE FROM VALUE DATE(S)
NORMAL
................................................................
TEMPERATURE (F)
RECORD
HIGH 85 03/31/1998
LOW -4 03/19/1967
HIGHEST 63 03/22 46 17 73 03/19
03/27
03/18
LOWEST 20 03/12 28 -8 17 03/13
AVG. MAXIMUM 47.8 47.6 0.2 50.8
AVG. MINIMUM 31.0 28.9 2.1 31.7
MEAN 39.4 38.3 1.1 41.2
DAYS MAX >= 90 0 0.0 0.0 0
DAYS MAX <= 32 0 3.1 -3.1 2
DAYS MIN <= 32 20 21.0 -1.0 14
DAYS MIN <= 0 0 0.1 -0.1 0
PRECIPITATION (INCHES)
RECORD
MAXIMUM 5.45 2017
MINIMUM 0.49 1981
TOTALS 2.25 2.77 -0.52 2.85
DAILY AVG. 0.07 0.09 -0.02 0.10
DAYS >= .01 15 11.8 3.2 14
DAYS >= .10 8 7.0 1.0 7
DAYS >= .50 1 1.6 -0.6 1
DAYS >= 1.00 0 0.4 -0.4 1
GREATEST
24 HR. TOTAL 1.02 03/03 TO 03/04
SNOWFALL (INCHES)
RECORDS
TOTAL 32.0 1993
24 HR TOTAL 22.1 03/14/2017 TO 03/14/2017
TOTALS 6.0 10.1 -4.1 9.2
SINCE 7/1 21.3 44.3 -23.0 MM
DAYS >= TRACE 12 4.8 7.2 8
DAYS >= 1.0 2 2.4 -0.4 2
GREATEST
24 HR TOTAL MM
DEGREE DAYS
HEATING TOTAL 786 830 -44 682
SINCE 7/1 4276 5080 -804 MM
COOLING TOTAL 0 0 0 0
SINCE 1/1 0 0 0 MM
................................................................
WIND (MPH)
AVERAGE WIND SPEED 7.6
RESULTANT WIND SPEED/DIRECTION 3/320
HIGHEST WIND SPEED/DIRECTION 33/340 DATE 03/29
HIGHEST GUST SPEED/DIRECTION 48/340 DATE 03/29
SKY COVER
POSSIBLE SUNSHINE (PERCENT) MM
AVERAGE SKY COVER 0.60
NUMBER OF DAYS FAIR 8
NUMBER OF DAYS PC 9
NUMBER OF DAYS CLOUDY 14
AVERAGE RH (PERCENT) 62
WEATHER CONDITIONS. NUMBER OF DAYS WITH
THUNDERSTORM 0 MIXED PRECIP 0
HEAVY RAIN 2 RAIN 3
LIGHT RAIN 13 FREEZING RAIN 1
LT FREEZING RAIN 1 HAIL 0
HEAVY SNOW 0 SNOW 2
LIGHT SNOW 11 SLEET 0
FOG 13 FOG W/VIS <= 1/4 MILE 1
HAZE 8
- INDICATES NEGATIVE NUMBERS.
R INDICATES RECORD WAS SET OR TIED.
MM INDICATES DATA IS MISSING.
T INDICATES TRACE AMOUNT.
$$