000
CXUS53 KGRR 011305
CLMAZO
CLIMATE REPORT
NATIONAL WEATHER SERVICE GRAND RAPIDS, MICHIGAN
905 AM EDT FRI SEP 01 2023
...................................
...THE KALAMAZOO CLIMATE SUMMARY FOR THE MONTH OF AUGUST 2023...
CLIMATE NORMAL PERIOD: 1991 TO 2020
CLIMATE RECORD PERIOD: 1887 TO 2023
WEATHER OBSERVED NORMAL DEPART LAST YEAR`S
VALUE DATE(S) VALUE FROM VALUE DATE(S)
NORMAL
................................................................
TEMPERATURE (F)
RECORD
HIGH 104 08/06/1918
LOW 36 08/30/1976
HIGHEST 93 08/23 MM MM 95 08/03
08/24
LOWEST 47 08/31 MM MM 54 08/12
AVG. MAXIMUM 81.5 81.1 0.4 83.5
AVG. MINIMUM 61.0 60.4 0.6 62.8
MEAN 71.2 70.8 0.4 73.1
DAYS MAX >= 90 3 2.4 0.6 2
DAYS MAX <= 32 0 0.0 0.0 0
DAYS MIN <= 32 0 0.0 0.0 0
DAYS MIN <= 0 0 0.0 0.0 0
PRECIPITATION (INCHES)
RECORD
MAXIMUM 11.21 1975
TOTALS 2.99 3.66 -0.67 4.27
DAILY AVG. 0.10 0.12 -0.02 0.14
DAYS >= .01 8 12.0 -4.0 11
DAYS >= .10 7 5.9 1.1 9
DAYS >= .50 3 2.7 0.3 3
DAYS >= 1.00 0 1.0 -1.0 0
GREATEST
24 HR. TOTAL 1.12 08/05 TO 08/06
SNOWFALL (INCHES)
TOTALS 0.0
SINCE 7/1 0.0
SNOWDEPTH AVG. 0
DAYS >= TRACE 0
DAYS >= 1.0 0
GREATEST
SNOW DEPTH 0
DEGREE DAYS
HEATING TOTAL 2 12 -10 4
SINCE 7/1 2 12 -10 MM
COOLING TOTAL 204 190 14 254
SINCE 1/1 688 632 56 MM
................................................................
WIND (MPH)
AVERAGE WIND SPEED 5.8
RESULTANT WIND SPEED/DIRECTION 1/270
HIGHEST WIND SPEED/DIRECTION 24/300 DATE 08/17
HIGHEST GUST SPEED/DIRECTION 38/290 DATE 08/12
SKY COVER
POSSIBLE SUNSHINE (PERCENT) MM
AVERAGE SKY COVER 0.30
NUMBER OF DAYS FAIR 20
NUMBER OF DAYS PC 7
NUMBER OF DAYS CLOUDY 4
AVERAGE RH (PERCENT) 69
WEATHER CONDITIONS. NUMBER OF DAYS WITH
THUNDERSTORM 5 MIXED PRECIP 0
HEAVY RAIN 5 RAIN 5
LIGHT RAIN 10 FREEZING RAIN 0
LT FREEZING RAIN 0 HAIL 0
HEAVY SNOW 0 SNOW 0
LIGHT SNOW 0 SLEET 0
FOG 17 FOG W/VIS <= 1/4 MILE 2
HAZE 9
- INDICATES NEGATIVE NUMBERS.
R INDICATES RECORD WAS SET OR TIED.
MM INDICATES DATA IS MISSING.
T INDICATES TRACE AMOUNT.
$$