000
CXUS55 KLBF 011410
CF6BBW
PRELIMINARY LOCAL CLIMATOLOGICAL DATA (WS FORM: F-6)
STATION: BROKEN BOW
MONTH: MARCH
YEAR: 2021
LATITUDE: 41 26 N
LONGITUDE: 99 39 W
TEMPERATURE IN F: :PCPN: SNOW: WIND :SUNSHINE: SKY :PK WND
================================================================================
1 2 3 4 5 6A 6B 7 8 9 10 11 12 13 14 15 16 17 18
12Z AVG MX 2MIN
DY MAX MIN AVG DEP HDD CDD WTR SNW DPTH SPD SPD DIR MIN PSBL S-S WX SPD DR
================================================================================
1 52 28 40 8 25 0 0.00 M M 9.4 17 320 M M 0 23 320
2 67 28 48 16 17 0 0.00 M M 9.9 26 220 M M 0 34 230
3 68 25 47 14 18 0 0.00 M M 3.5 14 190 M M 0 18 190
4 68 26 47 14 18 0 0.00 M M 6.5 20 110 M M 0 27 100
5 66 26 46 12 19 0 0.00 M M 2.9 9 130 M M 0 1 12 120
6 71 28 50 16 15 0 0.00 M M 11.6 28 180 M M 0 37 180
7 71 36 54 20 11 0 0.00 M M 7.7 24 170 M M 0 36 180
8 67 29 48 13 17 0 0.00 M M 11.3 28 160 M M 0 39 170
9 79 29 54 19 11 0 0.00 M M 8.0 25 350 M M 1 12 32 20
10 50 30 40 4 25 0 0.01 M M 18.1 32 30 M M 8 1 44 30
11 52 20 36 0 29 0 0.00 M M 4.9 17 310 M M 1 25 310
12 56 25 41 5 24 0 T M M 7.5 21 130 M M 4 35 160
13 41 36 39 2 26 0 1.90 M M 12.3 31 60 M M 10 1 40 50
14 41 37 39 2 26 0 1.44 M M 22.5 40 80 M M 10 8 57 70
15 43 33 38 0 27 0 T M M 6.4 14 20 M M 10 18 18 20
16 42 34 38 0 27 0 0.15 M M 10.0 20 340 M M 10 1 24 340
17 39 29 34 -4 31 0 0.00 M M 14.3 24 350 M M 7 35 360
18 46 26 36 -2 29 0 0.00 M M 10.1 18 350 M M 7 24 10
19 56 21 39 0 26 0 0.00 M M 10.5 25 180 M M 0 1 33 160
20 67 37 52 13 13 0 0.00 M M 21.7 37 170 M M 0 48 170
21 59 38 49 9 16 0 0.00 M M 13.8 28 300 M M 1 40 160
22 48 34 41 1 24 0 0.37 M M 9.3 18 360 M M 6 1 25 10
23 41 35 38 -2 27 0 0.63 M M 26.3 37 340 M M 10 52 350
24 47 29 38 -2 27 0 T M M 12.5 32 340 M M 5 44 330
25 53 26 40 -1 25 0 0.00 M M 7.5 20 200 M M 2 1 26 200
26 51 32 42 1 23 0 0.01 M M 7.3 16 170 M M 6 20 140
27 55 29 42 0 23 0 T M M 13.6 31 330 M M 6 1 41 340
28 69 23 46 4 19 0 0.00 M M 8.6 25 240 M M 0 38 210
29 81 31 56 14 9 0 0.00 M M 11.7 45 350 M M 0 58 350
30 49 25 37 -5 28 0 0.00 M M 15.8 36 350 M M 4 48 350
31 50 15 33 -10 32 0 0.00 M M 8.5 30 330 M M 1 38 330
================================================================================
SM 1745 900 687 0 4.51 M 344.0 M 109
================================================================================
AV 56.3 29.0 11.1 FASTST M M 4 MAX(MPH)
MISC ----> 45 350 58 350
================================================================================
NOTES:
# LAST OF SEVERAL OCCURRENCES
COLUMN 17 PEAK WIND IN M.P.H.
PRELIMINARY LOCAL CLIMATOLOGICAL DATA (WS FORM: F-6) , PAGE 2
STATION: BROKEN BOW
MONTH: MARCH
YEAR: 2021
LATITUDE: 41 26 N
LONGITUDE: 99 39 W
[TEMPERATURE DATA] [PRECIPITATION DATA] SYMBOLS USED IN COLUMN 16
AVERAGE MONTHLY: 42.7 TOTAL FOR MONTH: 4.51 1 = FOG OR MIST
DPTR FM NORMAL: 5.0 DPTR FM NORMAL: 3.11 2 = FOG REDUCING VISIBILITY
HIGHEST: 81 ON 29 GRTST 24HR 3.03 ON 13-14 TO 1/4 MILE OR LESS
LOWEST: 15 ON 31 3 = THUNDER
SNOW, ICE PELLETS, HAIL 4 = ICE PELLETS
TOTAL MONTH: M 5 = HAIL
GRTST 24HR M ON M 6 = FREEZING RAIN OR DRIZZLE
GRTST DEPTH: M ON M 7 = DUSTSTORM OR SANDSTORM:
VSBY 1/2 MILE OR LESS
8 = SMOKE OR HAZE
[NO. OF DAYS WITH] [WEATHER - DAYS WITH] 9 = BLOWING SNOW
X = TORNADO
MAX 32 OR BELOW: 0 0.01 INCH OR MORE: 7
MAX 90 OR ABOVE: 0 0.10 INCH OR MORE: 5
MIN 32 OR BELOW: 22 0.50 INCH OR MORE: 3
MIN 0 OR BELOW: 0 1.00 INCH OR MORE: 2
[HDD (BASE 65) ]
TOTAL THIS MO. 687 CLEAR (SCALE 0-3) 17
DPTR FM NORMAL -161 PTCLDY (SCALE 4-7) 9
TOTAL FM JUL 1 5543 CLOUDY (SCALE 8-10) 5
DPTR FM NORMAL -319
[CDD (BASE 65) ]
TOTAL THIS MO. 0
DPTR FM NORMAL 0 [PRESSURE DATA]
TOTAL FM JAN 1 0 HIGHEST SLP 30.54 ON 31
DPTR FM NORMAL 0 LOWEST SLP 29.35 ON 29
[REMARKS]
#FINAL-03-21#