562
CXUS55 KLBF 011510
CF6BBW
PRELIMINARY LOCAL CLIMATOLOGICAL DATA (WS FORM: F-6)
STATION: BROKEN BOW
MONTH: JANUARY
YEAR: 2021
LATITUDE: 41 26 N
LONGITUDE: 99 39 W
TEMPERATURE IN F: :PCPN: SNOW: WIND :SUNSHINE: SKY :PK WND
================================================================================
1 2 3 4 5 6A 6B 7 8 9 10 11 12 13 14 15 16 17 18
12Z AVG MX 2MIN
DY MAX MIN AVG DEP HDD CDD WTR SNW DPTH SPD SPD DIR MIN PSBL S-S WX SPD DR
================================================================================
1 41 4 23 -2 42 0 0.00 M M 5.4 18 340 M M 0 22 340
2 42 8 25 0 40 0 0.00 M M 3.8 14 190 M M 0 18 17 190
3 44 16 30 5 35 0 0.00 M M 6.1 21 290 M M 0 1 27 290
4 48 21 35 10 30 0 0.00 M M 9.9 26 320 M M 1 36 320
5 40 20 30 5 35 0 0.00 M M 7.5 21 330 M M 3 30 330
6 38 32 35 10 30 0 0.00 M M 14.0 29 340 M M 10 1 40 330
7 34 32 33 7 32 0 0.00 M M 6.0 13 350 M M 10 1 17 340
8 35 30 33 7 32 0 0.00 M M 5.3 10 150 M M 10 1 13 170
9 35 31 33 7 32 0 T M M 6.6 14 320 M M 10 1 18 330
10 40 24 32 6 33 0 0.00 M M 6.1 13 220 M M 7 15 340
11 48 24 36 10 29 0 0.00 M M 6.0 15 240 M M 0 19 260
12 55 25 40 14 25 0 0.00 M M 4.8 12 250 M M 0 15 230
13 62 33 48 22 17 0 T M M 12.7 46 330 M M 1 60 320
14 44 30 37 11 28 0 T M M 34.1 51 340 M M 6 68 290
15 32 24 28 2 37 0 T M M 28.7 49 330 M M 8 69 320
16 42 23 33 7 32 0 0.00 M M 14.6 30 310 M M 4 40 340
17 45 29 37 11 28 0 0.00 M M 13.7 23 310 M M 2 30 300
18 46 29 38 12 27 0 0.03 M M 14.6 30 320 M M 8 1 40 310
19 41 21 31 5 34 0 0.00 M M 11.8 24 310 M M 5 34 310
20 57 20 39 13 26 0 0.00 M M 11.1 26 290 M M 0 33 290
21 45 20 33 7 32 0 0.00 M M 10.4 25 350 M M 1 32 330
22 29 20 25 -1 40 0 0.04 M M 5.4 14 140 M M 8 1 18 140
23 28 20 24 -2 41 0 0.01 M M 8.4 16 150 M M 10 1 21 140
24 30 23 27 1 38 0 0.00 M M 10.3 25 350 M M 10 1 32 350
25 24 17 21 -5 44 0 0.17 M M 11.8 22 360 M M 10 1 30 360
26 19 11 15 -11 50 0 T M M 9.2 18 360 M M 10 1 25 10
27 19 -7 6 -20 59 0 T M M 5.0 13 180 M M 3 17 180
28 23 4 14 -12 51 0 T M M 13.6 21 180 M M 8 18 27 180
29 29 22 26 0 39 0 0.00 M M 5.5 14 130 M M 8 12 17 130
30 33 25 29 3 36 0 0.00 M M 17.0 35 340 M M 10 1 44 330
31 41 21 31 5 34 0 0.00 M M 10.7 26 330 M M 5 35 310
================================================================================
SM 1189 652 1088 0 0.25 M 330.1 M 168
================================================================================
AV 38.4 21.0 10.6 FASTST M M 5 MAX(MPH)
MISC ----> 51 340 69 320
================================================================================
NOTES:
# LAST OF SEVERAL OCCURRENCES
COLUMN 17 PEAK WIND IN M.P.H.
PRELIMINARY LOCAL CLIMATOLOGICAL DATA (WS FORM: F-6) , PAGE 2
STATION: BROKEN BOW
MONTH: JANUARY
YEAR: 2021
LATITUDE: 41 26 N
LONGITUDE: 99 39 W
[TEMPERATURE DATA] [PRECIPITATION DATA] SYMBOLS USED IN COLUMN 16
AVERAGE MONTHLY: 29.7 TOTAL FOR MONTH: 0.25 1 = FOG OR MIST
DPTR FM NORMAL: 4.2 DPTR FM NORMAL: -0.20 2 = FOG REDUCING VISIBILITY
HIGHEST: 62 ON 13 GRTST 24HR 0.21 ON 25-26 TO 1/4 MILE OR LESS
LOWEST: -7 ON 27 3 = THUNDER
SNOW, ICE PELLETS, HAIL 4 = ICE PELLETS
TOTAL MONTH: M 5 = HAIL
GRTST 24HR M ON M 6 = FREEZING RAIN OR DRIZZLE
GRTST DEPTH: M ON M 7 = DUSTSTORM OR SANDSTORM:
VSBY 1/2 MILE OR LESS
8 = SMOKE OR HAZE
[NO. OF DAYS WITH] [WEATHER - DAYS WITH] 9 = BLOWING SNOW
X = TORNADO
MAX 32 OR BELOW: 9 0.01 INCH OR MORE: 4
MAX 90 OR ABOVE: 0 0.10 INCH OR MORE: 1
MIN 32 OR BELOW: 30 0.50 INCH OR MORE: 0
MIN 0 OR BELOW: 1 1.00 INCH OR MORE: 0
[HDD (BASE 65) ]
TOTAL THIS MO. 1088 CLEAR (SCALE 0-3) 12
DPTR FM NORMAL -135 PTCLDY (SCALE 4-7) 8
TOTAL FM JUL 1 3468 CLOUDY (SCALE 8-10) 11
DPTR FM NORMAL -503
[CDD (BASE 65) ]
TOTAL THIS MO. 0
DPTR FM NORMAL 0 [PRESSURE DATA]
TOTAL FM JAN 1 0 HIGHEST SLP 30.51 ON 27
DPTR FM NORMAL 0 LOWEST SLP 29.55 ON 13
[REMARKS]
#FINAL-01-21#